CREATE TABLE IF NOT EXISTS `django_content_type` (
  `id` int(11) NOT NULL AUTO_INCREMENT,
  `name` varchar(100) NOT NULL,
  `app_label` varchar(100) NOT NULL,
  `model` varchar(100) NOT NULL,
  PRIMARY KEY (`id`),
  UNIQUE KEY `app_label` (`app_label`,`model`)
) ENGINE=MyISAM  DEFAULT CHARSET=latin1 AUTO_INCREMENT=24 ;

--
-- Contenu de la table `django_content_type`
--

INSERT INTO `django_content_type` (`id`, `name`, `app_label`, `model`) VALUES
(1, 'permission', 'auth', 'permission'),
(2, 'group', 'auth', 'group'),
(3, 'user', 'auth', 'user'),
(4, 'message', 'auth', 'message'),
(5, 'content type', 'contenttypes', 'contenttype'),
(6, 'session', 'sessions', 'session'),
(7, 'site', 'sites', 'site'),
(8, 'log entry', 'admin', 'logentry'),
(9, 'token', 'bo', 'token'),
(10, 'message push', 'bo', 'messagepush'),
(11, 'type menu', 'bo', 'typemenu'),
(12, 'langue', 'bo', 'langue'),
(13, 'restaurant', 'bo', 'restaurant'),
(14, 'menu', 'bo', 'menu'),
(21, 'restaurant langue', 'bo', 'restaurantlangue'),
(16, 'reservation', 'bo', 'reservation'),
(17, 'commande', 'bo', 'commande'),
(18, 'livraison', 'bo', 'livraison'),
(19, 'livre or', 'bo', 'livreor'),
(20, 'photo', 'bo', 'photo'),
(22, 'theme', 'bo', 'theme'),
(23, 'pub', 'bo', 'pub');

-- --------------------------------------------------------

--
-- Structure de la table `django_session`
--

CREATE TABLE IF NOT EXISTS `django_session` (
  `session_key` varchar(40) NOT NULL,
  `session_data` longtext NOT NULL,
  `expire_date` datetime NOT NULL,
  PRIMARY KEY (`session_key`)
) ENGINE=MyISAM DEFAULT CHARSET=latin1;

--
-- Contenu de la table `django_session`
--

INSERT INTO `django_session` (`session_key`, `session_data`, `expire_date`) VALUES
('e797cc6bdb199c25d9689bfb9a7590b4', 'gAJ9cQEoVRJfYXV0aF91c2VyX2JhY2tlbmRxAlUpZGphbmdvLmNvbnRyaWIuYXV0aC5iYWNrZW5k\ncy5Nb2RlbEJhY2tlbmRxA1UNX2F1dGhfdXNlcl9pZHEEigEBdS41NDVjN2NjNTVjZmMwYzc1MmE4\nMDkxNGI1YWFlYThhZA==\n', '2012-05-11 17:24:17'),
('d5bded33b69b007ffffd48def00cc652', 'gAJ9cQEoVRJfYXV0aF91c2VyX2JhY2tlbmRxAlUpZGphbmdvLmNvbnRyaWIuYXV0aC5iYWNrZW5k\ncy5Nb2RlbEJhY2tlbmRxA1UNX2F1dGhfdXNlcl9pZHEEigECdS4xNGQyMDA4MDljOGUwYmRjMjc2\nODUxNTM4NWUxZTkyZQ==\n', '2012-01-31 12:49:43'),
('5dcb882881dffc3d1d921b0efa417a55', 'gAJ9cQEoVRJfYXV0aF91c2VyX2JhY2tlbmRxAlUpZGphbmdvLmNvbnRyaWIuYXV0aC5iYWNrZW5k\ncy5Nb2RlbEJhY2tlbmRxA1UNX2F1dGhfdXNlcl9pZHEEigECdS4xNGQyMDA4MDljOGUwYmRjMjc2\nODUxNTM4NWUxZTkyZQ==\n', '2012-03-22 12:32:55'),
('50cca0e978fa4b1f0b8cbbc43b114282', 'gAJ9cQEoVRJfYXV0aF91c2VyX2JhY2tlbmRxAlUpZGphbmdvLmNvbnRyaWIuYXV0aC5iYWNrZW5k\ncy5Nb2RlbEJhY2tlbmRxA1UNX2F1dGhfdXNlcl9pZHEEigEBdS41NDVjN2NjNTVjZmMwYzc1MmE4\nMDkxNGI1YWFlYThhZA==\n', '2012-02-20 11:51:17'),
('8667b448e110e16aec3fad465f944a85', 'gAJ9cQEuZjQxMDY2MjE2M2NlNjUxZjg1ZTdlMDgyZjQ5ZGE2ZDI=\n', '2012-02-28 12:20:43'),
('0a053a4c04b452590042fbf1bb09d445', 'gAJ9cQEoVRJfYXV0aF91c2VyX2JhY2tlbmRxAlUpZGphbmdvLmNvbnRyaWIuYXV0aC5iYWNrZW5k\ncy5Nb2RlbEJhY2tlbmRxA1UNX2F1dGhfdXNlcl9pZHEEigEBdS41NDVjN2NjNTVjZmMwYzc1MmE4\nMDkxNGI1YWFlYThhZA==\n', '2012-03-01 16:26:17'),
('cc7cc6e1e21f0279b21f79477fa0d5d4', 'gAJ9cQEoVRJfYXV0aF91c2VyX2JhY2tlbmRxAlUpZGphbmdvLmNvbnRyaWIuYXV0aC5iYWNrZW5k\ncy5Nb2RlbEJhY2tlbmRxA1UNX2F1dGhfdXNlcl9pZHEEigEBdS41NDVjN2NjNTVjZmMwYzc1MmE4\nMDkxNGI1YWFlYThhZA==\n', '2012-02-21 11:57:23'),
('fb2fa0479ecff4ba4856639d788cd1c5', 'gAJ9cQEoVRJfYXV0aF91c2VyX2JhY2tlbmRxAlUpZGphbmdvLmNvbnRyaWIuYXV0aC5iYWNrZW5k\ncy5Nb2RlbEJhY2tlbmRxA1UNX2F1dGhfdXNlcl9pZHEEigEBdS41NDVjN2NjNTVjZmMwYzc1MmE4\nMDkxNGI1YWFlYThhZA==\n', '2012-02-23 11:48:45'),
('8edacd9821cd8f1e8bbde26ee6eafdb0', 'gAJ9cQEoVRJfYXV0aF91c2VyX2JhY2tlbmRxAlUpZGphbmdvLmNvbnRyaWIuYXV0aC5iYWNrZW5k\ncy5Nb2RlbEJhY2tlbmRxA1UNX2F1dGhfdXNlcl9pZHEEigEBdS41NDVjN2NjNTVjZmMwYzc1MmE4\nMDkxNGI1YWFlYThhZA==\n', '2012-02-27 13:24:30'),
('4febc12efc871d7ed88013280271407c', 'gAJ9cQFVCnRlc3Rjb29raWVxAlUGd29ya2VkcQNzLjIzZGE3ZTE3MjY0Y2FmOTM0Y2I2MTI1NDk2\nODU5Yjhm\n', '2012-03-02 16:18:43'),
('cfef8be360aa705cfc8bd4b359f719f8', 'gAJ9cQEoVRJfYXV0aF91c2VyX2JhY2tlbmRxAlUpZGphbmdvLmNvbnRyaWIuYXV0aC5iYWNrZW5k\ncy5Nb2RlbEJhY2tlbmRxA1UNX2F1dGhfdXNlcl9pZHEEigEBdS41NDVjN2NjNTVjZmMwYzc1MmE4\nMDkxNGI1YWFlYThhZA==\n', '2012-03-12 21:06:00'),
('a384ba1c81529b90a7d258596032d685', 'gAJ9cQEoVRJfYXV0aF91c2VyX2JhY2tlbmRxAlUpZGphbmdvLmNvbnRyaWIuYXV0aC5iYWNrZW5k\ncy5Nb2RlbEJhY2tlbmRxA1UNX2F1dGhfdXNlcl9pZHEEigEBdS41NDVjN2NjNTVjZmMwYzc1MmE4\nMDkxNGI1YWFlYThhZA==\n', '2012-03-09 20:37:24'),
('7b6902b6ae242a997f388c735c3ab456', 'gAJ9cQEoVRJfYXV0aF91c2VyX2JhY2tlbmRxAlUpZGphbmdvLmNvbnRyaWIuYXV0aC5iYWNrZW5k\ncy5Nb2RlbEJhY2tlbmRxA1UNX2F1dGhfdXNlcl9pZHEEigECdS4xNGQyMDA4MDljOGUwYmRjMjc2\nODUxNTM4NWUxZTkyZQ==\n', '2012-03-05 21:53:17'),
('08693f9b9d6b46fe70b60cdb50449534', 'gAJ9cQFVCnRlc3Rjb29raWVxAlUGd29ya2VkcQNzLjIzZGE3ZTE3MjY0Y2FmOTM0Y2I2MTI1NDk2\nODU5Yjhm\n', '2012-03-08 12:42:32'),
('7360a749fe21c5a4760ea64abf3691c4', 'gAJ9cQEoVRJfYXV0aF91c2VyX2JhY2tlbmRxAlUpZGphbmdvLmNvbnRyaWIuYXV0aC5iYWNrZW5k\ncy5Nb2RlbEJhY2tlbmRxA1UNX2F1dGhfdXNlcl9pZHEEigEBdS41NDVjN2NjNTVjZmMwYzc1MmE4\nMDkxNGI1YWFlYThhZA==\n', '2012-03-20 13:58:49'),
('f7b435a679691709480e8d45c9332a6e', 'gAJ9cQEoVRJfYXV0aF91c2VyX2JhY2tlbmRxAlUpZGphbmdvLmNvbnRyaWIuYXV0aC5iYWNrZW5k\ncy5Nb2RlbEJhY2tlbmRxA1UNX2F1dGhfdXNlcl9pZHEEigEBdS41NDVjN2NjNTVjZmMwYzc1MmE4\nMDkxNGI1YWFlYThhZA==\n', '2012-03-19 10:43:57'),
('c45651a5bea0d84b57fa818ab71a7af7', 'gAJ9cQEuZjQxMDY2MjE2M2NlNjUxZjg1ZTdlMDgyZjQ5ZGE2ZDI=\n', '2012-03-19 19:16:28'),
('1586430bfb73821ec0405b772fc6c3f5', 'gAJ9cQEoVRJfYXV0aF91c2VyX2JhY2tlbmRxAlUpZGphbmdvLmNvbnRyaWIuYXV0aC5iYWNrZW5k\ncy5Nb2RlbEJhY2tlbmRxA1UNX2F1dGhfdXNlcl9pZHEEigEBdS41NDVjN2NjNTVjZmMwYzc1MmE4\nMDkxNGI1YWFlYThhZA==\n', '2012-03-23 15:25:42'),
('742213570daff5476840efd80c943290', 'gAJ9cQEuZjQxMDY2MjE2M2NlNjUxZjg1ZTdlMDgyZjQ5ZGE2ZDI=\n', '2012-04-12 14:03:02'),
('3d71315fb02410bd7f0ab7eb56a5039f', 'gAJ9cQEoVRJfYXV0aF91c2VyX2JhY2tlbmRxAlUpZGphbmdvLmNvbnRyaWIuYXV0aC5iYWNrZW5k\ncy5Nb2RlbEJhY2tlbmRxA1UNX2F1dGhfdXNlcl9pZHEEigECdS4xNGQyMDA4MDljOGUwYmRjMjc2\nODUxNTM4NWUxZTkyZQ==\n', '2012-04-11 00:55:14'),
('f95f9c2f85c4f1fe6f483aa96b662a01', 'gAJ9cQEoVRJfYXV0aF91c2VyX2JhY2tlbmRxAlUpZGphbmdvLmNvbnRyaWIuYXV0aC5iYWNrZW5k\ncy5Nb2RlbEJhY2tlbmRxA1UNX2F1dGhfdXNlcl9pZHEEigEBdS41NDVjN2NjNTVjZmMwYzc1MmE4\nMDkxNGI1YWFlYThhZA==\n', '2012-04-12 10:15:51'),
('8cd05d7bdc756e364577db4e0a77d89c', 'gAJ9cQFVCnRlc3Rjb29raWVxAlUGd29ya2VkcQNzLjIzZGE3ZTE3MjY0Y2FmOTM0Y2I2MTI1NDk2\nODU5Yjhm\n', '2012-05-16 09:20:56'),
('e1e36dabbe7019842f472f0ed0cc3999', 'gAJ9cQEoVRJfYXV0aF91c2VyX2JhY2tlbmRxAlUpZGphbmdvLmNvbnRyaWIuYXV0aC5iYWNrZW5k\ncy5Nb2RlbEJhY2tlbmRxA1UNX2F1dGhfdXNlcl9pZHEEigEBdS41NDVjN2NjNTVjZmMwYzc1MmE4\nMDkxNGI1YWFlYThhZA==\n', '2012-05-02 11:54:02'),
('4a4365f82530886ef07eeee9511e3043', 'gAJ9cQEoVRJfYXV0aF91c2VyX2JhY2tlbmRxAlUpZGphbmdvLmNvbnRyaWIuYXV0aC5iYWNrZW5k\ncy5Nb2RlbEJhY2tlbmRxA1UNX2F1dGhfdXNlcl9pZHEEigEBdS41NDVjN2NjNTVjZmMwYzc1MmE4\nMDkxNGI1YWFlYThhZA==\n', '2012-05-03 10:56:14'),
('99432e7206da796dcf1f7a976467445b', 'gAJ9cQEoVRJfYXV0aF91c2VyX2JhY2tlbmRxAlUpZGphbmdvLmNvbnRyaWIuYXV0aC5iYWNrZW5k\ncy5Nb2RlbEJhY2tlbmRxA1UNX2F1dGhfdXNlcl9pZHEEigECdS4xNGQyMDA4MDljOGUwYmRjMjc2\nODUxNTM4NWUxZTkyZQ==\n', '2012-05-07 16:57:32'),
('9b10db073c5b23b0f52788d5358665a7', 'gAJ9cQFVCnRlc3Rjb29raWVxAlUGd29ya2VkcQNzLjIzZGE3ZTE3MjY0Y2FmOTM0Y2I2MTI1NDk2\nODU5Yjhm\n', '2012-12-31 15:49:19'),
('efc7b3077c6b3d990f6f0d5948f8e69c', 'gAJ9cQEoVRJfYXV0aF91c2VyX2JhY2tlbmRxAlUpZGphbmdvLmNvbnRyaWIuYXV0aC5iYWNrZW5k\ncy5Nb2RlbEJhY2tlbmRxA1UNX2F1dGhfdXNlcl9pZHEEigEBdS41NDVjN2NjNTVjZmMwYzc1MmE4\nMDkxNGI1YWFlYThhZA==\n', '2012-05-29 09:51:45'),
('a7e1d5339b9c1b51ebbec6cc9ddd04dc', 'gAJ9cQEoVRJfYXV0aF91c2VyX2JhY2tlbmRxAlUpZGphbmdvLmNvbnRyaWIuYXV0aC5iYWNrZW5k\ncy5Nb2RlbEJhY2tlbmRxA1UNX2F1dGhfdXNlcl9pZHEEigEBdS41NDVjN2NjNTVjZmMwYzc1MmE4\nMDkxNGI1YWFlYThhZA==\n', '2012-05-18 15:04:58'),
('833928a748a0e3ba1ffcd1074684075e', 'gAJ9cQEoVRJfYXV0aF91c2VyX2JhY2tlbmRxAlUpZGphbmdvLmNvbnRyaWIuYXV0aC5iYWNrZW5k\ncy5Nb2RlbEJhY2tlbmRxA1UNX2F1dGhfdXNlcl9pZHEEigEBdS41NDVjN2NjNTVjZmMwYzc1MmE4\nMDkxNGI1YWFlYThhZA==\n', '2012-05-21 15:21:32'),
('4bf3ea33d7477f28366145598c38d409', 'gAJ9cQEoVRJfYXV0aF91c2VyX2JhY2tlbmRxAlUpZGphbmdvLmNvbnRyaWIuYXV0aC5iYWNrZW5k\ncy5Nb2RlbEJhY2tlbmRxA1UNX2F1dGhfdXNlcl9pZHEEigECdS4xNGQyMDA4MDljOGUwYmRjMjc2\nODUxNTM4NWUxZTkyZQ==\n', '2012-05-21 21:51:14'),
('4a6781d1e83d5bf0c4235550dc5b38a6', 'gAJ9cQEoVRJfYXV0aF91c2VyX2JhY2tlbmRxAlUpZGphbmdvLmNvbnRyaWIuYXV0aC5iYWNrZW5k\ncy5Nb2RlbEJhY2tlbmRxA1UNX2F1dGhfdXNlcl9pZHEEigEBdS41NDVjN2NjNTVjZmMwYzc1MmE4\nMDkxNGI1YWFlYThhZA==\n', '2012-05-23 14:29:25'),
('81a5799234dbf145288be154fc2ff8e4', 'gAJ9cQEoVRJfYXV0aF91c2VyX2JhY2tlbmRxAlUpZGphbmdvLmNvbnRyaWIuYXV0aC5iYWNrZW5k\ncy5Nb2RlbEJhY2tlbmRxA1UNX2F1dGhfdXNlcl9pZHEEigEBdS41NDVjN2NjNTVjZmMwYzc1MmE4\nMDkxNGI1YWFlYThhZA==\n', '2012-05-24 09:51:28'),
('909efa146c819e7e84769ee676df991f', 'gAJ9cQEoVRJfYXV0aF91c2VyX2JhY2tlbmRxAlUpZGphbmdvLmNvbnRyaWIuYXV0aC5iYWNrZW5k\ncy5Nb2RlbEJhY2tlbmRxA1UNX2F1dGhfdXNlcl9pZHEEigEBdS41NDVjN2NjNTVjZmMwYzc1MmE4\nMDkxNGI1YWFlYThhZA==\n', '2012-05-25 16:00:48'),
('175341e935b1eb2c82e4f2f7ceb6a6f8', 'gAJ9cQEuZjQxMDY2MjE2M2NlNjUxZjg1ZTdlMDgyZjQ5ZGE2ZDI=\n', '2012-05-28 09:02:28'),
('75ec3e037048af5d9d37fd22b66d688f', 'gAJ9cQEoVRJfYXV0aF91c2VyX2JhY2tlbmRxAlUpZGphbmdvLmNvbnRyaWIuYXV0aC5iYWNrZW5k\ncy5Nb2RlbEJhY2tlbmRxA1UNX2F1dGhfdXNlcl9pZHEEigEBdS41NDVjN2NjNTVjZmMwYzc1MmE4\nMDkxNGI1YWFlYThhZA==\n', '2012-05-30 20:01:13'),
('34c79ddd626fe6632818101b1e380251', 'gAJ9cQEoVRJfYXV0aF91c2VyX2JhY2tlbmRxAlUpZGphbmdvLmNvbnRyaWIuYXV0aC5iYWNrZW5k\ncy5Nb2RlbEJhY2tlbmRxA1UNX2F1dGhfdXNlcl9pZHEEigEBdS41NDVjN2NjNTVjZmMwYzc1MmE4\nMDkxNGI1YWFlYThhZA==\n', '2012-05-31 09:29:20'),
('75a375c0cd451488acc90ea6386331de', 'gAJ9cQEoVRJfYXV0aF91c2VyX2JhY2tlbmRxAlUpZGphbmdvLmNvbnRyaWIuYXV0aC5iYWNrZW5k\ncy5Nb2RlbEJhY2tlbmRxA1UNX2F1dGhfdXNlcl9pZHEEigECdS4xNGQyMDA4MDljOGUwYmRjMjc2\nODUxNTM4NWUxZTkyZQ==\n', '2012-06-05 22:53:23'),
('96fbcb74e0ed1f175a3f4f498ae68368', 'gAJ9cQEoVRJfYXV0aF91c2VyX2JhY2tlbmRxAlUpZGphbmdvLmNvbnRyaWIuYXV0aC5iYWNrZW5k\ncy5Nb2RlbEJhY2tlbmRxA1UNX2F1dGhfdXNlcl9pZHEEigEBdS41NDVjN2NjNTVjZmMwYzc1MmE4\nMDkxNGI1YWFlYThhZA==\n', '2012-06-07 10:23:11'),
('c0694fa4d30fbcabc929e8046b310f5e', 'gAJ9cQEoVRJfYXV0aF91c2VyX2JhY2tlbmRxAlUpZGphbmdvLmNvbnRyaWIuYXV0aC5iYWNrZW5k\ncy5Nb2RlbEJhY2tlbmRxA1UNX2F1dGhfdXNlcl9pZHEEigEBdS41NDVjN2NjNTVjZmMwYzc1MmE4\nMDkxNGI1YWFlYThhZA==\n', '2012-06-12 16:23:20'),
('dd6cc5d84cb0f259cc4bdeb9b379dd10', 'gAJ9cQEoVRJfYXV0aF91c2VyX2JhY2tlbmRxAlUpZGphbmdvLmNvbnRyaWIuYXV0aC5iYWNrZW5k\ncy5Nb2RlbEJhY2tlbmRxA1UNX2F1dGhfdXNlcl9pZHEEigEBdS41NDVjN2NjNTVjZmMwYzc1MmE4\nMDkxNGI1YWFlYThhZA==\n', '2012-06-12 18:18:46'),
('11a6f068f64ee2d690b2b4e3fe84c047', 'gAJ9cQEoVRJfYXV0aF91c2VyX2JhY2tlbmRxAlUpZGphbmdvLmNvbnRyaWIuYXV0aC5iYWNrZW5k\ncy5Nb2RlbEJhY2tlbmRxA1UNX2F1dGhfdXNlcl9pZHEEigEBdS41NDVjN2NjNTVjZmMwYzc1MmE4\nMDkxNGI1YWFlYThhZA==\n', '2012-06-13 09:46:44'),
('3d49b87788c060c37bfcfeb46e395ac7', 'gAJ9cQEoVRJfYXV0aF91c2VyX2JhY2tlbmRxAlUpZGphbmdvLmNvbnRyaWIuYXV0aC5iYWNrZW5k\ncy5Nb2RlbEJhY2tlbmRxA1UNX2F1dGhfdXNlcl9pZHEEigECdS4xNGQyMDA4MDljOGUwYmRjMjc2\nODUxNTM4NWUxZTkyZQ==\n', '2012-06-20 19:58:37'),
('ad6ca4b0051f9b4fce9599c1651c8ac9', 'gAJ9cQEoVRJfYXV0aF91c2VyX2JhY2tlbmRxAlUpZGphbmdvLmNvbnRyaWIuYXV0aC5iYWNrZW5k\ncy5Nb2RlbEJhY2tlbmRxA1UNX2F1dGhfdXNlcl9pZHEEigEBdS41NDVjN2NjNTVjZmMwYzc1MmE4\nMDkxNGI1YWFlYThhZA==\n', '2012-06-25 15:40:12'),
('dc68af4b2eed0f465ef6b93fafb5e2f9', 'gAJ9cQEuZjQxMDY2MjE2M2NlNjUxZjg1ZTdlMDgyZjQ5ZGE2ZDI=\n', '2012-06-28 08:24:34'),
('90ff3e3323c7692611483c58910fac18', 'gAJ9cQFVCnRlc3Rjb29raWVxAlUGd29ya2VkcQNzLjIzZGE3ZTE3MjY0Y2FmOTM0Y2I2MTI1NDk2\nODU5Yjhm\n', '2012-06-28 14:04:32'),
('dbc379356c7cb50143e967e8f1e3bc50', 'gAJ9cQEoVRJfYXV0aF91c2VyX2JhY2tlbmRxAlUpZGphbmdvLmNvbnRyaWIuYXV0aC5iYWNrZW5k\ncy5Nb2RlbEJhY2tlbmRxA1UNX2F1dGhfdXNlcl9pZHEEigEBdS41NDVjN2NjNTVjZmMwYzc1MmE4\nMDkxNGI1YWFlYThhZA==\n', '2012-07-03 10:54:59'),
('7132196320e5f6e7627001ceaf0e96f8', 'gAJ9cQEoVRJfYXV0aF91c2VyX2JhY2tlbmRxAlUpZGphbmdvLmNvbnRyaWIuYXV0aC5iYWNrZW5k\ncy5Nb2RlbEJhY2tlbmRxA1UNX2F1dGhfdXNlcl9pZHEEigEBdS41NDVjN2NjNTVjZmMwYzc1MmE4\nMDkxNGI1YWFlYThhZA==\n', '2012-07-10 20:59:27'),
('9b79aded185126dd27afd144e0760215', 'gAJ9cQEoVRJfYXV0aF91c2VyX2JhY2tlbmRxAlUpZGphbmdvLmNvbnRyaWIuYXV0aC5iYWNrZW5k\ncy5Nb2RlbEJhY2tlbmRxA1UNX2F1dGhfdXNlcl9pZHEEigECdS4xNGQyMDA4MDljOGUwYmRjMjc2\nODUxNTM4NWUxZTkyZQ==\n', '2012-07-10 21:47:05'),
('811615254e9b20386b1484a0b038ac35', 'gAJ9cQEoVRJfYXV0aF91c2VyX2JhY2tlbmRxAlUpZGphbmdvLmNvbnRyaWIuYXV0aC5iYWNrZW5k\ncy5Nb2RlbEJhY2tlbmRxA1UNX2F1dGhfdXNlcl9pZHEEigECdS4xNGQyMDA4MDljOGUwYmRjMjc2\nODUxNTM4NWUxZTkyZQ==\n', '2012-07-27 10:27:19'),
('f3cfdb4d977017e544c171f666420127', 'gAJ9cQEoVRJfYXV0aF91c2VyX2JhY2tlbmRxAlUpZGphbmdvLmNvbnRyaWIuYXV0aC5iYWNrZW5k\ncy5Nb2RlbEJhY2tlbmRxA1UNX2F1dGhfdXNlcl9pZHEEigECdS4xNGQyMDA4MDljOGUwYmRjMjc2\nODUxNTM4NWUxZTkyZQ==\n', '2012-08-29 11:16:38'),
('cfbedd5f1e20ac737a4e9548b875962f', 'gAJ9cQEoVRJfYXV0aF91c2VyX2JhY2tlbmRxAlUpZGphbmdvLmNvbnRyaWIuYXV0aC5iYWNrZW5k\ncy5Nb2RlbEJhY2tlbmRxA1UNX2F1dGhfdXNlcl9pZHEEigEBdS41NDVjN2NjNTVjZmMwYzc1MmE4\nMDkxNGI1YWFlYThhZA==\n', '2012-09-11 16:30:26'),
('ebde7839c5e13a951b852ad9fc57a991', 'gAJ9cQEoVRJfYXV0aF91c2VyX2JhY2tlbmRxAlUpZGphbmdvLmNvbnRyaWIuYXV0aC5iYWNrZW5k\ncy5Nb2RlbEJhY2tlbmRxA1UNX2F1dGhfdXNlcl9pZHEEigECdS4xNGQyMDA4MDljOGUwYmRjMjc2\nODUxNTM4NWUxZTkyZQ==\n', '2012-09-28 13:52:00'),
('c4776afe16b361fa969cd505c3f9b6e1', 'gAJ9cQEoVRJfYXV0aF91c2VyX2JhY2tlbmRxAlUpZGphbmdvLmNvbnRyaWIuYXV0aC5iYWNrZW5k\ncy5Nb2RlbEJhY2tlbmRxA1UNX2F1dGhfdXNlcl9pZHEEigECdS4xNGQyMDA4MDljOGUwYmRjMjc2\nODUxNTM4NWUxZTkyZQ==\n', '2012-12-26 15:36:13'),
('7928a8ac3c0d0b742c12ed7fcdba7385', 'gAJ9cQEoVRJfYXV0aF91c2VyX2JhY2tlbmRxAlUpZGphbmdvLmNvbnRyaWIuYXV0aC5iYWNrZW5k\ncy5Nb2RlbEJhY2tlbmRxA1UNX2F1dGhfdXNlcl9pZHEEigECdS4xNGQyMDA4MDljOGUwYmRjMjc2\nODUxNTM4NWUxZTkyZQ==\n', '2012-10-28 22:33:49'),
('9312f3bb26d65a9a9134c0134e5888ef', 'gAJ9cQFVCnRlc3Rjb29raWVxAlUGd29ya2VkcQNzLjIzZGE3ZTE3MjY0Y2FmOTM0Y2I2MTI1NDk2\nODU5Yjhm\n', '2013-01-10 14:49:26'),
('0ff16273c69c091a4f614a7407533c31', 'gAJ9cQEoVRJfYXV0aF91c2VyX2JhY2tlbmRxAlUpZGphbmdvLmNvbnRyaWIuYXV0aC5iYWNrZW5k\ncy5Nb2RlbEJhY2tlbmRxA1UNX2F1dGhfdXNlcl9pZHEEigEBdS41NDVjN2NjNTVjZmMwYzc1MmE4\nMDkxNGI1YWFlYThhZA==\n', '2013-01-10 12:20:39'),
('c95034a5aa1f7999f0b8806f323324fd', 'gAJ9cQFVCnRlc3Rjb29raWVxAlUGd29ya2VkcQNzLjIzZGE3ZTE3MjY0Y2FmOTM0Y2I2MTI1NDk2\nODU5Yjhm\n', '2013-01-09 17:03:40'),
('f02894f11e026d0b1636cda0513c5081', 'gAJ9cQEoVRJfYXV0aF91c2VyX2JhY2tlbmRxAlUpZGphbmdvLmNvbnRyaWIuYXV0aC5iYWNrZW5k\ncy5Nb2RlbEJhY2tlbmRxA1UNX2F1dGhfdXNlcl9pZHEEigEBdS41NDVjN2NjNTVjZmMwYzc1MmE4\nMDkxNGI1YWFlYThhZA==\n', '2013-01-03 16:28:45'),
('81970ec2fa6584c244b099229f01d145', 'gAJ9cQEoVRJfYXV0aF91c2VyX2JhY2tlbmRxAlUpZGphbmdvLmNvbnRyaWIuYXV0aC5iYWNrZW5k\ncy5Nb2RlbEJhY2tlbmRxA1UNX2F1dGhfdXNlcl9pZHEEigEBdS41NDVjN2NjNTVjZmMwYzc1MmE4\nMDkxNGI1YWFlYThhZA==\n', '2013-01-05 16:38:04'),
('1bda959a52587ebd70ebfd276a249ae2', 'gAJ9cQEoVRJfYXV0aF91c2VyX2JhY2tlbmRxAlUpZGphbmdvLmNvbnRyaWIuYXV0aC5iYWNrZW5k\ncy5Nb2RlbEJhY2tlbmRxA1UNX2F1dGhfdXNlcl9pZHEEigEBdS41NDVjN2NjNTVjZmMwYzc1MmE4\nMDkxNGI1YWFlYThhZA==\n', '2013-01-05 16:39:23'),
('e62ec4a0eda2d7a5c8eeba230d84e208', 'gAJ9cQFVCnRlc3Rjb29raWVxAlUGd29ya2VkcQNzLjIzZGE3ZTE3MjY0Y2FmOTM0Y2I2MTI1NDk2\nODU5Yjhm\n', '2013-01-10 14:52:51'),
('aaa36f89f6538fac22caadc11f77fecf', 'gAJ9cQFVCnRlc3Rjb29raWVxAlUGd29ya2VkcQNzLjIzZGE3ZTE3MjY0Y2FmOTM0Y2I2MTI1NDk2\nODU5Yjhm\n', '2013-01-10 15:14:30'),
('3696f265dcfa77aeacc297dab2ce6ad0', 'gAJ9cQFVCnRlc3Rjb29raWVxAlUGd29ya2VkcQNzLjIzZGE3ZTE3MjY0Y2FmOTM0Y2I2MTI1NDk2\nODU5Yjhm\n', '2013-01-10 15:21:49'),
('3932dbdd53a7bfd84508dad79b1492fb', 'gAJ9cQEoVRJfYXV0aF91c2VyX2JhY2tlbmRxAlUpZGphbmdvLmNvbnRyaWIuYXV0aC5iYWNrZW5k\ncy5Nb2RlbEJhY2tlbmRxA1UNX2F1dGhfdXNlcl9pZHEEigEBdS41NDVjN2NjNTVjZmMwYzc1MmE4\nMDkxNGI1YWFlYThhZA==\n', '2013-01-25 15:22:00'),
('c2189eb445c12d2734f241707d0867c3', 'gAJ9cQFVCnRlc3Rjb29raWVxAlUGd29ya2VkcQNzLjIzZGE3ZTE3MjY0Y2FmOTM0Y2I2MTI1NDk2\nODU5Yjhm\n', '2013-01-10 15:28:10'),
('bc263f98fc2275a91f153d3e952f3072', 'gAJ9cQFVCnRlc3Rjb29raWVxAlUGd29ya2VkcQNzLjIzZGE3ZTE3MjY0Y2FmOTM0Y2I2MTI1NDk2\nODU5Yjhm\n', '2013-03-11 12:30:16'),
('0f0dd4963c9470a3ec35e54fc09805de', 'gAJ9cQEoVRJfYXV0aF91c2VyX2JhY2tlbmRxAlUpZGphbmdvLmNvbnRyaWIuYXV0aC5iYWNrZW5k\ncy5Nb2RlbEJhY2tlbmRxA1UNX2F1dGhfdXNlcl9pZHEEigECdS4xNGQyMDA4MDljOGUwYmRjMjc2\nODUxNTM4NWUxZTkyZQ==\n', '2013-01-28 10:58:20'),
('b8d1761cda10814c1f6d95d195e33a65', 'gAJ9cQEoVRJfYXV0aF91c2VyX2JhY2tlbmRxAlUpZGphbmdvLmNvbnRyaWIuYXV0aC5iYWNrZW5k\ncy5Nb2RlbEJhY2tlbmRxA1UNX2F1dGhfdXNlcl9pZHEEigEBdS41NDVjN2NjNTVjZmMwYzc1MmE4\nMDkxNGI1YWFlYThhZA==\n', '2013-01-30 11:03:42'),
('a8e3e2f47cc7985838269ee755edbc58', 'gAJ9cQEoVRJfYXV0aF91c2VyX2JhY2tlbmRxAlUpZGphbmdvLmNvbnRyaWIuYXV0aC5iYWNrZW5k\ncy5Nb2RlbEJhY2tlbmRxA1UNX2F1dGhfdXNlcl9pZHEEigECdS4xNGQyMDA4MDljOGUwYmRjMjc2\nODUxNTM4NWUxZTkyZQ==\n', '2013-03-10 06:47:46'),
('9a8c9f45d5f8cafdb60341aa0a0f3359', 'gAJ9cQFVCnRlc3Rjb29raWVxAlUGd29ya2VkcQNzLjIzZGE3ZTE3MjY0Y2FmOTM0Y2I2MTI1NDk2\nODU5Yjhm\n', '2013-03-12 14:02:16'),
('81847e955c9678ca671b1473c9a67528', 'gAJ9cQFVCnRlc3Rjb29raWVxAlUGd29ya2VkcQNzLjIzZGE3ZTE3MjY0Y2FmOTM0Y2I2MTI1NDk2\nODU5Yjhm\n', '2013-04-23 23:55:44'),
('84874fc26f53c58dd1d424f3a4244d19', 'gAJ9cQFVCnRlc3Rjb29raWVxAlUGd29ya2VkcQNzLjIzZGE3ZTE3MjY0Y2FmOTM0Y2I2MTI1NDk2\nODU5Yjhm\n', '2013-04-24 15:09:53'),
('dbdad4a991f0050292492f77d6f35989', 'gAJ9cQFVCnRlc3Rjb29raWVxAlUGd29ya2VkcQNzLjIzZGE3ZTE3MjY0Y2FmOTM0Y2I2MTI1NDk2\nODU5Yjhm\n', '2013-06-20 10:58:19'),
('f0858527ac4e9e81f3493f53ed9ae062', 'gAJ9cQEoVRJfYXV0aF91c2VyX2JhY2tlbmRxAlUpZGphbmdvLmNvbnRyaWIuYXV0aC5iYWNrZW5k\ncy5Nb2RlbEJhY2tlbmRxA1UNX2F1dGhfdXNlcl9pZHEEigEBdS41NDVjN2NjNTVjZmMwYzc1MmE4\nMDkxNGI1YWFlYThhZA==\n', '2013-06-17 21:07:18'),
('2ec0569fe6f29c76f14db2d3dd9c4978', 'gAJ9cQFVCnRlc3Rjb29raWVxAlUGd29ya2VkcQNzLjIzZGE3ZTE3MjY0Y2FmOTM0Y2I2MTI1NDk2\nODU5Yjhm\n', '2013-07-05 15:27:45'),
('942cab823113006c97a6b9b9faac47bd', 'gAJ9cQEoVRJfYXV0aF91c2VyX2JhY2tlbmRxAlUpZGphbmdvLmNvbnRyaWIuYXV0aC5iYWNrZW5k\ncy5Nb2RlbEJhY2tlbmRxA1UNX2F1dGhfdXNlcl9pZHEEigEBdS41NDVjN2NjNTVjZmMwYzc1MmE4\nMDkxNGI1YWFlYThhZA==\n', '2013-08-12 08:20:25');

-- --------------------------------------------------------

--
-- Structure de la table `django_site`
--

CREATE TABLE IF NOT EXISTS `django_site` (
  `id` int(11) NOT NULL AUTO_INCREMENT,
  `domain` varchar(100) NOT NULL,
  `name` varchar(50) NOT NULL,
  PRIMARY KEY (`id`)
) ENGINE=MyISAM  DEFAULT CHARSET=latin1 AUTO_INCREMENT=2 ;

--
-- Contenu de la table `django_site`
--

INSERT INTO `django_site` (`id`, `domain`, `name`) VALUES
(1, 'example.com', 'example.com');
--
-- Base de données: `conceptk2`
--
CREATE DATABASE `conceptk2` DEFAULT CHARACTER SET utf8 COLLATE utf8_general_ci;
USE `conceptk2`;

-- --------------------------------------------------------

--
-- Structure de la table `auth_group`
--

CREATE TABLE IF NOT EXISTS `auth_group` (
  `id` int(11) NOT NULL AUTO_INCREMENT,
  `name` varchar(80) NOT NULL,
  PRIMARY KEY (`id`),
  UNIQUE KEY `name` (`name`)
) ENGINE=MyISAM DEFAULT CHARSET=latin1 AUTO_INCREMENT=1 ;

--
-- Contenu de la table `auth_group`
--


-- --------------------------------------------------------

--
-- Structure de la table `auth_group_permissions`
--

CREATE TABLE IF NOT EXISTS `auth_group_permissions` (
  `id` int(11) NOT NULL AUTO_INCREMENT,
  `group_id` int(11) NOT NULL,
  `permission_id` int(11) NOT NULL,
  PRIMARY KEY (`id`),
  UNIQUE KEY `group_id` (`group_id`,`permission_id`),
  KEY `permission_id_refs_id_5886d21f` (`permission_id`)
) ENGINE=MyISAM DEFAULT CHARSET=latin1 AUTO_INCREMENT=1 ;

--
-- Contenu de la table `auth_group_permissions`
--


-- --------------------------------------------------------

--
-- Structure de la table `auth_message`
--

CREATE TABLE IF NOT EXISTS `auth_message` (
  `id` int(11) NOT NULL AUTO_INCREMENT,
  `user_id` int(11) NOT NULL,
  `message` longtext CHARACTER SET utf8 NOT NULL,
  PRIMARY KEY (`id`),
  KEY `auth_message_user_id` (`user_id`)
) ENGINE=MyISAM  DEFAULT CHARSET=latin1 AUTO_INCREMENT=1456 ;

--
-- Contenu de la table `auth_message`
--


-- --------------------------------------------------------

--
-- Structure de la table `auth_permission`
--

CREATE TABLE IF NOT EXISTS `auth_permission` (
  `id` int(11) NOT NULL AUTO_INCREMENT,
  `name` varchar(50) NOT NULL,
  `content_type_id` int(11) NOT NULL,
  `codename` varchar(100) NOT NULL,
  PRIMARY KEY (`id`),
  UNIQUE KEY `content_type_id` (`content_type_id`,`codename`),
  KEY `auth_permission_content_type_id` (`content_type_id`)
) ENGINE=MyISAM  DEFAULT CHARSET=latin1 AUTO_INCREMENT=79 ;

--
-- Contenu de la table `auth_permission`
--

INSERT INTO `auth_permission` (`id`, `name`, `content_type_id`, `codename`) VALUES
(1, 'Can add permission', 1, 'add_permission'),
(2, 'Can change permission', 1, 'change_permission'),
(3, 'Can delete permission', 1, 'delete_permission'),
(4, 'Can add group', 2, 'add_group'),
(5, 'Can change group', 2, 'change_group'),
(6, 'Can delete group', 2, 'delete_group'),
(7, 'Can add user', 3, 'add_user'),
(8, 'Can change user', 3, 'change_user'),
(9, 'Can delete user', 3, 'delete_user'),
(10, 'Can add message', 4, 'add_message'),
(11, 'Can change message', 4, 'change_message'),
(12, 'Can delete message', 4, 'delete_message'),
(13, 'Can add content type', 5, 'add_contenttype'),
(14, 'Can change content type', 5, 'change_contenttype'),
(15, 'Can delete content type', 5, 'delete_contenttype'),
(16, 'Can add session', 6, 'add_session'),
(17, 'Can change session', 6, 'change_session'),
(18, 'Can delete session', 6, 'delete_session'),
(19, 'Can add site', 7, 'add_site'),
(20, 'Can change site', 7, 'change_site'),
(21, 'Can delete site', 7, 'delete_site'),
(22, 'Can add log entry', 8, 'add_logentry'),
(23, 'Can change log entry', 8, 'change_logentry'),
(24, 'Can delete log entry', 8, 'delete_logentry'),
(25, 'Can add token', 9, 'add_token'),
(26, 'Can change token', 9, 'change_token'),
(27, 'Can delete token', 9, 'delete_token'),
(31, 'Can add type menu', 11, 'add_typemenu'),
(32, 'Can change type menu', 11, 'change_typemenu'),
(33, 'Can delete type menu', 11, 'delete_typemenu'),
(34, 'Can add langue', 12, 'add_langue'),
(35, 'Can change langue', 12, 'change_langue'),
(36, 'Can delete langue', 12, 'delete_langue'),
(37, 'Can add restaurant', 13, 'add_restaurant'),
(38, 'Can change restaurant', 13, 'change_restaurant'),
(39, 'Can delete restaurant', 13, 'delete_restaurant'),
(40, 'Can add menu', 14, 'add_menu'),
(41, 'Can change menu', 14, 'change_menu'),
(42, 'Can delete menu', 14, 'delete_menu'),
(62, 'Can change restaurant langue', 21, 'change_restaurantlangue'),
(61, 'Can add restaurant langue', 21, 'add_restaurantlangue'),
(46, 'Can add reservation', 16, 'add_reservation'),
(47, 'Can change reservation', 16, 'change_reservation'),
(48, 'Can delete reservation', 16, 'delete_reservation'),
(49, 'Can add commande', 17, 'add_commande'),
(50, 'Can change commande', 17, 'change_commande'),
(51, 'Can delete commande', 17, 'delete_commande'),
(52, 'Can add livraison', 18, 'add_livraison'),
(53, 'Can change livraison', 18, 'change_livraison'),
(54, 'Can delete livraison', 18, 'delete_livraison'),
(55, 'Can add livre or', 19, 'add_livreor'),
(56, 'Can change livre or', 19, 'change_livreor'),
(57, 'Can delete livre or', 19, 'delete_livreor'),
(58, 'Can add photo', 20, 'add_photo'),
(59, 'Can change photo', 20, 'change_photo'),
(60, 'Can delete photo', 20, 'delete_photo'),
(63, 'Can delete restaurant langue', 21, 'delete_restaurantlangue'),
(64, 'Can add theme', 22, 'add_theme'),
(65, 'Can change theme', 22, 'change_theme'),
(66, 'Can delete theme', 22, 'delete_theme'),
(67, 'Can add pub', 23, 'add_pub'),
(68, 'Can change pub', 23, 'change_pub'),
(69, 'Can delete pub', 23, 'delete_pub'),
(70, 'Can add photo restaurant', 24, 'add_photorestaurant'),
(71, 'Can change photo restaurant', 24, 'change_photorestaurant'),
(72, 'Can delete photo restaurant', 24, 'delete_photorestaurant'),
(73, 'Can add menu commentaire', 25, 'add_menucommentaire'),
(74, 'Can change menu commentaire', 25, 'change_menucommentaire'),
(75, 'Can delete menu commentaire', 25, 'delete_menucommentaire'),
(76, 'Can add push restaurant', 26, 'add_pushrestaurant'),
(77, 'Can change push restaurant', 26, 'change_pushrestaurant'),
(78, 'Can delete push restaurant', 26, 'delete_pushrestaurant');

-- --------------------------------------------------------

--
-- Structure de la table `auth_user`
--

CREATE TABLE IF NOT EXISTS `auth_user` (
  `id` int(11) NOT NULL AUTO_INCREMENT,
  `username` varchar(30) NOT NULL,
  `first_name` varchar(30) NOT NULL,
  `last_name` varchar(30) NOT NULL,
  `email` varchar(75) NOT NULL,
  `password` varchar(128) NOT NULL,
  `is_staff` tinyint(1) NOT NULL,
  `is_active` tinyint(1) NOT NULL,
  `is_superuser` tinyint(1) NOT NULL,
  `last_login` datetime NOT NULL,
  `date_joined` datetime NOT NULL,
  PRIMARY KEY (`id`),
  UNIQUE KEY `username` (`username`)
) ENGINE=MyISAM  DEFAULT CHARSET=latin1 AUTO_INCREMENT=4 ;

--
-- Contenu de la table `auth_user`
--

INSERT INTO `auth_user` (`id`, `username`, `first_name`, `last_name`, `email`, `password`, `is_staff`, `is_active`, `is_superuser`, `last_login`, `date_joined`) VALUES
(1, 'admin', '', '', 'csurbier@free.fr', 'sha1$9933f$b34ccd659eaddb211c7ce4a127263b1b8a46e39b', 1, 1, 1, '2013-02-25 06:14:30', '2012-01-16 15:26:12'),
(2, 'rfarache', 'Roger', 'Farache', '', 'sha1$9933f$b34ccd659eaddb211c7ce4a127263b1b8a46e39b', 1, 1, 0, '2012-12-17 15:49:53', '2012-01-16 15:35:49'),
(3, 'mathieu', 'Mathieu', 'Masset', 'info@vivaneo.fr', 'sha1$407a3$deab441ba694ab7271b962d0f519782070bca350', 1, 1, 0, '2013-02-14 17:34:48', '2013-02-14 15:44:49');

-- --------------------------------------------------------

--
-- Structure de la table `auth_user_groups`
--

CREATE TABLE IF NOT EXISTS `auth_user_groups` (
  `id` int(11) NOT NULL AUTO_INCREMENT,
  `user_id` int(11) NOT NULL,
  `group_id` int(11) NOT NULL,
  PRIMARY KEY (`id`),
  UNIQUE KEY `user_id` (`user_id`,`group_id`),
  KEY `group_id_refs_id_f116770` (`group_id`)
) ENGINE=MyISAM DEFAULT CHARSET=latin1 AUTO_INCREMENT=1 ;

--
-- Contenu de la table `auth_user_groups`
--


-- --------------------------------------------------------

--
-- Structure de la table `auth_user_user_permissions`
--

CREATE TABLE IF NOT EXISTS `auth_user_user_permissions` (
  `id` int(11) NOT NULL AUTO_INCREMENT,
  `user_id` int(11) NOT NULL,
  `permission_id` int(11) NOT NULL,
  PRIMARY KEY (`id`),
  UNIQUE KEY `user_id` (`user_id`,`permission_id`),
  KEY `permission_id_refs_id_67e79cb` (`permission_id`)
) ENGINE=MyISAM  DEFAULT CHARSET=latin1 AUTO_INCREMENT=318 ;

--
-- Contenu de la table `auth_user_user_permissions`
--

INSERT INTO `auth_user_user_permissions` (`id`, `user_id`, `permission_id`) VALUES
(267, 2, 69),
(266, 2, 68),
(265, 2, 67),
(264, 2, 66),
(263, 2, 65),
(262, 2, 64),
(261, 2, 63),
(260, 2, 62),
(259, 2, 61),
(258, 2, 60),
(257, 2, 59),
(256, 2, 58),
(255, 2, 57),
(254, 2, 56),
(253, 2, 55),
(252, 2, 54),
(251, 2, 53),
(250, 2, 52),
(249, 2, 51),
(248, 2, 50),
(247, 2, 49),
(246, 2, 48),
(245, 2, 47),
(244, 2, 46),
(243, 2, 42),
(242, 2, 41),
(241, 2, 40),
(240, 2, 39),
(239, 2, 38),
(238, 2, 37),
(237, 2, 36),
(236, 2, 35),
(235, 2, 34),
(234, 2, 33),
(233, 2, 32),
(232, 2, 31),
(270, 3, 25),
(271, 3, 26),
(272, 3, 27),
(273, 3, 31),
(274, 3, 32),
(275, 3, 33),
(276, 3, 34),
(277, 3, 35),
(278, 3, 36),
(279, 3, 37),
(280, 3, 38),
(281, 3, 39),
(282, 3, 40),
(283, 3, 41),
(284, 3, 42),
(285, 3, 46),
(286, 3, 47),
(287, 3, 48),
(288, 3, 49),
(289, 3, 50),
(290, 3, 51),
(291, 3, 52),
(292, 3, 53),
(293, 3, 54),
(294, 3, 55),
(295, 3, 56),
(296, 3, 57),
(297, 3, 58),
(298, 3, 59),
(299, 3, 60),
(300, 3, 61),
(301, 3, 62),
(302, 3, 63),
(303, 3, 64),
(304, 3, 65),
(305, 3, 66),
(306, 3, 67),
(307, 3, 68),
(308, 3, 69),
(309, 3, 70),
(310, 3, 71),
(311, 3, 72),
(312, 3, 73),
(313, 3, 74),
(314, 3, 75),
(315, 3, 76),
(316, 3, 77),
(317, 3, 78);

-- --------------------------------------------------------

--
-- Structure de la table `bo_commande`
--

CREATE TABLE IF NOT EXISTS `bo_commande` (
  `id` int(11) NOT NULL AUTO_INCREMENT,
  `nom` varchar(45) NOT NULL,
  `prenom` varchar(45) NOT NULL,
  `telephone` varchar(45) NOT NULL,
  `email` varchar(45) NOT NULL,
  `commentaires` longtext NOT NULL,
  `date` date NOT NULL,
  `heure` time NOT NULL,
  `totalCommande` double NOT NULL,
  `texteCommande` longtext NOT NULL,
  `restaurant_id` int(11) NOT NULL,
  PRIMARY KEY (`id`),
  KEY `bo_commande_restaurant_id` (`restaurant_id`)
) ENGINE=MyISAM  DEFAULT CHARSET=utf8 AUTO_INCREMENT=47 ;

--
-- Contenu de la table `bo_commande`
--

INSERT INTO `bo_commande` (`id`, `nom`, `prenom`, `telephone`, `email`, `commentaires`, `date`, `heure`, `totalCommande`, `texteCommande`, `restaurant_id`) VALUES
(16, 'test', 'tedt', '0000000000', '', '\nTest', '2012-02-14', '11:15:00', 15.24, 'Prenom : tedt<br>Nom : test<br>Téléphone : 0000000000<br>Commentaires : \nTest<br>Date et Heure : Le 14 févr. 2012 à 11:15<br><br>Contenu de la commande : <br>- 1 entrée 7=15.24€<br>=> TOTAL = 15.24€', 2),
(15, 'test', 'test', '0000000000', '', '\nTest', '2012-02-10', '10:43:00', 19.24, 'Prenom : test<br>Nom : test<br>Téléphone : 0000000000<br>Commentaires : \nTest<br>Date et Heure : Le 10 févr. 2012 à 10:43<br><br>Contenu de la commande : <br>- 1 entrée 3=4.00€<br>- 1 entrée 4=15.24€<br>=> TOTAL = 19.24€', 2),
(14, 'test', 'test', '0000000000', '', '\nTest\n', '2012-02-10', '09:39:00', 55.48, 'Prenom : test<br>Nom : test<br>Téléphone : 0000000000<br>Commentaires : \nTest\n<br>Date et Heure : Le 10 févr. 2012 à 09:39<br><br>Contenu de la commande : <br>- 2 Crêpes entrée 1=25.00€<br>- 2 entrée 7=30.48€<br>=> TOTAL = 55.48€', 2),
(11, 'test', 'test', '0000000000', '', '\nTest', '2012-02-09', '22:14:00', 30.48, 'Prenom : test<br>Nom : test<br>Téléphone : 0000000000<br>Commentaires : \nTest<br>Date et Heure : Le 9 févr. 2012 à 22:14<br><br>Contenu de la commande : <br>- 2 entrée 5=30.48€<br>=> TOTAL = 30.48€', 2),
(12, 'test', 'test', '0000000000', '', '\nTest', '2012-02-09', '22:17:00', 15.24, 'Prenom : test<br>Nom : test<br>Téléphone : 0000000000<br>Commentaires : \nTest<br>Date et Heure : Le 9 févr. 2012 à 22:17<br><br>Contenu de la commande : <br>- 1 entrée 4=15.24€<br>=> TOTAL = 15.24€', 2),
(13, 'test', 'test', '0000000000', '', 'Test', '2012-02-09', '22:27:00', 37.349998, 'Prenom : test<br>Nom : test<br>Téléphone : 0000000000<br>Commentaires : Test<br>Date et Heure : Le 9 févr. 2012 à 22:27<br><br>Contenu de la commande : <br>- 3 Crêpes entrée 2=37.35€<br>=> TOTAL = 37.35€', 2),
(17, 'titi', 'toto', '0633333333', '', '', '2012-02-20', '11:25:00', 15.24, 'Prenom : toto<br>Nom : titi<br>Téléphone : 0633333333<br>Commentaires : <br>Date et Heure : Le 20 févr. 2012 à 11:25<br><br>Contenu de la commande : <br>- 1 entrée 5=15.24€<br>=> TOTAL = 15.24€', 2),
(18, 'farache', 'roger22', '0609306355', '', '(null)', '2012-02-20', '21:50:00', 8, 'Prenom : roger22<br>Nom : farache<br>Téléphone : 0609306355<br>Commentaires : (null)<br>Date et Heure : Le 20 févr. 2012 à 21:50<br><br>Contenu de la commande : <br>- 2 entrée 3=8.00€<br>=> TOTAL = 8.00€', 2),
(19, 'surbier', 'christophe', '0678033178', '', 'Commande', '2012-02-21', '15:29:00', 47.950001, 'Prenom : christophe<br>Nom : surbier<br>Téléphone : 0678033178<br>Commentaires : Commande<br>Date et Heure : Le 21 févr. 2012 à 15:29<br><br>Contenu de la commande : <br>- 1 Crêpes plat 1=14.00€<br>- 1 Crêpes entrée 1=12.50€<br>- 1 Crêpes dessert 1=9.00€<br>- 1 Crêpes entrée 2=12.45€<br>=> TOTAL = 47.95€', 2),
(20, 'farache', 'roger22', '0609306393', '', '(null)', '2012-02-21', '20:35:00', 28.9, 'Prenom : roger22<br>Nom : farache<br>Téléphone : 0609306393<br>Commentaires : (null)<br>Date et Heure : Le 21 févr. 2012 à 20:35<br><br>Contenu de la commande : <br>- 1 entrée 3=4.00€<br>- 2 Crêpes entrée 2=24.90€<br>=> TOTAL = 28.90€', 2),
(21, 'farache2', 'roger2', '0609306399', '', '', '2012-02-24', '13:40:00', 12.45, 'Prenom : roger2<br>Nom : farache2<br>Téléphone : 0609306399<br>Commentaires : <br>Date et Heure : Le 24 févr. 2012 à 13:40<br><br>Contenu de la commande : <br>- 1 Crêpes entrée 2=12.45€<br>=> TOTAL = 12.45€', 2),
(22, 'surbier', 'christophe', '0678033178', '', 'Essai christophe', '2012-02-24', '18:45:00', 37.450001, 'Prenom : christophe<br>Nom : surbier<br>Téléphone : 0678033178<br>Commentaires : Essai christophe<br>Date et Heure : Le 24 févr. 2012 à 18:45<br><br>Contenu de la commande : <br>- 2 Crêpes entrée 1=25.00€<br>- 1 Crêpes entrée 2=12.45€<br>=> TOTAL = 37.45€', 2),
(23, 'surbier', 'christophe', '0678033178', '', 'Essai christophe', '2012-02-24', '18:45:00', 37.450001, 'Prenom : christophe<br>Nom : surbier<br>Téléphone : 0678033178<br>Commentaires : Essai christophe<br>Date et Heure : Le 24 févr. 2012 à 18:45<br><br>Contenu de la commande : <br>- 2 Crêpes entrée 1=25.00€<br>- 1 Crêpes entrée 2=12.45€<br>=> TOTAL = 37.45€', 2),
(24, 'far1', 'rog1', '0609306355', '', '', '2012-02-24', '19:05:00', 25, 'Prenom : rog1<br>Nom : far1<br>Téléphone : 0609306355<br>Commentaires : <br>Date et Heure : Le 24 févr. 2012 à 19:05<br><br>Contenu de la commande : <br>- 2 Crêpes entrée 1=25.00€<br>=> TOTAL = 25.00€', 2),
(25, 'far1', 'rog1', '0609306355', '', '', '2012-02-24', '20:00:00', 37.5, 'Prenom : rog1<br>Nom : far1<br>Téléphone : 0609306355<br>Commentaires : <br>Date et Heure : Le 24 févr. 2012 à 20:00<br><br>Contenu de la commande : <br>- 1 Crêpes plat 1=14.00€<br>- 1 Crêpes entrée 1=12.50€<br>- 1 Crêpes dessert 1=9.00€<br>- 1 Eau pétillante 3 Mon restau=2.00€<br>=> TOTAL = 37.50€', 2),
(26, 'far1', 'rog1', '0609306355', '', '', '2012-02-24', '20:05:00', 25, 'Prenom : rog1<br>Nom : far1<br>Téléphone : 0609306355<br>Commentaires : <br>Date et Heure : Le 24 févr. 2012 à 20:05<br><br>Contenu de la commande : <br>- 2 Crêpes entrée 1=25.00€<br>=> TOTAL = 25.00€', 2),
(27, 'aaa', 'aaa', '0600000000', '', '', '2012-02-24', '20:40:00', 25, 'Prenom : aaa<br>Nom : aaa<br>Téléphone : 0600000000<br>Commentaires : <br>Date et Heure : Le 24 févr. 2012 à 20:40<br><br>Contenu de la commande : <br>- 2 Crêpes entrée 1=25.00€<br>=> TOTAL = 25.00€', 2),
(28, 'far1', 'rog1', '0609306311', '', '', '2012-02-26', '17:35:00', 8, 'Prenom : rog1<br>Nom : far1<br>Téléphone : 0609306311<br>Commentaires : <br>Date et Heure : Le 26 févr. 2012 à 17:35<br><br>Contenu de la commande : <br>- 2 entrée 3=8.00€<br>=> TOTAL = 8.00€', 2),
(29, 'far1', 'rog1', '0609306311', '', '', '2012-02-26', '18:00:00', 25, 'Prenom : rog1<br>Nom : far1<br>Téléphone : 0609306311<br>Commentaires : <br>Date et Heure : Le 26 févr. 2012 à 18:00<br><br>Contenu de la commande : <br>- 2 Crêpes entrée 1=25.00€<br>=> TOTAL = 25.00€', 2),
(30, 'far1', 'rog1', '0609306311', '', '', '2012-02-27', '17:25:00', 28.950001, 'Prenom : rog1<br>Nom : far1<br>Téléphone : 0609306311<br>Commentaires : <br>Date et Heure : Le 27 févr. 2012 à 17:25<br><br>Contenu de la commande : <br>- 1 Crêpes entrée 1=12.50€<br>- 1 Crêpes entrée 2=12.45€<br>- 1 entrée 3=4.00€<br>=> TOTAL = 28.95€', 2),
(31, 'far1', 'rog1', '0609306311', '', '', '2012-02-29', '09:35:00', 16.450001, 'Prenom : rog1<br>Nom : far1<br>Téléphone : 0609306311<br>Commentaires : <br>Date et Heure : Le 29 févr. 2012 à 09:35<br><br>Contenu de la commande : <br>- 1 entrée 3=4.00€<br>- 1 Crêpes entrée 2=12.45€<br>=> TOTAL = 16.45€', 2),
(32, 'far1', 'rog1', '0609306311', '', '', '2012-02-28', '09:45:00', 4, 'Prenom : rog1<br>Nom : far1<br>Téléphone : 0609306311<br>Commentaires : <br>Date et Heure : Le 28 févr. 2012 à 09:45<br><br>Contenu de la commande : <br>- 1 entrée 3=4.00€<br>=> TOTAL = 4.00€', 2),
(33, 'far1', 'rog1', '0609306311', '', '', '2012-02-28', '09:45:00', 24.950001, 'Prenom : rog1<br>Nom : far1<br>Téléphone : 0609306311<br>Commentaires : <br>Date et Heure : Le 28 févr. 2012 à 09:45<br><br>Contenu de la commande : <br>- 1 Crêpes entrée 1=12.50€<br>- 1 Crêpes entrée 2=12.45€<br>=> TOTAL = 24.95€', 2),
(34, 'tedt', 'yedt', '060000000000', '', '', '2012-02-28', '16:26:00', 37.400002, 'Prenom : yedt<br>Nom : tedt<br>Téléphone : 060000000000<br>Commentaires : <br>Date et Heure : Le 28 févr. 2012 à 16:26<br><br>Contenu de la commande : <br>- 1 Crêpes entrée 1=12.50€<br>- 2 Crêpes entrée 2=24.90€<br>=> TOTAL = 37.40€', 2),
(35, 'Farache', 'Roger', '0609306388', '', '', '2012-03-01', '11:24:00', 8, 'Prenom : Roger<br>Nom : Farache<br>Téléphone : 0609306388<br>Commentaires : <br>Date et Heure : Le 1 mars 2012 à 11:24<br><br>Contenu de la commande : <br>- 2 entrée 3=8.00€<br>=> TOTAL = 8.00€', 2),
(36, 'Farache', 'Roger', '0609306388', '', '', '2012-03-01', '11:31:00', 0, 'Prenom : Roger<br>Nom : Farache<br>Téléphone : 0609306388<br>Commentaires : <br>Date et Heure : Le 1 mars 2012 à 11:31<br><br>Contenu de la commande : <br>=> TOTAL = 0.00€', 2),
(37, 'Farache', 'Roger', '0609306388', '', '', '2012-03-01', '16:49:00', 103.039993, 'Prenom : Roger<br>Nom : Farache<br>Téléphone : 0609306388<br>Commentaires : <br>Date et Heure : Le 1 mars 2012 à 16:49<br><br>Contenu de la commande : <br>- 2 entrée 4=30.48€<br>- 2 entrée 6=8.00€<br>- 2 Aaaaa=24.00€<br>- 2 Crêpes plat 2=22.00€<br>- 2 Crêpes dessert 1=18.00€<br>- 1 Crêpes dessert 2=0.56€<br>=> TOTAL = 103.04€', 2),
(38, 'Farache', 'Roger', '0609306388', '', '', '2012-03-01', '16:50:00', 30.48, 'Prenom : Roger<br>Nom : Farache<br>Téléphone : 0609306388<br>Commentaires : <br>Date et Heure : Le 1 mars 2012 à 16:50<br><br>Contenu de la commande : <br>- 2 entrée 4=30.48€<br>=> TOTAL = 30.48€', 2),
(39, 'Farache', 'Roger', '0609306388', '', '', '2012-03-01', '17:05:00', 51, 'Prenom : Roger<br>Nom : Farache<br>Téléphone : 0609306388<br>Commentaires : <br>Date et Heure : Le 1 mars 2012 à 17:05<br><br>Contenu de la commande : <br>- 2 Crêpes entrée 1=25.00€<br>- 2 entrée 3=8.00€<br>- 2 Crêpes dessert 1=18.00€<br>=> TOTAL = 51.00€', 2),
(40, 'farac', 'roger', '0609306399', '', '', '2012-03-01', '17:05:00', 12.5, 'Prenom : roger<br>Nom : farac<br>Téléphone : 0609306399<br>Commentaires : <br>Date et Heure : Le 1 mars 2012 à 17:05<br><br>Contenu de la commande : <br>- 1 Crêpes entrée 1=12.50€<br>=> TOTAL = 12.50€', 2),
(41, 'test', 'test', '0600000000', '', '', '2012-03-01', '20:18:00', 19.24, 'Prenom : test<br>Nom : test<br>Téléphone : 0600000000<br>Commentaires : <br>Date et Heure : Le 1 mars 2012 à 20:18<br><br>Contenu de la commande : <br>- 1 entrée 9=4.00€<br>- 1 entrée 4=15.24€<br>=> TOTAL = 19.24€', 2),
(42, 'farache', 'roger', '0612345678', '', '', '2012-03-03', '11:45:00', 29, 'Prenom : roger<br>Nom : farache<br>Téléphone : 0612345678<br>Commentaires : <br>Date et Heure : Le 3 mars 2012 à 11:45<br><br>Contenu de la commande : <br>- 2 Crêpes entrée 1=25.00€<br>- 1 entrée 8=4.00€<br>=> TOTAL = 29.00€', 2),
(43, 'farache', 'roger', '0612345678', '', '', '2012-03-04', '18:52:00', 60.959999, 'Prenom : roger<br>Nom : farache<br>Téléphone : 0612345678<br>Commentaires : <br>Date et Heure : Le 4 mars 2012 à 18:52<br><br>Contenu de la commande : <br>- 2 entrée 5=30.48€<br>- 2 entrée 7=30.48€<br>=> TOTAL = 60.96€', 2),
(44, 'test', 'test', '0800000000', '', '', '2012-05-10', '11:10:00', 12, 'Prenom : test<br>Nom : test<br>Téléphone : 0800000000<br>Commentaires : <br>Date et Heure : Le 10 mai 2012 à 11:10<br><br>Contenu de la commande : <br>- 3 Capuccino de cèpes et châtaignes=12.00€<br>=> TOTAL = 12.00€', 2),
(45, 'yrdy', 'yrdy', '0101010101', '', '', '2012-05-10', '11:24:00', 14, 'Prenom : yrdy<br>Nom : yrdy<br>Téléphone : 0101010101<br>Commentaires : <br>Date et Heure : Le 10 mai 2012 à 11:24<br><br>Contenu de la commande : <br>- 1 Tatin de Boudin=14.00€<br>=> TOTAL = 14.00€', 2),
(46, 'de la semaine', 'de', '01466666', '', '', '0000-00-00', '20:00:00', 24.95, '- 1 Ravioles du Dauphiné=12.45€- 1 Risotto crémeux=12.5€', 2);

-- --------------------------------------------------------

--
-- Structure de la table `bo_langue`
--

CREATE TABLE IF NOT EXISTS `bo_langue` (
  `id` int(11) NOT NULL AUTO_INCREMENT,
  `libelle` varchar(80) CHARACTER SET latin1 NOT NULL,
  PRIMARY KEY (`id`)
) ENGINE=MyISAM  DEFAULT CHARSET=utf8 AUTO_INCREMENT=7 ;

--
-- Contenu de la table `bo_langue`
--

INSERT INTO `bo_langue` (`id`, `libelle`) VALUES
(1, 'Français'),
(2, 'Anglais'),
(3, 'Espagnol'),
(4, 'Allemand'),
(5, 'Russe');

-- --------------------------------------------------------

--
-- Structure de la table `bo_livraison`
--

CREATE TABLE IF NOT EXISTS `bo_livraison` (
  `id` int(11) NOT NULL AUTO_INCREMENT,
  `nom` varchar(45) NOT NULL,
  `prenom` varchar(45) NOT NULL,
  `telephone` varchar(45) NOT NULL,
  `email` varchar(45) NOT NULL,
  `adresse1` varchar(255) NOT NULL,
  `adresse2` varchar(255) NOT NULL,
  `codePostal` varchar(45) NOT NULL,
  `ville` varchar(45) NOT NULL,
  `digicode1` varchar(45) NOT NULL,
  `digicode2` varchar(45) NOT NULL,
  `commentaires` longtext NOT NULL,
  `date` date NOT NULL,
  `heure` time NOT NULL,
  `totalLivraison` double NOT NULL,
  `fraisDePort` double NOT NULL,
  `texteLivraison` longtext NOT NULL,
  `restaurant_id` int(11) NOT NULL,
  PRIMARY KEY (`id`),
  KEY `bo_livraison_restaurant_id` (`restaurant_id`)
) ENGINE=MyISAM  DEFAULT CHARSET=utf8 AUTO_INCREMENT=35 ;

--
-- Contenu de la table `bo_livraison`
--

INSERT INTO `bo_livraison` (`id`, `nom`, `prenom`, `telephone`, `email`, `adresse1`, `adresse2`, `codePostal`, `ville`, `digicode1`, `digicode2`, `commentaires`, `date`, `heure`, `totalLivraison`, `fraisDePort`, `texteLivraison`, `restaurant_id`) VALUES
(5, 'test', 'test', '0888888888', '', 'test', 'test', '85444', 'test', '', '(null)', '', '2012-02-07', '12:20:00', 12.5, 10, 'Prenom : test<br>Nom : test<br>Téléphone : 0888888888<br>Adresse 1 : test<br>Adresse 2 : test<br>Ville : test<br>Code postal : 85444<br>Digicode 1 : <br>Digicode 2 : (null)<br>Commentaires : <br>Date et Heure : Le 7 févr. 2012 à 12:20<br><br>Contenu de la commande : <br>- 1 Crêpes entrée 1=12.50€<br>=> TOTAL = 12.50€', 2),
(6, 'tes', 'test', '0888888888', '', 'test', 'test', '', 'test', '(null)', '(null)', 'Test', '2012-02-07', '12:25:00', 12.5, 10, 'Prenom : test<br>Nom : tes<br>Téléphone : 0888888888<br>Adresse 1 : test<br>Adresse 2 : test<br>Ville : test<br>Code postal : <br>Digicode 1 : (null)<br>Digicode 2 : (null)<br>Commentaires : Test<br>Date et Heure : Le 7 févr. 2012 à 12:25<br><br>Contenu de la commande : <br>- 1 Crêpes entrée 1=12.50€<br>=> TOTAL = 12.50€', 2),
(7, 'trst', 'test', '0000000000', '', 'test', 'tedt', '00000', 'test', 'pp', 'pp', '\nTest', '2012-02-10', '10:42:00', 30.48, 10, 'Prenom : test<br>Nom : trst<br>Téléphone : 0000000000<br>Adresse 1 : test<br>Adresse 2 : tedt<br>Ville : test<br>Code postal : 00000<br>Digicode 1 : pp<br>Digicode 2 : pp<br>Commentaires : \nTest<br>Date et Heure : Le 10 févr. 2012 à 10:42<br><br>Contenu de la commande : <br>- 1 entrée 5=15.24€<br>- 1 entrée 4=15.24€<br>=> TOTAL = 30.48€', 2),
(8, 'yrdt', 'tedt', '0000000000', '', 'text', '', '00000', 'text', '(null)', '(null)', '', '2012-02-14', '11:21:00', 12.5, 10, 'Prenom : tedt<br>Nom : yrdt<br>Téléphone : 0000000000<br>Adresse 1 : text<br>Adresse 2 : <br>Ville : text<br>Code postal : 00000<br>Digicode 1 : (null)<br>Digicode 2 : (null)<br>Commentaires : <br>Date et Heure : Le 14 févr. 2012 à 11:21<br><br>Contenu de la commande : <br>- 1 Crêpes entrée 1=12.50€<br>=> TOTAL = 12.50€', 2),
(9, 'titi', 'toto', '0633333333', '', 'ad1', 'ad2', '56333', 'test', '111', '222', '', '2012-02-20', '11:35:00', 4, 10, 'Prenom : toto<br>Nom : titi<br>Téléphone : 0633333333<br>Adresse 1 : ad1<br>Adresse 2 : ad2<br>Ville : test<br>Code postal : 56333<br>Digicode 1 : 111<br>Digicode 2 : 222<br>Commentaires : <br>Date et Heure : Le 20 févr. 2012 à 11:35<br><br>Contenu de la commande : <br>- 1 entrée 3=4.00€<br>=> TOTAL = 4.00€', 2),
(10, 'test', 'doro', '061313131313', '', 'ad1', 'ad2', '95444', 'ma ville', '111', '222', '', '2012-02-20', '11:45:00', 30.48, 10, 'Prenom : doro<br>Nom : test<br>Téléphone : 061313131313<br>Adresse 1 : ad1<br>Adresse 2 : ad2<br>Ville : ma ville<br>Code postal : 95444<br>Digicode 1 : 111<br>Digicode 2 : 222<br>Commentaires : <br>Date et Heure : Le 20 févr. 2012 à 11:45<br><br>Contenu de la commande : <br>- 2 entrée 4=30.48€<br>=> TOTAL = 30.48€', 2),
(11, 'farache', 'roger22', '0609306393', '', 'trs', '', '75017', 'paris', '', '(null)', '', '2012-02-21', '20:30:00', 8, 10, 'Prenom : roger22<br>Nom : farache<br>Téléphone : 0609306393<br>Adresse 1 : trs<br>Adresse 2 : <br>Ville : paris<br>Code postal : 75017<br>Digicode 1 : <br>Digicode 2 : (null)<br>Commentaires : <br>Date et Heure : Le 21 févr. 2012 à 20:30<br><br>Contenu de la commande : <br>- 2 entrée 3=8.00€<br>=> TOTAL = 8.00€', 2),
(12, 'surbier', 'christophe', '0678033178', '', '43 bd de magenta', '', '75010', 'paris', '54b86', '(null)', 'Pas de commentaires', '2012-02-28', '18:07:00', 24.950001, 10, 'Prenom : christophe<br>Nom : surbier<br>Téléphone : 0678033178<br>Adresse 1 : 43 bd de magenta<br>Adresse 2 : <br>Ville : paris<br>Code postal : 75010<br>Digicode 1 : 54b86<br>Digicode 2 : (null)<br>Commentaires : Pas de commentaires<br>Date et Heure : Le 28 févr. 2012 à 18:07<br><br>Contenu de la commande : <br>- 1 Crêpes entrée 1=12.50€<br>- 1 Crêpes entrée 2=12.45€<br>=> TOTAL = 24.95€', 2),
(13, 'far1', 'rog1', '0609306311', '', 'rrrff', '(null)', '75000', 'paris', '1122', '(null)', '', '2012-02-27', '18:45:00', 24.9, 10, 'Prenom : rog1<br>Nom : far1<br>Téléphone : 0609306311<br>Adresse 1 : rrrff<br>Adresse 2 : (null)<br>Ville : paris<br>Code postal : 75000<br>Digicode 1 : 1122<br>Digicode 2 : (null)<br>Commentaires : <br>Date et Heure : Le 27 févr. 2012 à 18:45<br><br>Contenu de la commande : <br>- 2 Crêpes entrée 2=24.90€<br>=> TOTAL = 24.90€', 2),
(14, 'far1', 'rog1', '0609306311', '', 'rrrff', '(null)', '75000', 'paris', '1122', '(null)', '', '2012-02-27', '18:45:00', 25, 10, 'Prenom : rog1<br>Nom : far1<br>Téléphone : 0609306311<br>Adresse 1 : rrrff<br>Adresse 2 : (null)<br>Ville : paris<br>Code postal : 75000<br>Digicode 1 : 1122<br>Digicode 2 : (null)<br>Commentaires : <br>Date et Heure : Le 27 févr. 2012 à 18:45<br><br>Contenu de la commande : <br>- 2 Crêpes entrée 1=25.00€<br>=> TOTAL = 25.00€', 2),
(15, 'far1', 'rog1', '0609306311', '', 'rrrff', '(null)', '75000', 'paris', '1122', '(null)', '', '2012-02-28', '09:35:00', 50.350002, 10, 'Prenom : rog1<br>Nom : far1<br>Téléphone : 0609306311<br>Adresse 1 : rrrff<br>Adresse 2 : (null)<br>Ville : paris<br>Code postal : 75000<br>Digicode 1 : 1122<br>Digicode 2 : (null)<br>Commentaires : <br>Date et Heure : Le 28 févr. 2012 à 09:35<br><br>Contenu de la commande : <br>- 1 Crêpes dessert 2=0.56€<br>- 1 Crêpes plat 1=14.00€<br>- 1 Eau pétillante 3 Mon restau=2.00€<br>- 1 entrée 10=15.24€<br>- 1 Vin rouge pour mon restau=3.00€<br>- 1 Coca Mon restau=1.00€<br>- 1 Crêpes entrée 2=12.45€<br>- 1 Eau plate Mon restau=2.10€<br>=> TOTAL = 50.35€', 2),
(16, 'aaa', 'aaa', '0600000000', '', 'test', 'test', '666666', 'test', 'test', '', '', '2012-02-28', '10:15:00', 33.950001, 10, 'Prenom : aaa<br>Nom : aaa<br>Téléphone : 0600000000<br>Adresse 1 : test<br>Adresse 2 : test<br>Ville : test<br>Code postal : 666666<br>Digicode 1 : test<br>Digicode 2 : <br>Commentaires : <br>Date et Heure : Le 28 févr. 2012 à 10:15<br><br>Contenu de la commande : <br>- 1 Crêpes entrée 1=12.50€<br>- 1 Crêpes entrée 2=12.45€<br>- 1 Crêpes dessert 1=9.00€<br>=> TOTAL = 33.95€', 2),
(17, 'faracheipad', 'rogeripad', '0609306393', '', 'yyyy', '(null)', '33333', 'oikk', '(null)', '(null)', '', '2012-02-28', '15:37:00', 61, 10, 'Prenom : rogeripad<br>Nom : faracheipad<br>Téléphone : 0609306393<br>Adresse 1 : yyyy<br>Adresse 2 : (null)<br>Ville : oikk<br>Code postal : 33333<br>Digicode 1 : (null)<br>Digicode 2 : (null)<br>Commentaires : <br>Date et Heure : Le 28 févr. 2012 à 15:37<br><br>Contenu de la commande : <br>- 2 Crêpes entrée 1=25.00€<br>- 2 entrée 3=8.00€<br>- 2 Crêpes plat 1=28.00€<br>=> TOTAL = 61.00€', 2),
(18, 'tedt', 'yedt', '060000000000', '', 'test', 'test', '000000', 'test', '(null)', '(null)', '', '2012-02-28', '16:27:00', 37.400002, 10, 'Prenom : yedt<br>Nom : tedt<br>Téléphone : 060000000000<br>Adresse 1 : test<br>Adresse 2 : test<br>Ville : test<br>Code postal : 000000<br>Digicode 1 : (null)<br>Digicode 2 : (null)<br>Commentaires : <br>Date et Heure : Le 28 févr. 2012 à 16:27<br><br>Contenu de la commande : <br>- 1 Crêpes entrée 1=12.50€<br>- 2 Crêpes entrée 2=24.90€<br>=> TOTAL = 37.40€', 2),
(19, 'Farache', 'Roger', '0609306388', '', 'adresse roger', '(null)', '75000', 'paris', 'azerty', '(null)', '', '2012-03-01', '16:51:00', 25, 10, 'Prenom : Roger<br>Nom : Farache<br>Téléphone : 0609306388<br>Adresse 1 : adresse roger<br>Adresse 2 : (null)<br>Ville : paris<br>Code postal : 75000<br>Digicode 1 : azerty<br>Digicode 2 : (null)<br>Commentaires : <br>Date et Heure : Le 1 mars 2012 à 16:51<br><br>Contenu de la commande : <br>- 2 Crêpes entrée 1=25.00€<br>=> TOTAL = 25.00€', 2),
(20, 'Farache', 'Roger', '0609306388', '', 'eeee', '(null)', '3455', 'ttff', 'rtyy', '(null)', '', '2012-03-01', '16:57:00', 104.859993, 10, 'Prenom : Roger<br>Nom : Farache<br>Téléphone : 0609306388<br>Adresse 1 : eeee<br>Adresse 2 : (null)<br>Ville : ttff<br>Code postal : 3455<br>Digicode 1 : rtyy<br>Digicode 2 : (null)<br>Commentaires : <br>Date et Heure : Le 1 mars 2012 à 16:57<br><br>Contenu de la commande : <br>- 2 entrée 4=30.48€<br>- 3 entrée 7=45.72€<br>- 1 entrée 3=4.00€<br>- 1 entrée 9=4.00€<br>- 1 Crêpes plat 1=14.00€<br>- 1 Crêpes plat 0=1.00€<br>- 1 Crêpes dessert 2=0.56€<br>- 1 Eau pétillante 3 Mon restau=2.00€<br>- 1 Coca Mon restau=1.00€<br>- 1 Eau plate Mon restau=2.10€<br>=> TOTAL = 104.86€', 2),
(21, 'farac', 'roger', '0609306399', '', 'trff', '(null)', '2555', 'hhh', '124', '(null)', '', '2012-03-01', '17:05:00', 12.5, 10, 'Prenom : roger<br>Nom : farac<br>Téléphone : 0609306399<br>Adresse 1 : trff<br>Adresse 2 : (null)<br>Ville : hhh<br>Code postal : 2555<br>Digicode 1 : 124<br>Digicode 2 : (null)<br>Commentaires : <br>Date et Heure : Le 1 mars 2012 à 17:05<br><br>Contenu de la commande : <br>- 1 Crêpes entrée 1=12.50€<br>=> TOTAL = 12.50€', 2),
(22, 'test', 'test', '0600000000', '', 'rte', '(null)', '(null)', 'tes', '(null)', '(null)', '', '2012-03-01', '20:18:00', 18, 10, 'Prenom : test<br>Nom : test<br>Téléphone : 0600000000<br>Adresse 1 : rte<br>Adresse 2 : (null)<br>Ville : tes<br>Code postal : (null)<br>Digicode 1 : (null)<br>Digicode 2 : (null)<br>Commentaires : <br>Date et Heure : Le 1 mars 2012 à 20:18<br><br>Contenu de la commande : <br>- 1 entrée 9=4.00€<br>- 1 entrée 3=4.00€<br>=> TOTAL = 18.00€', 2),
(23, 'test', 'test', '0600000000', '', 'test', 'test', '000000', 'test', '(null)', '(null)', '', '2012-03-01', '20:22:00', 14, 10, 'Prenom : test<br>Nom : test<br>Téléphone : 0600000000<br>Adresse 1 : test<br>Adresse 2 : test<br>Ville : test<br>Code postal : 000000<br>Digicode 1 : (null)<br>Digicode 2 : (null)<br>Commentaires : <br>Date et Heure : Le 1 mars 2012 à 20:22<br><br>Contenu de la commande : <br>- 1 entrée 8=4.00€<br>=> TOTAL = 14.00€', 2),
(24, 'test', 'test', '0600000000', '', 'ppp', '', '000000', 'test', '(null)', '(null)', 'Commentaires', '2012-03-01', '20:23:00', 18, 10, 'Prenom : test<br>Nom : test<br>Téléphone : 0600000000<br>Adresse 1 : ppp<br>Adresse 2 : <br>Ville : test<br>Code postal : 000000<br>Digicode 1 : (null)<br>Digicode 2 : (null)<br>Commentaires : <br>Date et Heure : Le 1 mars 2012 à 20:23<br><br>Contenu de la commande : <br>- 2 entrée 9=8.00€<br>=> TOTAL = 18.00€', 2),
(25, 'test', 'test', '0600000000', '', 'ppp', '', '000000', 'test', '(null)', '(null)', '', '2012-03-01', '20:23:00', 14, 10, 'Prenom : test<br>Nom : test<br>Téléphone : 0600000000<br>Adresse 1 : ppp<br>Adresse 2 : <br>Ville : test<br>Code postal : 000000<br>Digicode 1 : (null)<br>Digicode 2 : (null)<br>Commentaires : <br>Date et Heure : Le 1 mars 2012 à 20:23<br><br>Contenu de la commande : <br>- 1 entrée 8=4.00€<br>=> TOTAL = 14.00€', 2),
(26, 'test', 'test', '0000000000', '', 'test', '', '000', 'ppp', '', '', 'Ii', '2012-03-01', '20:26:00', 40.48, 10, 'Prenom : test<br>Nom : test<br>Téléphone : 0000000000<br>Adresse 1 : test<br>Adresse 2 : <br>Ville : ppp<br>Code postal : 000<br>Digicode 1 : <br>Digicode 2 : <br>Commentaires : Ii<br>Date et Heure : Le 1 mars 2012 à 20:26<br><br>Contenu de la commande : <br>- 2 entrée 4=30.48€<br>=> TOTAL = 40.48€', 2),
(27, 'farache', 'roger', '0612345678', '', 'adresseipad', '(null)', '33333', 'parisipad', 'digipad', '(null)', '', '2012-03-03', '10:32:00', 22.450001, 10, 'Prenom : roger<br>Nom : farache<br>Téléphone : 0612345678<br>Adresse 1 : adresseipad<br>Adresse 2 : (null)<br>Ville : parisipad<br>Code postal : 33333<br>Digicode 1 : digipad<br>Digicode 2 : (null)<br>Commentaires : <br>Date et Heure : Le 3 mars 2012 à 10:32<br><br>Contenu de la commande : <br>- 1 Crêpes entrée 2=12.45€<br>=> TOTAL = 22.45€', 2),
(28, 'farache', 'roger', '0612345678', '', 'adresseipad', '(null)', '332', 'parisipad', 'digipad', '(null)', '', '2012-03-03', '10:33:00', 14, 10, 'Prenom : roger<br>Nom : farache<br>Téléphone : 0612345678<br>Adresse 1 : adresseipad<br>Adresse 2 : (null)<br>Ville : parisipad<br>Code postal : 332<br>Digicode 1 : digipad<br>Digicode 2 : (null)<br>Commentaires : <br>Date et Heure : Le 3 mars 2012 à 10:33<br><br>Contenu de la commande : <br>- 1 entrée 8=4.00€<br>=> TOTAL = 14.00€', 2),
(29, 'farache', 'roger', '0612345678', '', 'trtt', '(null)', '(null)', 'tttt', '1123', 'az', '', '2012-03-04', '18:45:00', 90.199997, 10, 'Prenom : roger<br>Nom : farache<br>Téléphone : 0612345678<br>Adresse 1 : trtt<br>Adresse 2 : (null)<br>Ville : tttt<br>Code postal : (null)<br>Digicode 1 : 1123<br>Digicode 2 : az<br>Commentaires : <br>Date et Heure : Le 4 mars 2012 à 18:45<br><br>Contenu de la commande : <br>- 1 entrée 9=4.00€<br>- 5 entrée 7=76.20€<br>=> TOTAL = 90.20€', 2),
(30, 'test', 'test', '0600000000', '', 'test', 'test', '55', 'test', '(null)', '(null)', '', '2012-03-05', '10:55:00', 40.48, 10, 'Prenom : test<br>Nom : test<br>Téléphone : 0600000000<br>Adresse 1 : test<br>Adresse 2 : test<br>Ville : test<br>Code postal : 55<br>Digicode 1 : (null)<br>Digicode 2 : (null)<br>Commentaires : <br>Date et Heure : Le 5 mars 2012 à 10:55<br><br>Contenu de la commande : <br>- 2 entrée 4=30.48€<br>=> TOTAL = 40.48€', 2),
(31, 'test', 'test', '0000000000', '', 'test', 'test', '00', 'test', '00', '00', 'Test', '2012-04-19', '11:43:00', 46, 10, 'Prenom : test<br>Nom : test<br>Téléphone : 0000000000<br>Adresse 1 : test<br>Adresse 2 : test<br>Ville : test<br>Code postal : 00<br>Digicode 1 : 00<br>Digicode 2 : 00<br>Commentaires : Test<br>Date et Heure : Le 19 avr. 2012 à 11:43<br><br>Contenu de la commande : <br>- 2 Test de menu=36.00€<br>=> TOTAL = 46.00€', 2),
(32, 'test', 'test', '0800000000', '', 'test', 'test', '', 'test', 'test', '', '', '2012-05-10', '11:10:00', 22.5, 10, 'Prenom : test<br>Nom : test<br>Téléphone : 0800000000<br>Adresse 1 : test<br>Adresse 2 : test<br>Ville : test<br>Code postal : <br>Digicode 1 : test<br>Digicode 2 : <br>Commentaires : <br>Date et Heure : Le 10 mai 2012 à 11:10<br><br>Contenu de la commande : <br>- 1 Risotto crémeux=12.50€<br>=> TOTAL = 22.50€', 2),
(33, 'yrdy', 'yrdy', '0101010101', '', 'test', 'test', '', 'test', '(null)', '(null)', 'Commentaires', '2012-05-10', '11:26:00', 26.450001, 10, 'Prenom : yrdy<br>Nom : yrdy<br>Téléphone : 0101010101<br>Adresse 1 : test<br>Adresse 2 : test<br>Ville : test<br>Code postal : <br>Digicode 1 : (null)<br>Digicode 2 : (null)<br>Commentaires : <br>Date et Heure : Le 10 mai 2012 à 11:26<br><br>Contenu de la commande : <br>- 1 Foie gras de canard entier mi-­cuit=4.00€<br>- 1 Ravioles du Dauphiné=12.45€<br>=> TOTAL = 26.45€', 2),
(34, '', '', '01466666', '', 'de votre commande', '', '92160', 'la fin', '', '', '', '0000-00-00', '20:00:00', 26.45, 10, '- 1 Ravioles du Dauphiné=12.45€- 1 Capuccino de cèpes et châtaignes=4.0€', 2);

-- --------------------------------------------------------

--
-- Structure de la table `bo_livreor`
--

CREATE TABLE IF NOT EXISTS `bo_livreor` (
  `id` int(11) NOT NULL AUTO_INCREMENT,
  `pseudo` varchar(45) NOT NULL,
  `texte` varchar(1024) NOT NULL,
  `date` datetime NOT NULL,
  `restaurant_id` int(11) NOT NULL,
  `valide` tinyint(1) NOT NULL,
  PRIMARY KEY (`id`),
  KEY `bo_livreor_restaurant_id` (`restaurant_id`)
) ENGINE=MyISAM  DEFAULT CHARSET=utf8 AUTO_INCREMENT=34 ;

--
-- Contenu de la table `bo_livreor`
--

INSERT INTO `bo_livreor` (`id`, `pseudo`, `texte`, `date`, `restaurant_id`, `valide`) VALUES
(4, '', 'bravo', '2012-02-01 16:04:55', 2, 1),
(3, '', 'super', '2012-02-01 16:03:31', 2, 1),
(5, '', 'comment', '2012-02-01 16:05:01', 2, 1),
(6, '', 'encore', '2012-02-01 16:05:06', 2, 1),
(7, '', 'great', '2012-02-01 16:05:13', 2, 1),
(8, '', 'encore un ', '2012-02-01 16:05:39', 2, 1),
(9, '', '+ 1 avec "des guillements"', '2012-02-01 16:07:01', 2, 1),
(10, '', 'bouffe excellent', '2012-02-01 16:07:16', 2, 1),
(11, '', 'enorme', '2012-02-01 16:07:28', 2, 1),
(12, '', '10 eme commentaire', '2012-02-01 16:07:43', 2, 1),
(13, '', '11 eme', '2012-02-01 16:07:50', 2, 1),
(14, '', 'ceci est un texte avec de la longueur pour pas que ça loge et que l''on puisse tester le expand cell', '2012-02-01 16:31:10', 2, 1),
(15, '', 'super', '2012-02-10 11:19:38', 2, 1),
(16, '', 'test', '2012-02-14 11:26:23', 2, 1),
(17, '', 'ceci est in test de moi meme', '2012-02-28 13:30:41', 2, 1),
(18, '', 'ttt', '2012-03-04 18:41:00', 2, 1),
(19, 'Seb2012', 'Excellent.... A découvrir', '2012-04-06 20:23:28', 5, 1),
(20, '', 'Très sympa !!', '2012-04-07 13:04:43', 4, 1),
(21, '', 'la', '2012-04-10 16:42:19', 4, 1),
(22, '', 'bravo pour votre appli ! le bonjour savoureux à roger f. de appstaurants. Cyril Deloin', '2012-04-18 16:51:41', 4, 1),
(23, '', 'j''ai eu l''occasion de manger à plusieurs reprises au crêpes cœur. Les crêpes y sont délicieuses et généreuses! sans compter la gentillesse du personnel! je recommande fortement ce petit restau bien situé pour ensuite poursuivre la soirée dans le quartier animé des batignolles', '2012-06-16 19:23:04', 3, 1),
(24, '', 'crêpes excellentes!!! accueil extra...un petit coin super aux Batignolles. ... nous on adore....', '2012-06-20 19:42:58', 3, 1),
(25, '', 'Un endroit à découvrir aux Batignolles. Pas évident de manger de savoureuses crêpes à Paris!! Alors, pour la qualité des crêpes et le sourire de la serveuse. Courez-y!!', '2012-07-07 22:36:32', 3, 1),
(27, '', 'ceci est un test', '2013-01-16 23:28:33', 2, 1),
(28, '', 'ceci est un test', '2013-01-16 23:28:54', 2, 1),
(29, '', 'test k', '2013-01-27 22:01:30', 2, 1),
(30, '', 'super', '2013-01-28 16:10:43', 2, 1),
(31, '', 'test Android î ï', '2013-02-06 16:55:15', 2, 1),
(32, '', 'test Android', '2013-02-06 16:57:55', 2, 1),
(33, '', 'test samsung youth', '2013-02-06 20:15:54', 2, 1);

-- --------------------------------------------------------

--
-- Structure de la table `bo_menu`
--

CREATE TABLE IF NOT EXISTS `bo_menu` (
  `id` int(11) NOT NULL AUTO_INCREMENT,
  `libelle` varchar(255) NOT NULL,
  `description` blob,
  `prix` double DEFAULT NULL,
  `typeMenu_id` int(11) NOT NULL,
  `langue_id` int(11) NOT NULL,
  `restaurant_id` int(11) NOT NULL,
  `valide` tinyint(1) NOT NULL,
  `nbVote` bigint(20) DEFAULT NULL,
  `etoiles` float DEFAULT NULL,
  PRIMARY KEY (`id`),
  KEY `bo_menu_typeMenu_id` (`typeMenu_id`),
  KEY `bo_menu_langue_id` (`langue_id`),
  KEY `bo_menu_restaurant_id` (`restaurant_id`)
) ENGINE=MyISAM  DEFAULT CHARSET=utf8 AUTO_INCREMENT=580 ;

--
-- Contenu de la table `bo_menu`
--

INSERT INTO `bo_menu` (`id`, `libelle`, `description`, `prix`, `typeMenu_id`, `langue_id`, `restaurant_id`, `valide`, `nbVote`, `etoiles`) VALUES
(1, 'Risotto crémeux', 0x3c703e5269736f74746f206372266561637574653b6d6575783c2f703e, 12.5, 1, 1, 2, 1, 25, 3.19999),
(2, 'Ravioles du Dauphiné', 0x3c703e526176696f6c6573206475204461757068696e266561637574653b3c2f703e, 12.45, 1, 1, 2, 1, 4, 3.5),
(3, 'Tatin de Boudin', 0x3c703e546174696e20646520426f7564696e3c2f703e, 14, 2, 1, 2, 1, 2, 4),
(143, 'Soupe de banane', 0x3c703e536f7570652064652062616e616e653c2f703e, 11, 3, 1, 2, 1, 0, 0),
(5, 'Filet de daurade', 0x3c703e46696c657420646520646175726164653c2f703e, 11, 2, 1, 2, 1, 0, 0),
(6, 'Pastrami de dinde fumée', 0x3c703e5061737472616d692064652064696e64652066756d266561637574653b653c2f703e, 9, 2, 1, 2, 1, 0, 0),
(7, 'Salade de fruits frais exotiques', 0x3c703e53616c616465206465206672756974732066726169732065786f7469717565733c2f703e, 6, 3, 1, 2, 1, 1, 4),
(8, 'Eau pétillante 3 Mon restau', 0x4561752070c3a974696c6c616e746520706f7572206d6f6e20526573746175, 2, 4, 1, 2, 1, 0, 0),
(9, 'Coca Mon restau', 0x436f636120636c6173736971756520706f7572206d6f6e20526573746175, 1, 4, 1, 2, 1, 0, 0),
(10, 'Eau plate Mon restau', 0x45617520636c6173736971756520706f7572206d6f6e20526573746175, 2.1, 4, 1, 2, 1, 0, 0),
(11, 'Vin rouge pour mon restau', 0x56696e20636c6173736971756520706f7572206d6f6e20526573746175, 3, 4, 1, 2, 1, 0, 0),
(12, 'Capuccino de cèpes et châtaignes', 0x3c703e436170756363696e6f2064652063266567726176653b7065732065742063682661636972633b746169676e65733c2f703e, 4, 1, 1, 2, 1, 3, 4.33333),
(13, 'Ceviche de daurade', 0x3c703e4365766963686520646520646175726164653c2f703e, 15.24, 1, 1, 2, 1, 0, 0),
(14, 'Flan au foie gras', 0x3c703e466c616e20617520666f696520677261733c2f703e, 15.24, 1, 1, 2, 1, 0, 0),
(15, 'Petite assiette de charcuteries', 0x3c703e506574697465206173736965747465206465206368617263757465726965733c2f703e, 4, 1, 1, 2, 1, 0, 0),
(16, 'Pastrami de dinde fumée', 0x3c703e5061737472616d692064652064696e64652066756d266561637574653b653c2f703e, 15.24, 1, 1, 2, 1, 0, 0),
(17, 'Terrine de campagne maison', 0x3c703e54657272696e652064652063616d7061676e65206d6169736f6e3c2f703e, 4, 1, 1, 2, 1, 0, 0),
(18, 'Foie gras de canard entier mi-­cuit', 0x3c703e466f696520677261732064652063616e61726420656e74696572206d692d267368793b637569743c2f703e, 4, 1, 1, 2, 1, 0, 0),
(19, 'Poireaux vinaigrette', 0x3c703e506f6972656175782076696e61696772657474653c2f703e, 15.24, 1, 1, 2, 1, 1, 3),
(144, 'Cheese cake', 0x3c703e4368656573652063616b653c2f703e, 7, 3, 1, 2, 1, 0, 0),
(21, 'La vie devant soi', 0x3c7020636c6173733d224d736f4e6f726d616c223e3c7370616e207374796c653d22666f6e742d66616d696c793a20417269616c3b223e4c65732053616c61646573203a204d6573636c756e2c20746f6d61746573206365726973652c20636f6e636f6d6272652c20626c616e6320646520706f756c6574206772696c6c266561637574653b2c2063726f2675636972633b746f6e732c20636f7065617578206465207061726d6573616e2065742073617563652063266561637574653b7361723c2f7370616e3e3c2f703e0d0a3c7020636c6173733d224d736f4e6f726d616c223e3c7370616e207374796c653d22666f6e742d66616d696c793a20417269616c3b223e266e6273703b3c2f7370616e3e3c2f703e, 12, 1, 1, 3, 1, 0, 0),
(24, 'Au bonheur des dames ', 0x3c7020636c6173733d224d736f4e6f726d616c223e3c7370616e207374796c653d22666f6e742d66616d696c793a20417269616c3b223e4c65732053616c61646573203a204d6573636c756e2c20626c616e6320646520706f756c6574206772696c6c266561637574653b2c20746f6d617465732c206d6f7a7a6172656c6c612064692062756666616c612c20626173696c69632c206875696c65206426727371756f3b6f6c6976653c2f7370616e3e3c2f703e, 11.5, 1, 1, 3, 1, 0, 0),
(34, 'Coup d’coeur', 0x3c703e426c266561637574653b204e6f6972202d204c6573205370266561637574653b6369616c6573203a205261636c657474652c20706f6d6d65732064652074657272652c206a616d626f6e2053657272616e6f2c206372266567726176653b6d652c206d7573636164653c2f703e, 11, 2, 1, 3, 1, 0, 0),
(30, 'Les Complètes', 0x3c703e426c266561637574653b204e6f6972203a3c2f703e0d0a3c703e2d204f4575662c206a616d626f6e2c2066726f6d6167653c6272202f3e2d204f4575662c206f69676e6f6e732c2066726f6d6167653c6272202f3e2d204f4575662c2073617563697373652c2066726f6d6167653c6272202f3e2d204f4575662c2066726f6d6167652c20266561637574653b70696e617264733c6272202f3e2d204f4575662c2066726f6d6167652c746f6d617465733c6272202f3e2d204f4575662c2066726f6d616765202c206368616d7069676e6f6e733c6272202f3e2d204f4575662c206c6172646f6e732c206372266567726176653b6d65206672612669636972633b6368653c2f703e, 8, 2, 1, 3, 1, 0, 0),
(31, 'Jo’coeur', 0x3c703e426c266561637574653b204e6f6972202d4c6573205370266561637574653b6369616c6573203a204f4575662c20626f6575662068616368266561637574653b20266561637574653b706963266561637574653b2c20656d6d656e74616c2c20746f6d61746573206574206f69676e6f6e732063756974733c2f703e, 10, 2, 1, 3, 1, 0, 0),
(22, 'L’écume des jours', 0x3c7020636c6173733d224d736f4e6f726d616c223e3c7370616e207374796c653d22666f6e742d66616d696c793a20417269616c3b223e4c65732053616c61646573203a20526f7175657474652c206c616d656c6c6573206465206368616d7069676e6f6e732c20746f6d617465732073266561637574653b6368266561637574653b65732c20636f7065617578206465207061726d6573616e2c206a616d626f6e2053657272616e6f2c206369626f756c657474653c2f7370616e3e3c2f703e, 12, 1, 1, 3, 1, 0, 0),
(32, 'Crev’coeur', 0x3c703e426c266561637574653b204e6f6972202d20456d6d656e74616c2c20626c65752c20746f6d61746573206d6172696e266561637574653b65732c206a616d626f6e2053657272616e6f206574206e6f69782e3c2f703e, 10.5, 2, 1, 3, 1, 0, 0),
(33, 'Sacré coeur', 0x3c703e426c266561637574653b204e6f6972202d204c6573205370266561637574653b6369616c6573203a204368266567726176653b7672652066726169732c207361756d6f6e2066756d266561637574653b2c206369626f756c657474652c206d6573636c756d20657420636974726f6e3c2f703e, 11.5, 2, 1, 3, 1, 0, 0),
(35, 'Vain’coeur', 0x3c703e426c266561637574653b204e6f6972202d204c6573205370266561637574653b6369616c6573203a205265626c6f63686f6e2c20706f6d6d65732064652074657272652c206c6172646f6e732c206f69676e6f6e73206574206372266567726176653b6d653c2f703e, 11, 2, 1, 3, 1, 0, 0),
(36, 'Ro’coeur', 0x3c703e426c266561637574653b204e6f6972202d204c6573205370266561637574653b6369616c6573203a204f6575662c2066266561637574653b74612c2063686f72697a6f20657420706f6976726f6e73206d6172696e266561637574653b733c2f703e, 9.5, 2, 1, 3, 1, 0, 0),
(37, 'Arna’coeur', 0x3c703e426c266561637574653b204e6f6972202d204c6573205370266561637574653b6369616c6573203a20506f756c65742c206368616d7069676e6f6e732c20706f6976726f6e732c20656d6d656e74616c2c206372266567726176653b6d65206672612669636972633b6368653c2f703e, 9.5, 2, 1, 3, 1, 0, 0),
(23, 'L’attrape coeur ', 0x3c7020636c6173733d224d736f4e6f726d616c223e3c7370616e207374796c653d22666f6e742d66616d696c793a20417269616c3b223e4c65732053616c61646573266e6273703b203a204d6573636c756e2c20426c65752c20706f6d6d65732066727569742c206e6f69782c206a616d626f6e2053657272616e6f3c2f7370616e3e3c2f703e, 11, 1, 1, 3, 1, 0, 0),
(25, 'Le petit prince', 0x3c703e4c65732053616c61646573203a204d6573636c756e2c2074686f6e2c206f69676e6f6e732c20706f6976726f6e73206d6172696e266561637574653b732c20636f6e636f6d6272652c2066266561637574653b74612c20626c696e6920646520746170656e6164653c2f703e, 12, 1, 1, 3, 1, 0, 0),
(26, 'Tous les hommes en sont fous', 0x3c703e4c657320417373696574746573203a20506f6d6d65732064652074657272652c2066726f6d61676520266167726176653b207261636c6574746520666f6e6475652c206173736f7274696d656e742064652063686172637574657269652c2073616c616465206465206d6573636c756e3c2f703e, 12.5, 2, 1, 3, 1, 0, 0),
(27, 'Les hauts de Hurlevent', 0x3c703e4c657320417373696574746573203a205361756d6f6e2066756d266561637574653b2c20626c696e69732c20706f74206465206372266567726176653b6d65206672612669636972633b6368652c20636974726f6e2c20706f6d6d6573206465207465727265206574206369626f756c657474653c2f703e, 12.5, 2, 1, 3, 1, 0, 0),
(28, 'La Simple', 0x3c703e426c266561637574653b204e6f6972202d204761726e6974757265732061752063686f6978207061726d6973203a203c6272202f3e4f4575662c20456d6d656e74616c2c204a616d626f6e2c204570696e617264732c2053617563697373652c204368616d7069676e6f6e732c204f69676e6f6e732c20546f6d617465732c204c6172646f6e733c2f703e, 6, 2, 1, 3, 1, 0, 0),
(29, 'La Duo', 0x3c703e426c266561637574653b204e6f6972202d204761726e6974757265732061752063686f6978207061726d6973203a3c6272202f3e4f4575662c20456d6d656e74616c2c204a616d626f6e2c204570696e617264732c2053617563697373652c204368616d7069676e6f6e732c204f69676e6f6e732c20546f6d617465732c204c6172646f6e733c2f703e, 7, 2, 1, 3, 1, 0, 0),
(38, 'Cach’coeur', 0x3c703e426c266561637574653b204e6f6972202d204c6573205370266561637574653b6369616c6573203a204f6575662c20266561637574653b70696e6172647320266167726176653b206c61206372266567726176653b6d652c207361756d6f6e2066756d266561637574653b20657420636974726f6e3c2f703e, 11, 2, 1, 3, 1, 0, 0),
(39, 'Brise’coeur', 0x3c703e426c266561637574653b204e6f6972202d204c6573205370266561637574653b6369616c6573203a204f657566732c207261636c657474652c206f69676e6f6e732c207361756369737365206574206372266567726176653b6d653c2f703e, 11, 2, 1, 3, 1, 0, 0),
(40, 'Par’coeur', 0x3c703e426c266561637574653b204e6f6972202d204c6573205370266561637574653b6369616c6573203a204368266567726176653b7672652066726169732c20746f6d617465732073266561637574653b6368266561637574653b65732c20746170656e616465206574206c6172643c2f703e, 10, 2, 1, 3, 1, 0, 0),
(41, 'Crêp’rie', 0x3c703e426c266561637574653b204e6f6972202d204c65732044652d4c69676874203a20526f7175657474652c20746f6d61746573206365726973652c20626173696c69632c206d6f7a7a6172656c6c612064692062756666616c61206574206a616d626f6e2053657272616e6f3c2f703e, 11, 2, 1, 3, 1, 0, 0),
(42, 'Crêp’coeur', 0x3c703e426c266561637574653b204e6f6972202d204c65732044652d4c69676874203a204368266567726176653b7672652066726169732c20726f6d6172696e2c206d6573636c756e2c20706f6d6d6573206672756974732c206d69656c2c206e6f69783c2f703e, 11, 2, 1, 3, 1, 0, 0),
(43, 'Crêp’uscule', 0x3c703e426c266561637574653b204e6f6972202d204c65732044652d4c69676874203a204368266567726176653b7672652066726169732c206669677565732c20726f6d6172696e2c206c6172642c206e6f6978206574206d6573636c756e3c2f703e, 11.5, 2, 1, 3, 1, 0, 0),
(44, 'Crêp’chignon', 0x3c703e426c266561637574653b204e6f6972202d204c65732044652d4c69676874203a20526f7175657474652c2066266561637574653b74612c20706f6976726f6e73206d6172696e266561637574653b732c206d6965747465732064652074686f6e2c20657420746170656e6164653c2f703e, 11.5, 2, 1, 3, 1, 0, 0),
(45, 'Crêp’chic', 0x3c703e426c266561637574653b204e6f6972202d204c65732044652d4c69676874203a204d6573636c756e2c207361756d6f6e2066756d266561637574653b2c20746f6d61746573206365726973652c206e6f69782c206372266567726176653b6d65206672612669636972633b63686520657420636974726f6e3c2f703e, 11.5, 2, 1, 3, 1, 0, 0),
(46, 'Crêp’chouette', 0x3c703e426c266561637574653b204e6f6972202d204c65732044652d4c69676874203a20456d6d656e74616c2c2063686f72697a6f2c20746f6d61746573206d6172696e266561637574653b65732c20726f717565747465206574207061726d6573616e3c2f703e, 11, 2, 1, 3, 1, 0, 0),
(47, 'Classique Beurre & sucre', 0x3c703e46726f6d656e74203a204265757272652026616d703b2073756372653c2f703e, 3.8, 3, 1, 3, 1, 0, 0),
(48, 'Classique Chocolat maison', 0x3c703e46726f6d656e74203a2043686f636f6c6174206d6169736f6e3c2f703e, 4.8, 3, 1, 3, 1, 0, 0),
(49, 'Classique Chocolat aux cristaux de sel', 0x3c703e46726f6d656e74203a2043686f636f6c6174206175782063726973746175782064652073656c3c2f703e, 5.3, 3, 1, 3, 1, 0, 0),
(50, 'Classique Confiture', 0x3c703e46726f6d656e74203a20436f6e66697475726520286672616973652c206672616d626f6973652c206d797274696c6c652c2061627269636f74732c206f72616e6765293c2f703e, 4.8, 3, 1, 3, 1, 0, 0),
(51, 'Classique Miel', 0x3c703e46726f6d656e74203a204d69656c3c2f703e, 4.8, 3, 1, 3, 1, 0, 0),
(52, 'Classique Miel - citron / sucre - citron', 0x3c703e46726f6d656e74203a204d69656c202d20636974726f6e202f207375637265202d20636974726f6e3c2f703e, 5.3, 3, 1, 3, 1, 0, 0),
(53, 'Classique Crème de marron', 0x3c703e46726f6d656e74203a204372266567726176653b6d65206465206d6172726f6e3c2f703e, 5.3, 3, 1, 3, 1, 0, 0),
(54, 'Classique Nutella', 0x3c703e46726f6d656e74203a204e7574656c6c613c2f703e, 5.3, 3, 1, 3, 1, 0, 0),
(55, 'Classique Caramel au beurre salé maison', 0x3c703e46726f6d656e74203a20436172616d656c206175206265757272652073616c266561637574653b206d6169736f6e3c2f703e, 5.3, 3, 1, 3, 1, 0, 0),
(56, 'Classique Flambée', 0x3c703e46726f6d656e74203a20466c616d62266561637574653b6520284772616e64204d61726e6965722c205268756d2c2043616c7661646f732c20436f676e6163293c2f703e, 7, 3, 1, 3, 1, 0, 0),
(57, 'Sandra', 0x3c703e46726f6d656e74203a2042616e616e652c2063686f636f6c6174206d6169736f6e2c206368616e74696c6c79206d6169736f6e20657420676c6163652076616e696c6c653c2f703e, 7.5, 3, 1, 3, 1, 0, 0),
(58, 'Léo', 0x3c703e46726f6d656e74203a2043686f636f6c6174206d6169736f6e2c20636f636f20726170266561637574653b652c20676c61636520636f636f206574207361206368616e74696c6c79206d6169736f6e3c2f703e, 7.5, 3, 1, 3, 1, 0, 0),
(59, 'Pauline', 0x3c703e46726f6d656e74203a20506f6d6d657320636172616d266561637574653b6c6973266561637574653b65732c2063616e6e656c6c65206574206372266567726176653b6d65206672612669636972633b6368653c2f703e, 6.5, 3, 1, 3, 1, 0, 0),
(60, 'Marion', 0x3c703e46726f6d656e74203a20506f6d6d657320636172616d266561637574653b6c6973266561637574653b65732c20666c616d62266561637574653b652061752043616c7661646f732c20616d616e646573206772696c6c266561637574653b65733c2f703e, 7.5, 3, 1, 3, 1, 0, 0),
(61, 'Julie', 0x3c703e46726f6d656e74203a204e7574656c6c612c206368616e74696c6c7920657420616d616e646573206772696c6c266561637574653b65733c2f703e, 7.5, 3, 1, 3, 1, 0, 0),
(62, 'Mamou', 0x3c703e46726f6d656e74203a20436f6e666974757265206426727371756f3b6f72616e67652c2063686f636f6c61742c20666c616d62266561637574653b65206175204772616e642d4d61726e6965723c2f703e, 7.5, 3, 1, 3, 1, 0, 0),
(63, 'Rosa', 0x3c703e46726f6d656e74203a204372266567726176653b6d65206465207370266561637574653b63756c6f6f732c206272697375726573206465207370266561637574653b63756c6f6f7320657420676c6163652076616e696c6c653c2f703e, 7, 3, 1, 3, 1, 0, 0),
(64, 'Flin', 0x3c703e46726f6d656e74203a204372266567726176653b6d65206465206d6172726f6e2c2063686f636f6c6174206574206368616e74696c6c79206d6169736f6e3c2f703e, 6.5, 3, 1, 3, 1, 0, 0),
(65, 'Caïpi', 0x3c703e46726f6d656e74203a2053756372652c20636974726f6e2c206d656e746865206672612669636972633b6368652c20666c616d62266561637574653b65206175205268756d3c2f703e, 7.5, 3, 1, 3, 1, 0, 0),
(66, 'Lolo', 0x3c703e46726f6d656e74203a204c656d6f6e20637572642c206368616e74696c6c79206d6169736f6e20657420616d616e646573206772696c6c266561637574653b65733c2f703e, 7, 3, 1, 3, 1, 0, 0),
(67, 'Jet and co', 0x3c703e4672616e676970616e652c20636172616d656c206175206265757272652073616c266561637574653b20657420616d616e6465733c2f703e, 7.5, 3, 1, 3, 1, 0, 0),
(68, 'Manon', 0x3c703e46726f6d656e74203a20506f697265732c20636172616d656c206175206265757272652073616c266561637574653b20657420616d616e646573206772696c6c266561637574653b65733c2f703e, 7, 3, 1, 3, 1, 0, 0),
(69, 'Kikou', 0x3c703e46726f6d656e74203a2043686f636f6c6174206175782063726973746175782064652073656c2c20616d616e64657320657420676c616365206175206e6f756761743c2f703e, 7.5, 3, 1, 3, 1, 0, 0),
(70, 'Maréva', 0x3c703e46726f6d656e74202d204e7574656c6c612c206272697375726573206465207370266561637574653b63756c6f6f7320657420736120676c6163652076616e696c6c653c2f703e, 7.5, 3, 1, 3, 1, 0, 0),
(71, 'Pat’', 0x3c703e46726f6d656e74203a204669677565732c20726f6d6172696e2c20266561637574653b636c617473206465207061696e206426727371756f3b266561637574653b706963657320657420736120676c6163652072266561637574653b676c697373653c2f703e, 8, 3, 1, 3, 1, 0, 0),
(72, 'Ginou', 0x3c703e46726f6d656e74203a20506f6d6d657320636172616d266561637574653b6c6973266561637574653b65732c20636172616d656c206175206265757272652073616c266561637574653b206d6169736f6e2065742073657320266561637574653b636c617473206465207061696e206426727371756f3b266561637574653b70696365733c2f703e, 7.5, 3, 1, 3, 1, 0, 0),
(73, 'Fromage Blanc', 0x3c703e436173736f6e616465202f20436172616d656c206175206265757272652073616c266561637574653b206f75206d69656c3c2f703e, 5, 3, 1, 3, 1, 0, 0),
(74, 'Fromage Blanc', 0x3c703e436173736f6e616465202f20436172616d656c206175206265757272652073616c266561637574653b206f75206d69656c3c2f703e, 5.5, 3, 1, 3, 1, 0, 0),
(75, 'Glaces & Sorbets', 0x3c703e322070617266756d732061752063686f6978203a2056616e696c6c652c2063686f636f6c61742c20636166266561637574653b2c206e6f756761742c2072266561637574653b676c697373652c20636f636f2c3c6272202f3e6672616d626f6973652c20636974726f6e2c20706f6972652e3c2f703e, 5, 3, 1, 3, 1, 0, 0),
(76, 'Coupe de champagne 12cl', 0x3c703e436f757065206465206368616d7061676e65203132636c3c2f703e, 7, 4, 1, 3, 1, 0, 0),
(77, 'Kir , Kir Breton 12cl', 0x3c703e4b6972202c204b697220427265746f6e203132636c3c2f703e, 4, 4, 1, 3, 1, 0, 0),
(78, 'Kir Royal 12cl', 0x3c703e4b697220526f79616c203132636c3c2f703e, 7.5, 4, 1, 3, 1, 0, 0),
(79, 'Porto, Martini, Campari, Ricard 5cl', 0x3c703e506f72746f2c204d617274696e692c2043616d706172692c205269636172642035636c3c2f703e, 4, 4, 1, 3, 1, 0, 0),
(80, 'Whisky J&B, Vodka 5cl', 0x3c703e576869736b79204a26616d703b422c20566f646b612035636c3c2f703e, 5.5, 4, 1, 3, 1, 0, 0),
(81, 'Cidre Bolée (traditionnel ou doux) 20cl', 0x3c703e426f6c266561637574653b652028747261646974696f6e6e656c206f7520646f757829203230636c3c2f703e, 3.3, 4, 1, 3, 1, 0, 0),
(82, 'Cidre Pichet (traditionnel ou doux) 50cl', 0x3c703e5069636865742028747261646974696f6e6e656c206f7520646f757829203530636c3c2f703e, 7, 4, 1, 3, 1, 0, 0),
(83, 'Cidre Cidre Bouché Brut/doux 75cl', 0x3c703e436964726520426f756368266561637574653b20427275742f646f7578203735636c3c2f703e, 10, 4, 1, 2, 1, 0, 0),
(84, 'Cidre Artisanal ville D’Ys 75cl', 0x3c703e4369647265204172746973616e616c2076696c6c65204426727371756f3b5973203735636c3c2f703e, 13, 4, 1, 3, 1, 0, 0),
(85, 'Cidre de Poire 75cl', 0x3c703e436964726520646520506f697265203735636c3c2f703e, 11, 4, 1, 3, 1, 0, 0),
(86, 'Cidre Bio 75cl', 0x3c703e43696472652042696f203735636c3c2f703e, 11.5, 4, 1, 3, 1, 0, 0),
(87, 'Bières bouteille Heineken 33cl', 0x3c703e4865696e656b656e203333636c3c2f703e, 4, 4, 1, 3, 1, 0, 0),
(88, 'Bière bouteille Blanche Hermine 33cl', 0x3c703e426c616e636865204865726d696e65203333636c3c2f703e, 4.5, 4, 1, 3, 1, 0, 0),
(89, 'Bière bouteille Coreff Ambrée 33cl', 0x3c703e436f7265666620416d6272266561637574653b65203333636c3c2f703e, 5, 4, 1, 3, 1, 0, 0),
(90, 'Champagne 75cl', 0x3c703e4368616d7061676e65203735636c3c2f703e, 40, 4, 1, 3, 1, 0, 0),
(91, 'Digestif 4cl', 0x3c703e44696765737469662034636c3c2f703e, 6, 4, 1, 3, 1, 0, 0),
(92, 'Café/Déca Perle Noire', 0x3c703e436166266561637574653b2f44266561637574653b6361205065726c65204e6f6972653c2f703e, 2.2, 4, 1, 3, 1, 0, 0),
(93, 'Café crème', 0x3c703e436166266561637574653b206372266567726176653b6d653c2f703e, 3, 4, 1, 3, 1, 0, 0),
(94, 'Thés/Infusions', 0x3c703e5468266561637574653b732f496e667573696f6e733c2f703e, 3.5, 4, 1, 3, 1, 0, 0),
(95, 'Coca-Cola/light 33cl', 0x3c703e436f63612d436f6c612f6c69676874203333636c3c2f703e, 4, 4, 1, 3, 1, 0, 0),
(96, 'Perrier 33cl Orangina 25cl', 0x3c703e50657272696572203333636c204f72616e67696e61203235636c3c2f703e, 4, 4, 1, 3, 1, 0, 0),
(97, 'Jus de fruits Pago 20cl', 0x3c703e4a757320646520667275697473205061676f203230636c3c2f703e, 3.7, 4, 1, 3, 1, 0, 0),
(98, 'Jus de pomme artisanal 25cl', 0x3c703e4a757320646520706f6d6d65206172746973616e616c203235636c3c2f703e, 4, 4, 1, 3, 1, 0, 0),
(99, 'Bulles d’Armorique 25cl', 0x3c703e42756c6c6573206426727371756f3b41726d6f7269717565203235636c3c2f703e, 4, 4, 1, 3, 1, 0, 0),
(100, 'Evian, Badoit 50cl', 0x3c703e457669616e2c204261646f6974203530636c3c2f703e, 3.3, 4, 1, 3, 1, 0, 0),
(101, 'Evian, Badoit 1l', 0x3c703e457669616e2c204261646f697420316c3c2f703e, 4.9, 4, 1, 3, 1, 0, 0),
(102, 'Vin : Chinon aoc “R” de l’Ouvrée 15cl', 0x3c703e4368696e6f6e20616f6320266c6471756f3b5226726471756f3b206465206c26727371756f3b4f757672266561637574653b653c2f703e, 3.3, 4, 1, 3, 1, 0, 0),
(103, 'Vin : Chinon aoc “R” de l’Ouvrée - Pichet 50cl', 0x3c703e4368696e6f6e20616f6320266c6471756f3b5226726471756f3b206465206c26727371756f3b4f757672266561637574653b65202d20506963686574203530636c3c2f703e, 9, 4, 1, 3, 1, 0, 0),
(104, 'Vin : Sauvignon Rochepaille, Bordeaux aoc 15cl', 0x3c703e56696e203a205361757669676e6f6e20526f6368657061696c6c652c20426f72646561757820616f63203135636c3c2f703e, 3.3, 4, 1, 3, 1, 0, 0),
(105, 'Vin : Sauvignon Rochepaille, Bordeaux aoc - Pichet 50cl', 0x3c703e5361757669676e6f6e20526f6368657061696c6c652c20426f72646561757820616f63202d20506963686574203530636c3c2f703e, 9, 4, 1, 3, 1, 0, 0),
(106, 'Vin : Côtes de Provence “Sounaïo” 15cl', 0x3c703e43266f636972633b7465732064652050726f76656e636520266c6471756f3b536f756e612669756d6c3b6f26726471756f3b203135636c3c2f703e, 3.3, 4, 1, 3, 1, 0, 0),
(107, 'Vin : Côtes de Provence “Sounaïo” - Pichet 50cl', 0x3c703e56696e203a2043266f636972633b7465732064652050726f76656e636520266c6471756f3b536f756e612669756d6c3b6f26726471756f3b202d20506963686574203530636c3c2f703e, 9, 4, 1, 3, 1, 0, 0),
(108, 'Vin : Château Roquefort, Bordeaux, aoc', 0x3c703e56696e20726f75676520656e20626f757465696c6c6520373520636c3c2f703e0d0a3c703e43682661636972633b7465617520526f717565666f72742c20426f7264656175782c20616f633c2f703e, 20, 4, 1, 3, 1, 0, 0),
(109, 'Vin : Château de Corcelles, Brouilly, aoc', 0x3c703e56696e7320526f7567657320656e20626f757465696c6c65203735636c3c2f703e0d0a3c703e43682661636972633b7465617520646520436f7263656c6c65732c2042726f75696c6c792c20616f633c2f703e, 22, 4, 1, 3, 1, 0, 0),
(110, 'Vin : Coste-Clavelle IGP, Côtes du Rhône-villages aoc', 0x3c703e56696e7320526f7567657320656e20626f757465696c6c65203735636c3c2f703e0d0a3c703e436f7374652d436c6176656c6c65204947502c2043266f636972633b746573206475205268266f636972633b6e652d76696c6c6167657320616f633c2f703e, 18, 4, 1, 3, 1, 0, 0),
(111, 'Vin : Vin de Pays d’Oc, Chardonnay “Orchys”', 0x3c703e56696e20426c616e6320656e20626f757465696c6c65203735636c3c2f703e0d0a3c703e56696e2064652050617973206426727371756f3b4f632c2043686172646f6e6e617920266c6471756f3b4f726368797326726471756f3b3c2f703e, 20, 4, 1, 3, 1, 0, 0),
(112, 'Vin : Côté Presqu’Ile Minuty, Côtes de Provence aoc', 0x3c703e56696e7320526f73266561637574653b7320656e20626f757465696c6c65203735636c3c2f703e0d0a3c703e43266f636972633b74266561637574653b2050726573717526727371756f3b496c65204d696e7574792c2043266f636972633b7465732064652050726f76656e636520616f633c2f703e, 22, 4, 1, 3, 1, 0, 0),
(113, 'Coeur de filet de boeuf', 0x3c703e436f6575722064652066696c657420646520626f6575663c2f703e, 1, 2, 1, 2, 1, 0, 0),
(115, 'Velouté de carottes gingembre et citronnelle', 0x3c703e4875696c652064276f6c697665206574206369626f756c657474653c2f703e, 8, 1, 1, 4, 1, 0, 0),
(116, 'Ceviche de daurade royale', 0x3c703e436974726f6e20766572742c206d656e7468652c2070616d706c656d6f75737365206574206772656e6164653c2f703e, 8, 1, 1, 4, 1, 0, 0),
(117, 'Crème brûlée au foie gras', 0x3c703e436f6e6669742064276f69676e6f6e733c2f703e, 7, 1, 1, 4, 1, 0, 0),
(118, 'Petite assiette de charcuteries', 0x3c703e4a616d626f6e2053657272616e6f20657420536175636973736f6e2073656320266c6171756f3b436f6e7175657426726171756f3b2c20636f726e6963686f6e733c2f703e, 7, 1, 1, 4, 1, 0, 0),
(119, 'Pastrami de dinde fumée', 0x3c703e436f726e6963686f6e732072757373653c2f703e, 6, 1, 1, 4, 1, 0, 0),
(120, 'Terrine de campagne maison', 0x3c703e4175782063266567726176653b7065732c20636f726e6963686f6e733c2f703e, 8, 1, 1, 4, 1, 0, 0),
(121, 'Foie gras de canard entier mi-­cuit', 0x3c703e4163636f6d7061676e266561637574653b20646520636f6e666974206426727371756f3b6f69676e6f6e73206d6169736f6e3c2f703e, 13, 1, 1, 4, 1, 0, 0),
(122, 'Poireaux vinaigrette', 0x3c703e41752062616c73616d69717565206465206669677565733c2f703e, 7, 1, 1, 4, 1, 0, 0),
(123, 'Risotto crémeux de Quentin', 0x3c703e4175782043726576657474657320726f7365732c206e6f69782064652063616a6f752c20636f7269616e64726520657420636f7065617578206465207061726d6573616e3c2f703e, 17, 2, 1, 4, 1, 0, 0),
(124, 'Ravioles du Dauphiné', 0x3c703e4372266567726176653b6d652c206369626f756c657474652c20706973746f7520657420636f7065617578206465207061726d6573616e3c2f703e, 14, 2, 1, 4, 1, 0, 0),
(125, 'Tatin de Boudin', 0x3c703e506f6d6d657320636172616d266561637574653b6c6973266561637574653b6573206574206d266561637574653b6c616e67652064652073616c616465732066726169636865732061752076696e61696772652062616c73616d69717565206465206669677565733c2f703e, 16, 2, 1, 4, 1, 0, 0),
(126, 'Tartare de saumon "Taxi-Brousse"', 0x3c703e436f6e636f6d627265206574206368266567726176653b767265206672616973206d266561637574653b6c616e67652064652073616c61646573206672612669636972633b636865732061752076696e61696772652062616c73616d69717565206465206669677565733c2f703e, 17, 2, 1, 4, 1, 0, 0),
(127, 'Pastrami de dinde fumée, purée', 0x3c703e4369626f756c6574746520657420636f7065617578206465207061726d6573616e3c2f703e, 13, 2, 1, 4, 1, 0, 0),
(128, 'Salade de la Cantine au Poulet', 0x3c703e546f6d617465732c2063726f75746f6e2c2070616d706c656d6f757373652c2073617563652c20636f7065617578206465207061726d6573616e3c2f703e, 16, 2, 1, 4, 1, 0, 0),
(129, 'Tartare de boeuf', 0x3c703e47726174696e206461757068696e6f6973206f7520707572266561637574653b65206d6169736f6e2c20636f6575722064652073756372696e653c2f703e, 18, 2, 1, 4, 1, 0, 0),
(130, 'Assiette Terroirs', 0x3c703e54657272696e652a2064652063616d7061676e65206d6169736f6e2c206a616d626f6e2053657272616e6f2c20536175636973736f6e2073656320266c6171756f3b6d6169736f6e20436f6e7175657426726171756f3b2c20636f726e6963686f6e732066696e732c205374204d617263656c6c696e2a2c20436f6d74266561637574653b203234206d6f69732a2065742043616d656d62657274206175206c616974206372753c2f703e, 17, 2, 1, 4, 1, 0, 0),
(131, 'Confit de Canard', 0x3c703e47726174696e204461757068696e6f6973206d6169736f6e2c206d266561637574653b6c616e67652064652073616c61646573206672612669636972633b636865733c2f703e, 18, 2, 1, 4, 1, 0, 0),
(132, 'Assortiment de fromages', 0x3c703e5374204d617263656c6c696e2c20436f6d74266561637574653b203234206d6f69732065742043616d656d62657274206175206c616974206372752e3c2f703e, 9, 3, 1, 4, 1, 0, 0),
(133, 'Un fromage au choix', 0x3c703e5374204d617263656c6c696e2c20436f6d74266561637574653b203234206d6f69732c2043616d656d62657274206175206c616974206372753c2f703e, 6, 3, 1, 4, 1, 0, 0),
(134, 'Panacotta à la gousse de vanille', 0x3c703e436f756c69732064652066727569747320726f7567653c2f703e, 8, 3, 1, 4, 1, 0, 0),
(135, 'Cheese cake de la Cantine', 0x3c703e436172616d656c206c616974696572206d6169736f6e3c2f703e, 8, 3, 1, 4, 1, 0, 0),
(136, 'Gâteau chocolat au beurre salé', 0x3c703e4372266567726176653b6d6520416e676c6169736520266167726176653b206c6120676f757373652064652076616e696c6c653c2f703e, 8, 3, 1, 4, 1, 0, 0),
(137, 'Crème brûlée', 0x3c703e41206c6120676f757373652064652076616e696c6c652065742076657267656f6973653c2f703e, 8, 3, 1, 4, 1, 0, 0),
(138, 'Fraises et framboises', 0x3c703e4d6173636172706f6e6520266167726176653b206c612066266567726176653b766520646520546f6e6b613c2f703e, 8, 3, 1, 4, 1, 0, 0),
(139, 'Fromage blanc', 0x3c703e436f6e6669747572652064652066696775653c2f703e, 8, 3, 1, 4, 1, 0, 0),
(140, 'Soupe de mangue', 0x3c703e4d6173636172706f6e6520266167726176653b206c612066266567726176653b766520646520546f6e6b613c2f703e, 8, 3, 1, 4, 1, 0, 0),
(141, 'На побережье – оыпв оллоыв лорлорыф', 0x3c703e3c7370616e3ed09dd0b020d0bfd0bed0b1d0b5d180d0b5d0b6d18cd0b520266e646173683b20d0bed18bd0bfd0b220d0bed0bbd0bbd0bed18bd0b220d0bbd0bed180d0bbd0bed180d18bd1843c2f7370616e3e3c2f703e0d0a3c703e3c7370616e3e3c6272202f3e3c2f7370616e3e3c2f703e, 10.5, 1, 5, 2, 1, 0, 0),
(142, 'На побережье – оыпв оллоыв лорлорыф', 0x3c703ed09dd0b020d0bfd0bed0b1d0b5d180d0b5d0b6d18cd0b520266e646173683b20d0bed18bd0bfd0b220d0bed0bbd0bbd0bed18bd0b220d0bbd0bed180d0bbd0bed180d18bd1843c2f703e0d0a3c703ed09dd0b020d0bfd0bed0b1d0b5d180d0b5d0b6d18cd0b520266e646173683b20d0bed18bd0bfd0b220d0bed0bbd0bbd0bed18bd0b220d0bbd0bed180d0bbd0bed180d18bd1843c2f703e, 10.5, 1, 5, 2, 1, 0, 0),
(145, 'Capuccino de cèpes et châtaignes', 0x3c703e436170756363696e6f2064652063266567726176653b7065732065742063682661636972633b746169676e65733c2f703e0d0a3c703e456d756c73696f6e20266167726176653b206c61206372266567726176653b6d652064652074727566666520626c616e6368652e3c2f703e, 7, 1, 1, 5, 1, 0, 0),
(146, 'Ceviche de daurade', 0x3c703e4365766963686520646520646175726164653c2f703e0d0a3c703e436974726f6e20766572742c206d656e7468652c2070616d706c656d6f75737365206574206772656e6164653c2f703e, 8, 1, 1, 5, 1, 0, 0),
(147, 'Flan au foie gras', 0x3c703e466c616e20617520666f696520677261733c2f703e, 12, 1, 1, 5, 1, 0, 0),
(148, 'Petite assiette de charcuteries', 0x3c703e506574697465206173736965747465206465206368617263757465726965733c2f703e, 8.5, 1, 1, 5, 1, 0, 0),
(149, 'Pastrami de dinde fumée', 0x3c703e5061737472616d692064652064696e64652066756d266561637574653b653c2f703e, 6.5, 1, 1, 5, 1, 0, 0),
(150, 'Terrine de campagne maison', 0x3c703e54657272696e652064652063616d7061676e65206d6169736f6e3c2f703e, 6.5, 1, 1, 5, 1, 0, 0),
(151, 'Foie gras de canard entier mi-­cuit', 0x3c703e466f696520677261732064652063616e61726420656e74696572206d692d267368793b637569743c2f703e, 12, 1, 1, 5, 1, 0, 0),
(152, 'Poireaux vinaigrette', 0x3c703e506f6972656175782076696e61696772657474653c2f703e, 5, 1, 1, 5, 1, 0, 0),
(153, 'Risotto crémeux du Grand Restaurant', 0x3c703e5269736f74746f206372266561637574653b6d657578206475204772616e642052657374617572616e743c2f703e, 11, 2, 1, 5, 1, 0, 0),
(154, 'Ravioles du Dauphiné', 0x3c703e526176696f6c6573206475204461757068696e266561637574653b3c2f703e, 10, 2, 1, 5, 1, 0, 0),
(155, 'Tatin de Boudin', 0x3c703e546174696e20646520426f7564696e3c2f703e, 9, 2, 1, 5, 1, 0, 0),
(156, 'Filet de daurade', 0x3c703e46696c657420646520646175726164653c2f703e, 12.45, 2, 1, 5, 1, 0, 0),
(157, 'Pastrami de dinde fumée', 0x3c703e5061737472616d692064652064696e64652066756d266561637574653b653c2f703e, 9, 2, 1, 5, 1, 0, 0),
(158, 'Salade du Grand Restaurant au Poulet', 0x3c703e53616c616465206475204772616e642052657374617572616e7420617520506f756c65743c2f703e, 10, 2, 1, 5, 1, 0, 0),
(159, 'Coeur de filet de boeuf', 0x3c703e436f6575722064652066696c657420646520626f6575663c2f703e, 15, 2, 1, 5, 1, 0, 0),
(160, 'Confit de Canard', 0x3c703e436f6e6669742064652043616e6172643c2f703e, 12, 2, 1, 5, 1, 0, 0),
(161, 'Mont Blanc', 0x3c703e4d6f6e7420426c616e633c2f703e, 4.5, 3, 1, 5, 1, 0, 0),
(162, 'Cheese cake du Grand Restaurant', 0x3c703e4368656573652063616b65206475204772616e642052657374617572616e743c2f703e, 6, 3, 1, 5, 1, 0, 0),
(163, 'Gâteau chocolat au beurre salé', 0x3c703e472661636972633b746561752063686f636f6c6174206175206265757272652073616c266561637574653b3c2f703e, 6, 3, 1, 5, 1, 0, 0),
(164, 'Salade de fruits frais exotiques', 0x3c703e53616c616465206465206672756974732066726169732065786f7469717565733c2f703e, 6, 3, 1, 5, 1, 0, 0),
(165, 'Test de menu', 0x3c703e3c7370616e207374796c653d22636f6c6f723a20236666666666663b223e3c7370616e207374796c653d22746578742d6465636f726174696f6e3a20756e6465726c696e653b223e3c7374726f6e673e4d656e75206d6964693c2f7374726f6e673e3c2f7370616e3e3c2f7370616e3e3c2f703e0d0a3c703e3c7370616e207374796c653d22636f6c6f723a20236666666666663b223e53616c6164653c2f7370616e3e3c2f703e0d0a3c703e3c7370616e207374796c653d22636f6c6f723a20236666666666663b223e53746561636b3c2f7370616e3e3c2f703e0d0a3c703e3c7370616e207374796c653d22636f6c6f723a20236666666666663b223e507572266561637574653b653c2f7370616e3e3c2f703e0d0a3c703e3c7370616e207374796c653d22636f6c6f723a20236666666666663b223e46726f6d6167653c2f7370616e3e3c2f703e0d0a3c703e3c7370616e207374796c653d22636f6c6f723a20236666666666663b223e446573736572743c2f7370616e3e3c2f703e0d0a3c703e3c7370616e207374796c653d22636f6c6f723a20236666666666663b223e436166266561637574653b3c2f7370616e3e3c2f703e, 18, 5, 1, 2, 1, 0, 0),
(166, 'Salade verte', 0x3c703e53616c6164652076657274653c2f703e, 4, 1, 1, 7, 1, 0, 0),
(167, 'Salade de tomates', 0x3c703e53616c61646520646520746f6d617465733c2f703e, 4.8, 1, 1, 7, 1, 0, 0),
(168, 'Tomates mozzarella', 0x3c703e546f6d61746573206d6f7a7a6172656c6c613c2f703e, 6.5, 1, 1, 7, 1, 0, 0),
(169, 'Oeuf mayonnaise', 0x3c703e4f657566206d61796f6e6e616973653c2f703e, 4.8, 1, 1, 7, 1, 0, 0),
(170, 'Terrine de campagne', 0x3c703e54657272696e652064652063616d7061676e653c2f703e, 5.2, 1, 1, 7, 1, 0, 0),
(171, 'Rillettes d''oie', 0x3c703e52696c6c65747465732064276f69653c2f703e, 5.2, 1, 1, 7, 1, 0, 0),
(172, 'Rosette', 0x3c703e526f73657474653c2f703e, 5.2, 1, 1, 7, 1, 0, 0),
(173, 'Salade Composée - Parisienne', 0x3c703e4a616d626f6e2064652050617269732c20656d6d656e74616c2c206f6575662c20746f6d6174652c2073616c6164653c2f703e, 13, 1, 1, 7, 1, 0, 0),
(174, 'Salade Composée - Niçoise', 0x3c703e54686f6e2c20616e63686f69732c2072697a2c206f6575662c20746f6d6174652c20706f6976726f6e2c2073616c6164653c2f703e, 13.4, 1, 1, 7, 1, 0, 0),
(175, 'Salade Composée - Poulet', 0x3c703e706f756c65742c206d6169732c206361726f7474657320726170266561637574653b65732c206f6575662c20746f6d6174652c2073616c6164653c2f703e, 13.4, 1, 1, 7, 1, 0, 0),
(176, 'Faux-filet grillé Maître d''Hôtel', 0x3c703e466175782d66696c6574206772696c6c266561637574653b204d612669636972633b74726520642748266f636972633b74656c3c2f703e, 15.2, 2, 1, 7, 1, 0, 0),
(177, 'Faux-filet sauce béarnaise', 0x3c703e466175782d66696c65742073617563652062266561637574653b61726e616973653c2f703e, 15.8, 2, 1, 7, 1, 0, 0),
(178, 'Faux-filet sauce au poivre', 0x3c703e466175782d66696c657420736175636520617520706f697672653c2f703e, 15.8, 2, 1, 7, 1, 0, 0),
(179, 'Tartare du chef', 0x3c703e5461727461726520647520636865663c2f703e, 14.6, 2, 1, 7, 1, 0, 0),
(180, 'Pavé sauce au poivre', 0x3c703e506176266561637574653b20736175636520617520706f697672653c2f703e, 17.2, 2, 1, 7, 1, 0, 0),
(181, 'Pavé sauce béarnaise', 0x3c703e506176266561637574653b2073617563652062266561637574653b61726e616973653c2f703e, 17.2, 2, 1, 7, 1, 0, 0),
(182, 'Hamburger oeuf à cheval', 0x3c703e48616d627572676572206f65756620266167726176653b2063686576616c3c2f703e, 14.8, 2, 1, 7, 1, 0, 0),
(183, 'Hamburger sauce poivre', 0x3c703e48616d62757267657220736175636520706f697672653c2f703e, 14.8, 2, 1, 7, 1, 0, 0),
(184, 'Andouillette grillée AAAAA', 0x3c703e416e646f75696c6c65747465206772696c6c266561637574653b652041414141413c2f703e, 15.2, 2, 1, 7, 1, 0, 0),
(185, 'Poulet fermier, frites', 0x3c703e506f756c6574206665726d6965722c206672697465733c2f703e, 14.8, 2, 1, 7, 1, 0, 0),
(186, 'Saucisse, frites', 0x3c703e53617563697373652c206672697465733c2f703e, 13, 2, 1, 7, 1, 0, 0),
(187, 'Fromage - Camembert', 0x3c703e46726f6d616765202d2043616d656d626572743c2f703e, 4.3, 3, 1, 7, 1, 0, 0),
(188, 'Fromages - Chèvre, roquefort, cantal, emmental', 0x3c703e46726f6d61676573202d204368266567726176653b7672652c20726f717565666f72742c2063616e74616c2c20656d6d656e74616c3c2f703e, 4.8, 3, 1, 7, 1, 0, 0),
(189, 'Assortiment de fromages', 0x3c703e4173736f7274696d656e742064652066726f6d616765733c2f703e, 7, 3, 1, 7, 1, 0, 0),
(190, 'Tarte aux fruits maison', 0x3c703e54617274652061757820667275697473206d6169736f6e3c2f703e, 6, 3, 1, 7, 1, 0, 0),
(191, 'Crème caramel', 0x3c703e4372266567726176653b6d6520636172616d656c3c2f703e, 5, 3, 1, 7, 1, 0, 0),
(192, 'Mousse au chocolat', 0x3c703e4d6f757373652061752063686f636f6c61743c2f703e, 5, 3, 1, 7, 1, 0, 0),
(193, 'Crème brûlée', 0x3c703e4372266567726176653b6d652062722675636972633b6c266561637574653b653c2f703e, 5.7, 3, 1, 7, 1, 0, 0),
(194, 'Fromage Blanc', 0x3c703e46726f6d61676520426c616e633c2f703e, 5, 3, 1, 7, 1, 0, 0),
(195, 'Glace 3 boules au choix', 0x3c703e476c616365203320626f756c65732061752063686f69783c2f703e, 5.5, 3, 1, 7, 1, 0, 0),
(196, 'menu à 15€', 0x3c703e3c7370616e207374796c653d22636f6c6f723a20233838383838383b223e4f65756673206d61796f6e6e61697365203c2f7370616e3e3c2f703e0d0a3c703e3c7370616e207374796c653d22636f6c6f723a20233838383838383b223e6f753c2f7370616e3e3c2f703e0d0a3c703e3c7370616e207374796c653d22636f6c6f723a20233838383838383b223e546f6d61746573206d6f7a6172656c6c613c2f7370616e3e3c2f703e0d0a3c703e3c7370616e207374796c653d22636f6c6f723a20233838383838383b223e2a2a2a2a2a2a2a2a2a2a2a2a2a2a2a3c6272202f3e3c2f7370616e3e3c2f703e0d0a3c703e3c7370616e207374796c653d22636f6c6f723a20233838383838383b223e537465616b20746172746172653c2f7370616e3e3c2f703e0d0a3c703e3c7370616e207374796c653d22636f6c6f723a20233838383838383b223e6f753c2f7370616e3e3c2f703e0d0a3c703e3c7370616e207374796c653d22636f6c6f723a20233838383838383b223e506176266561637574653b2073617563652062266561637574653b61726e616973653c2f7370616e3e3c2f703e0d0a3c703e3c7370616e207374796c653d22636f6c6f723a20233838383838383b223e2a2a2a2a2a2a2a2a2a2a2a2a2a2a2a3c2f7370616e3e3c2f703e0d0a3c703e3c7370616e207374796c653d22636f6c6f723a20236666303030303b223e3c7370616e207374796c653d22636f6c6f723a20233838383838383b223e4173736f7274696d656e742064652066726f6d616765733c2f7370616e3e3c2f7370616e3e3c2f703e0d0a3c703e3c7370616e207374796c653d22636f6c6f723a20236666303030303b223e3c7370616e207374796c653d22636f6c6f723a20233838383838383b223e6f753c2f7370616e3e3c2f7370616e3e3c2f703e0d0a3c703e3c7370616e207374796c653d22636f6c6f723a20236666303030303b223e3c7370616e207374796c653d22636f6c6f723a20233838383838383b223e446573736572743c6272202f3e3c2f7370616e3e3c2f7370616e3e3c2f703e, 15, 5, 1, 7, 1, 0, 0),
(197, 'Soupe maison', 0x3c703e536f757065206d6169736f6e3c2f703e, 5, 1, 1, 8, 1, 0, 0),
(198, 'Oeufs à la mayonnaise', 0x3c703e4f6575667320266167726176653b206c61206d61796f6e6e616973653c2f703e, 4.5, 1, 1, 8, 1, 0, 0),
(199, 'Terrine de campagne', 0x3c703e54657272696e652064652063616d7061676e653c2f703e, 6.9, 1, 1, 8, 1, 0, 0),
(200, 'Assiette de jambon fumé de pays', 0x3c703e4173736965747465206465206a616d626f6e2066756d266561637574653b20646520706179733c2f703e, 9.5, 1, 1, 8, 1, 0, 0),
(201, 'Assiette de foie gras mi-cuit maison', 0x3c703e417373696574746520646520666f69652067726173206d692d63756974206d6169736f6e3c2f703e, 13.5, 1, 1, 8, 1, 0, 0),
(202, 'Assiette de saumon fumé', 0x3c703e4173736965747465206465207361756d6f6e2066756d266561637574653b3c2f703e, 12, 1, 1, 8, 1, 0, 0),
(203, 'Salade mêlée aux noix', 0x3c703e53616c616465206d2665636972633b6c266561637574653b6520617578206e6f69783c2f703e, 4.5, 1, 1, 8, 1, 0, 0),
(204, 'Salade parisienne', 0x3c703e53616c61646520706172697369656e6e653c2f703e, 9.5, 1, 1, 8, 1, 0, 0),
(205, 'Salade fraîcheur', 0x3c703e53616c616465206672612669636972633b63686575723c2f703e, 11.5, 1, 1, 8, 1, 0, 0),
(206, 'Salade paysanne', 0x3c703e53616c6164652070617973616e6e653c2f703e, 12, 1, 1, 8, 1, 0, 0),
(207, 'Salade aux 3 fromages', 0x3c703e53616c6164652061757820332066726f6d616765733c2f703e, 12, 1, 1, 8, 1, 0, 0),
(208, 'Classique burger', 0x3c703e436c61737369717565206275726765722c2073616c61646520766572746520657420706f6d6d657320726973736f6c266561637574653b65733c2f703e, 10.9, 2, 1, 8, 1, 0, 0),
(209, 'Burger de boeuf au Cantal', 0x3c703e42757267657220646520626f6575662061752043616e74616c2c2073616c61646520766572746520657420706f6d6d657320726973736f6c266561637574653b65733c2f703e, 13.9, 2, 1, 8, 1, 0, 0),
(210, 'Burger de boeuf au bleu d''Auvergne', 0x3c703e42757267657220646520626f65756620617520626c65752064274175766572676e652c2073616c61646520766572746520657420706f6d6d657320726973736f6c266561637574653b65733c2f703e, 13.9, 2, 1, 8, 1, 0, 0),
(211, 'Burger de boeuf au parmesan', 0x3c703e42757267657220646520626f657566206175207061726d6573616e2c2073616c61646520766572746520657420706f6d6d657320726973736f6c266561637574653b65733c2f703e, 14.9, 2, 1, 8, 1, 0, 0),
(212, 'Burger de boeuf à la provençale', 0x3c703e42757267657220646520626f65756620266167726176653b206c612070726f76656e2663636564696c3b616c652c2073616c61646520766572746520657420706f6d6d657320726973736f6c266561637574653b65733c2f703e, 14, 2, 1, 8, 1, 0, 0),
(213, 'Burger de boeuf façon Rossini', 0x3c703e42757267657220646520626f6575662066612663636564696c3b6f6e20526f7373696e692c2073616c61646520766572746520657420706f6d6d657320726973736f6c266561637574653b65733c2f703e, 16.5, 2, 1, 8, 1, 0, 0),
(214, 'L''Amour de burger au boeuf fourré aux pépites de foie gras maison', 0x3c703e4c27416d6f75722064652062757267657220617520626f65756620666f757272266561637574653b206175782070266561637574653b706974657320646520666f69652067726173206d6169736f6e2c2073616c61646520766572746520657420706f6d6d657320726973736f6c266561637574653b65733c2f703e, 18.5, 2, 1, 8, 1, 0, 0),
(215, 'Burger de magret de canard', 0x3c703e427572676572206465206d61677265742064652063616e6172642c2073616c61646520766572746520657420706f6d6d657320726973736f6c266561637574653b65733c2f703e, 14.5, 2, 1, 8, 1, 0, 0),
(216, 'Burger de magret de canard façon Rossini', 0x3c703e427572676572206465206d61677265742064652063616e6172642066612663636564696c3b6f6e20526f7373696e692c2073616c61646520766572746520657420706f6d6d657320726973736f6c266561637574653b65733c2f703e, 17.5, 2, 1, 8, 1, 0, 0),
(217, 'Burger de la mer (saumon)', 0x3c703e427572676572206465206c61206d657220287361756d6f6e292c2073616c61646520766572746520657420706f6d6d657320726973736f6c266561637574653b65733c2f703e, 14, 2, 1, 8, 1, 0, 0),
(218, 'Burger végétarien aux légumes du soleil', 0x3c703e4275726765722076266561637574653b67266561637574653b74617269656e20617578206c266561637574653b67756d657320647520736f6c65696c2c2073616c61646520766572746520657420706f6d6d657320726973736f6c266561637574653b65733c2f703e, 12, 2, 1, 8, 1, 0, 0),
(219, 'Tartare de boeuf (cru ou A/R)', 0x3c703e5461727461726520646520626f6575662028637275206f7520412f52292c2073616c61646520766572746520657420706f6d6d657320726973736f6c266561637574653b65733c2f703e, 11.5, 2, 1, 8, 1, 0, 0),
(220, 'Tartare Amour de burger aux pépites de foie gras maison', 0x3c703e5461727461726520416d6f757220646520627572676572206175782070266561637574653b706974657320646520666f69652067726173206d6169736f6e2c2073616c61646520766572746520657420706f6d6d657320726973736f6c266561637574653b65733c2f703e, 19.5, 2, 1, 8, 1, 0, 0),
(221, 'Tartare au bleu d''Auvergne', 0x3c703e5461727461726520617520626c65752064274175766572676e652c2073616c61646520766572746520657420706f6d6d657320726973736f6c266561637574653b65733c2f703e, 12.9, 2, 1, 8, 1, 0, 0),
(222, 'Tartare au Cantal', 0x3c703e546172746172652061752043616e74616c2c2073616c61646520766572746520657420706f6d6d657320726973736f6c266561637574653b65733c2f703e, 12.9, 2, 1, 8, 1, 0, 0),
(223, 'Carpaccio de boeuf mariné', 0x3c703e43617270616363696f20646520626f657566206d6172696e266561637574653b2c2073616c61646520766572746520657420706f6d6d657320726973736f6c266561637574653b65733c2f703e, 11, 2, 1, 8, 1, 0, 0),
(224, 'Entrecôte grillée à la plancha sauce au poivre', 0x3c703e456e74726563266f636972633b7465206772696c6c266561637574653b6520266167726176653b206c6120706c616e63686120736175636520617520706f697672652c2073616c61646520766572746520657420706f6d6d657320726973736f6c266561637574653b65733c2f703e, 18.5, 2, 1, 8, 1, 0, 0),
(225, 'Magret de canard apicius', 0x3c703e4d61677265742064652063616e61726420617069636975732c2073616c61646520766572746520657420706f6d6d657320726973736f6c266561637574653b65733c2f703e, 14.5, 2, 1, 8, 1, 0, 0),
(226, 'Tartare de saumon', 0x3c703e54617274617265206465207361756d6f6e2c2073616c61646520766572746520657420706f6d6d657320726973736f6c266561637574653b65733c2f703e, 12.9, 2, 1, 8, 1, 0, 0),
(227, 'Nos Légumes', 0x3c703e53616c616465206d2665636972633b6c266561637574653b652c2072617461746f75696c6c652c2068617269636f74732076657274732c20706f6d6d657320726973736f6c266561637574653b65732c20706f6d6d6520617520666f75722e3c2f703e0d0a3c703e2861752063686f697820706f7572206c657320706c6174732c206d61697320656e20737570706c266561637574653b6d656e7420266167726176653b20322e3530266575726f3b20756e697175656d656e742064616e73206c657320666f726d756c6573293c2f703e, 2.5, 2, 1, 8, 1, 0, 0),
(228, 'Assiette de fromages affinés', 0x3c703e41737369657474652064652066726f6d6167657320616666696e266561637574653b733c2f703e, 6, 3, 1, 8, 1, 0, 0),
(229, 'Faisselle aux herbes, au miel ou au coulis de fruits rouges', 0x3c703e4661697373656c6c6520617578206865726265732c206175206d69656c206f7520617520636f756c69732064652066727569747320726f756765733c2f703e, 5.5, 3, 1, 8, 1, 0, 0),
(230, 'Tiramisu du moment', 0x3c703e546972616d697375206475206d6f6d656e743c2f703e, 8, 3, 1, 8, 1, 0, 0),
(231, 'Mousse au chocolat', 0x3c703e4d6f757373652061752063686f636f6c61743c2f703e, 5.5, 3, 1, 8, 1, 0, 0),
(232, 'Cheese cake fouré aux fruits rouges', 0x3c703e4368656573652063616b6520666f7572266561637574653b206175782066727569747320726f756765733c2f703e, 6, 3, 1, 8, 1, 0, 0),
(233, 'Brochette de fruits frais au chocalat chaud', 0x3c703e42726f636865747465206465206672756974732066726169732061752063686f63616c61742063686175643c2f703e, 5.5, 3, 1, 8, 1, 0, 0),
(234, 'Tarte du jour', 0x3c703e5461727465206475206a6f75723c2f703e, 5.5, 3, 1, 8, 1, 0, 0),
(235, 'Crème brûlée', 0x3c703e4372266567726176653b6d652062722675636972633b6c266561637574653b653c2f703e, 5.5, 3, 1, 8, 1, 0, 0),
(236, 'Café gourmand', 0x3c703e436166266561637574653b20676f75726d616e643c2f703e, 7, 3, 1, 8, 1, 0, 0),
(237, 'Thé gourmand', 0x3c703e5468266561637574653b20676f75726d616e643c2f703e, 7.5, 3, 1, 8, 1, 0, 0),
(238, 'Nos Glaces et Sorbet 3 boules', 0x3c703e4e6f7320476c6163657320657420536f72626574203320626f756c6573203a2056616e696c6c652c2063686f636f6c61742c20636166266561637574653b2c2070697374616368652c206361737369732c206672616d626f6973652c20636974726f6e20766572742c206365726973652c206d656e7468653c2f703e, 5.5, 3, 1, 8, 1, 0, 0),
(239, 'Formule à 9.90€', 0x3c703e3c7370616e207374796c653d22636f6c6f723a20236363666663633b223e53616c61646520617578206e6f69783c2f7370616e3e3c2f703e0d0a3c703e3c7370616e207374796c653d22636f6c6f723a20236363666663633b223e4f65756673206d61796f6e6e6169736520282b332e3030266575726f3b293c2f7370616e3e3c2f703e0d0a3c703e3c7370616e207374796c653d22636f6c6f723a20236363666663633b223e54657272696e652064652063616d7061676e6520282b332e3030266575726f3b293c2f7370616e3e3c2f703e0d0a3c703e3c7370616e207374796c653d22636f6c6f723a20236363666663633b223e536f757065206d6169736f6e20282b332e3030266575726f3b293c2f7370616e3e3c2f703e0d0a3c703e3c7370616e207374796c653d22636f6c6f723a20236363666663633b223e2a2a2a2a2a2a2a2a2a2a2a2a2a3c2f7370616e3e3c2f703e0d0a3c703e3c7370616e207374796c653d22636f6c6f723a20236363666663633b223e436c61737369717565206275726765722064652053616c6572733c2f7370616e3e3c2f703e0d0a3c703e3c7370616e207374796c653d22636f6c6f723a20236363666663633b223e5461727461726520646520626f657566206f7520412f523c2f7370616e3e3c2f703e0d0a3c703e3c7370616e207374796c653d22636f6c6f723a20236363666663633b223e43617270616363696f20646520626f6575663c2f7370616e3e3c2f703e0d0a3c703e3c7370616e207374796c653d22636f6c6f723a20236363666663633b223e2a2a2a2a2a2a2a2a2a2a2a2a2a3c2f7370616e3e3c2f703e0d0a3c703e3c7370616e207374796c653d22636f6c6f723a20236363666663633b223e506f6d6d657320726973736f6c266561637574653b65733c2f7370616e3e3c2f703e, 9.9, 5, 1, 8, 1, 0, 0),
(240, 'Formule à 12.90€', 0x3c703e3c7370616e207374796c653d22636f6c6f723a20236363666663633b223e53616c61646520617578206e6f69783c2f7370616e3e3c2f703e0d0a3c703e3c7370616e207374796c653d22636f6c6f723a20236363666663633b223e4f65756673206d61796f6e6e6169736520282b332e3030266575726f3b293c2f7370616e3e3c2f703e0d0a3c703e3c7370616e207374796c653d22636f6c6f723a20236363666663633b223e54657272696e652064652063616d7061676e6520282b332e3030266575726f3b293c2f7370616e3e3c2f703e0d0a3c703e3c7370616e207374796c653d22636f6c6f723a20236363666663633b223e536f757065206d6169736f6e20282b332e3030266575726f3b293c2f7370616e3e3c2f703e0d0a3c703e3c7370616e207374796c653d22636f6c6f723a20236363666663633b223e2a2a2a2a2a2a2a2a2a2a2a2a2a3c2f7370616e3e3c2f703e0d0a3c703e3c7370616e207374796c653d22636f6c6f723a20236363666663633b223e436c61737369717565206275726765722064652073616c6572732061752043616e74616c3c2f7370616e3e3c2f703e0d0a3c703e3c7370616e207374796c653d22636f6c6f723a20236363666663633b223e4275726765722064652053616c65727320617520626c65752064274175766572676e653c2f7370616e3e3c2f703e0d0a3c703e3c7370616e207374796c653d22636f6c6f723a20236363666663633b223e54617274617265206465207361756d6f6e3c2f7370616e3e3c2f703e0d0a3c703e3c7370616e207374796c653d22636f6c6f723a20236363666663633b223e2a2a2a2a2a2a2a2a2a2a2a2a2a3c2f7370616e3e3c2f703e0d0a3c703e3c7370616e207374796c653d22636f6c6f723a20236363666663633b223e506f6d6d657320726973736f6c266561637574653b65733c2f7370616e3e3c2f703e, 12.9, 5, 1, 8, 1, 0, 0),
(241, 'Formule à 15.90€', 0x3c703e3c7370616e207374796c653d22636f6c6f723a20236363666663633b223e53616c61646520617578206e6f69783c2f7370616e3e3c2f703e0d0a3c703e3c7370616e207374796c653d22636f6c6f723a20236363666663633b223e4f65756673206d61796f6e6e6169736520282b332e3030266575726f3b293c2f7370616e3e3c2f703e0d0a3c703e3c7370616e207374796c653d22636f6c6f723a20236363666663633b223e54657272696e652064652063616d7061676e6520282b332e3030266575726f3b293c2f7370616e3e3c2f703e0d0a3c703e3c7370616e207374796c653d22636f6c6f723a20236363666663633b223e536f757065206d6169736f6e20282b332e3030266575726f3b293c2f7370616e3e3c2f703e0d0a3c703e3c7370616e207374796c653d22636f6c6f723a20236363666663633b223e2a2a2a2a2a2a2a2a2a2a2a2a2a3c2f7370616e3e3c2f703e0d0a3c703e3c7370616e207374796c653d22636f6c6f723a20236363666663633b223e436c61737369717565206275726765722064652053616c6572732061752043616e74616c3c2f7370616e3e3c2f703e0d0a3c703e3c7370616e207374796c653d22636f6c6f723a20236363666663633b223e4275726765722064652053616c65727320617520626c65752064274175766572676e653c2f7370616e3e3c2f703e0d0a3c703e3c7370616e207374796c653d22636f6c6f723a20236363666663633b223e54617274617265205361756d6f6e3c2f7370616e3e3c2f703e0d0a3c703e3c7370616e207374796c653d22636f6c6f723a20236363666663633b223e2a2a2a2a2a2a2a2a2a2a2a2a2a3c2f7370616e3e3c2f703e0d0a3c703e3c7370616e207374796c653d22636f6c6f723a20236363666663633b223e506f6d6d657320726973736f6c266561637574653b65733c2f7370616e3e3c2f703e0d0a3c703e3c7370616e207374796c653d22636f6c6f723a20236363666663633b223e2a2a2a2a2a2a2a2a2a2a2a2a2a3c2f7370616e3e3c2f703e0d0a3c703e3c7370616e207374796c653d22636f6c6f723a20236363666663633b223e5461727465206475206a6f75723c2f7370616e3e3c2f703e, 15.9, 5, 1, 8, 1, 0, 0),
(242, 'Bière pression Heineken 25 cl', 0x3c703e4269266567726176653b7265207072657373696f6e204865696e656b656e20323520636c3c2f703e, 3.5, 4, 1, 8, 1, 0, 0),
(243, 'Bière pression Heineken 50 cl', 0x3c703e4269266567726176653b7265207072657373696f6e204865696e656b656e20353020636c3c2f703e, 6, 4, 1, 8, 1, 0, 0),
(244, 'Bière Grimbergen 33cl', 0x3c703e4269266567726176653b7265204772696d62657267656e203333636c3c2f703e, 4.5, 4, 1, 8, 1, 0, 0),
(245, 'Bière Goudale 75 cl', 0x3c703e4269266567726176653b726520476f7564616c6520373520636c3c2f703e, 12, 4, 1, 8, 1, 0, 0),
(246, 'Chouffe 8 - 33 cl', 0x3c703e43686f756666652038202d20333320636c3c2f703e, 5.5, 4, 1, 8, 1, 0, 0),
(247, 'Delirium Tremens 8,5 - 33 cl', 0x3c703e44656c697269756d205472656d656e7320382c35202d20333320636c3c2f703e, 5, 4, 1, 8, 1, 0, 0),
(248, 'Cuvée des Trolls 7 - 25 cl', 0x3c703e437576266561637574653b65206465732054726f6c6c732037202d20323520636c3c2f703e, 5, 4, 1, 8, 1, 0, 0),
(249, 'Desperados - 33 cl', 0x3c703e44657370657261646f73202d20333320636c3c2f703e, 6, 4, 1, 8, 1, 0, 0);
INSERT INTO `bo_menu` (`id`, `libelle`, `description`, `prix`, `typeMenu_id`, `langue_id`, `restaurant_id`, `valide`, `nbVote`, `etoiles`) VALUES
(250, 'St Feuillen Grand Cru 9,5 - 33 cl', 0x3c703e537420466575696c6c656e204772616e642043727520392c35202d20333320636c3c2f703e, 4, 4, 1, 8, 1, 0, 0),
(251, 'Panaché', 0x3c703e50616e616368266561637574653b3c2f703e, 4, 4, 1, 8, 1, 0, 0),
(252, 'Monaco', 0x3c703e4d6f6e61636f3c2f703e, 4.3, 4, 1, 8, 1, 0, 0),
(253, 'Menu Midi 12€', 0x3c703e3c7370616e207374796c653d22636f6c6f723a20236363666663633b223e312067616c6574746520636f6d706c266567726176653b74652061752063686f69783c2f7370616e3e3c2f703e0d0a3c703e3c7370616e207374796c653d22636f6c6f723a20236363666663633b223e2b3c2f7370616e3e3c2f703e0d0a3c703e3c7370616e207374796c653d22636f6c6f723a20236363666663633b223e312063722665636972633b70652061752066726f6d656e743c2f7370616e3e3c2f703e0d0a3c703e3c7370616e207374796c653d22636f6c6f723a20236363666663633b223e2873756372652f63686f636f6c61742f6d69656c2f636f6e6669747572652f636974726f6e293c2f7370616e3e3c2f703e0d0a3c703e3c7370616e207374796c653d22636f6c6f723a20236363666663633b223e2b3c2f7370616e3e3c2f703e0d0a3c703e3c7370616e207374796c653d22636f6c6f723a20236363666663633b223e3120626f6c266561637574653b65206465206369647265206f7520756e206a757320646520706f6d6d65203230636c3c2f7370616e3e3c2f703e, 12, 5, 1, 3, 1, 0, 0),
(254, 'Menu Plaisir 21.50€', 0x3c703e3c7370616e207374796c653d22636f6c6f723a20236363666663633b223e31206b697220627265746f6e3c2f7370616e3e3c2f703e0d0a3c703e3c7370616e207374796c653d22636f6c6f723a20236363666663633b223e2b3c2f7370616e3e3c2f703e0d0a3c703e3c7370616e207374796c653d22636f6c6f723a20236363666663633b223e756e6520626f6c266561637574653b65206465206369647265203230636c3c2f7370616e3e3c2f703e0d0a3c703e3c7370616e207374796c653d22636f6c6f723a20236363666663633b223e2b3c2f7370616e3e3c2f703e0d0a3c703e3c7370616e207374796c653d22636f6c6f723a20236363666663633b223e312067616c657474652061752063686f697820266167726176653b206c612063617274653c2f7370616e3e3c2f703e0d0a3c703e3c7370616e207374796c653d22636f6c6f723a20236363666663633b223e2b3c2f7370616e3e3c2f703e0d0a3c703e3c7370616e207374796c653d22636f6c6f723a20236363666663633b223e312063722665636972633b70652061752063686f697820266167726176653b206c612063617274653c2f7370616e3e3c2f703e, 21.5, 5, 1, 3, 1, 0, 0),
(255, 'Menu Enfant (-10 ans) 10.00€', 0x3c703e3c7370616e207374796c653d22636f6c6f723a20236363666663633b223e556e652067616c657474652044554f2061752063686f69783c2f7370616e3e3c2f703e0d0a3c703e3c7370616e207374796c653d22636f6c6f723a20236363666663633b223e2b3c2f7370616e3e3c2f703e0d0a3c703e3c7370616e207374796c653d22636f6c6f723a20236363666663633b223e312063722665636972633b706520287375637265206f752063686f636f6c617429206f753c2f7370616e3e3c2f703e0d0a3c703e3c7370616e207374796c653d22636f6c6f723a20236363666663633b223e3120626f756c6520646520676c6163653c2f7370616e3e3c2f703e0d0a3c703e3c7370616e207374796c653d22636f6c6f723a20236363666663633b223e2b3c2f7370616e3e3c2f703e0d0a3c703e3c7370616e207374796c653d22636f6c6f723a20236363666663633b223e3120426f6973736f6e20646520323020636c3c2f7370616e3e3c2f703e0d0a3c703e3c7370616e207374796c653d22636f6c6f723a20236363666663633b223e28436f63612d436f6c612c206a757320646520706f6d6d65206f75207369726f7020266167726176653b206c27656175293c2f7370616e3e3c2f703e, 10, 5, 1, 3, 1, 0, 0),
(256, '6 escargots de Bourgogne', 0x3c703e36206573636172676f747320646520426f7572676f676e653c2f703e, 7, 1, 1, 10, 1, 0, 0),
(257, 'Cocktail d''Avocat aux Crevettes', 0x3c703e436f636b7461696c20642741766f63617420617578204372657665747465733c2f703e, 7, 1, 1, 10, 1, 0, 0),
(258, 'Terrine du chef', 0x3c703e54657272696e6520647520636865663c2f703e, 7, 1, 1, 10, 1, 0, 0),
(259, 'Salade Chèvre Chaud au Miel et Basilic ', 0x3c703e53616c616465204368266567726176653b767265204368617564206175204d69656c20657420426173696c69633c2f703e, 7, 1, 1, 10, 1, 0, 0),
(260, 'Entrecôte Grillée Maître d''Hôtel', 0x3c703e456e74726563266f636972633b7465204772696c6c266561637574653b65204d612669636972633b74726520642748266f636972633b74656c3c2f703e, 17, 2, 1, 10, 1, 0, 0),
(261, 'Carré d''Agneau Rôti à la Persillade', 0x3c703e43617272266561637574653b20642741676e6561752052266f636972633b746920266167726176653b206c612050657273696c6c6164653c2f703e, 18.5, 2, 1, 10, 1, 0, 0),
(262, 'Magret de Canard au Miel', 0x3c703e4d61677265742064652043616e617264206175204d69656c3c2f703e, 14, 2, 1, 10, 1, 0, 0),
(263, 'Pavé de Saumo à la Fondue de Poireaux', 0x3c703e506176266561637574653b206465205361756d6f20266167726176653b206c6120466f6e64756520646520506f6972656175783c2f703e, 14, 2, 1, 10, 1, 0, 0),
(264, 'Planche du Boucher "Filet de Boeuf"', 0x3c703e506c616e63686520647520426f7563686572202246696c657420646520426f657566223c2f703e, 24, 2, 1, 10, 1, 0, 0),
(265, 'Tartare de Boeuf ou de Saumon frais', 0x3c703e5461727461726520646520426f657566206f75206465205361756d6f6e2066726169733c2f703e, 12, 2, 1, 10, 1, 0, 0),
(266, 'Linguine 3 Fromages', 0x3c703e4c696e6775696e6520332046726f6d616765733c2f703e, 10, 2, 1, 10, 1, 0, 0),
(267, 'Linguine Bolognaise', 0x3c703e4c696e6775696e6520426f6c6f676e616973653c2f703e, 10, 2, 1, 10, 1, 0, 0),
(268, 'Linguine au Pesto', 0x3c703e4c696e6775696e6520617520506573746f3c2f703e, 10, 2, 1, 10, 1, 0, 0),
(269, 'Tarte aux Fruits Rouges', 0x3c703e5461727465206175782046727569747320526f756765733c2f703e, 7, 3, 1, 10, 1, 0, 0),
(270, 'Craquant aux Chocolat', 0x3c703e4372617175616e74206175782043686f636f6c61743c2f703e, 6, 3, 1, 10, 1, 0, 0),
(271, 'Crème brulée', 0x3c703e4372266567726176653b6d65206272756c266561637574653b653c2f703e, 6, 3, 1, 10, 1, 0, 0),
(272, 'Salade de Fruits Frais', 0x3c703e53616c616465206465204672756974732046726169733c2f703e, 6, 3, 1, 10, 1, 0, 0),
(273, 'Assiette Fromagère', 0x3c703e41737369657474652046726f6d6167266567726176653b72653c2f703e, 6, 3, 1, 10, 1, 0, 0),
(274, 'Café Gourmand', 0x3c703e436166266561637574653b20476f75726d616e643c2f703e, 7.5, 3, 1, 10, 1, 0, 0),
(275, 'Thé Gourmand', 0x3c703e5468266561637574653b20476f75726d616e643c2f703e, 9, 3, 1, 10, 1, 0, 0),
(276, 'Formule du Jour - 14€', 0x3c703e3c7370616e207374796c653d22636f6c6f723a20236363666663633b223e456e7472266561637574653b65202b20506c6174206f7520506c6174202b20446573736572743c2f7370616e3e3c2f703e0d0a3c703e3c7370616e207374796c653d22636f6c6f723a20236363666663633b223e5365727669206c65206d696469206475204c756e64692061752056656e64726564693c2f7370616e3e3c2f703e, 14.8, 5, 1, 10, 1, 0, 0),
(277, 'La Périgourdine', 0x3c703e73616c6164652c20746f6d6174652c2068617269636f7420766572742c206d61677265742066756d266561637574653b2c20666f696520677261732073757220746f6173742c20676573696572733c2f703e, 12, 4, 1, 10, 1, 0, 0),
(278, 'La Jolie Bohème Saumonée', 0x3c703e73616c6164652c20746f6d6174652c206d656c6f6e2c206f6575662c207361756d6f6e2066756d266561637574653b20737572207061696e20706f696c616e65206772696c6c266561637574653b3c2f703e, 12, 4, 1, 10, 1, 0, 0),
(279, 'La Fromagère', 0x3c703e73616c6164652c20746f6d6174652c206d656c6f6e2c206368266567726176653b7672652063686175642c20627269652063686175642c2063616e74616c2c20706f6d6d652064652074657272652c206e6f69783c2f703e, 12, 4, 1, 10, 1, 0, 0),
(280, 'La Parmela', 0x3c703e73616c6164652c20746f6d6174652c206d656c6f6e2c206d6f7a7a6172656c6c612c206a616d626f6e20646520706179732c206875696c652064276f6c6976652070617266756d266561637574653b3c2f703e, 12, 4, 1, 10, 1, 0, 0),
(281, 'Aubergines à la ricotta', 0x3c703e50616e6e6571756574206427617562657267696e65732c207269636f7474612c20746f6d617465732c20626173696c6963206574206f6c697665733c2f703e, 10, 1, 1, 9, 1, 0, 0),
(282, 'Sardines marinées au fenouil et coriandre', 0x3c703e56656c6f7574266561637574653b20646520636f75726765206275747465726e75742c206372266567726176653b6d65206574206369626f756c657474653c2f703e, 10, 1, 1, 9, 1, 0, 0),
(283, 'Salade chinoise craquante', 0x3c703e4d266561637574653b6c616e67652064652063686f757820637275732c20706f756c6574206d6172696e266561637574653b2c2073617563652073266561637574653b73616d653c2f703e, 10, 1, 1, 9, 1, 0, 0),
(284, 'Tataki de saumon', 0x3c703e5361756d6f6e206c6162656c20726f7567652c206372266567726176653b6d6520617520726169666f727420657420616e6574682c207065746974652073616c6164653c2f703e, 10, 1, 1, 9, 1, 0, 0),
(285, 'Assiette de charcuterie', 0x3c703e536175636973736f6e206465206c27417264266567726176653b6368652c206a616d626f6e206465204261796f6e6e653c2f703e, 10, 1, 1, 9, 1, 0, 0),
(286, 'Foie gras', 0x3c703e466f69652067726173206d692d6375697420657420636875746e6579206465206669677565733c2f703e, 10, 1, 1, 9, 1, 0, 0),
(287, 'Le Cheeseburger', 0x3c703e5669616e646520646520626f65756620436861726f6c61697320313830672c20636865646461722c206672697465733c2f703e, 10, 2, 1, 9, 1, 0, 0),
(288, 'Côtelettes d''agneau au romarin', 0x3c703e506574697465732063266f636972633b74656c6574746573207072656d69266567726176653b726573206772696c6c266561637574653b65732c206a7573206465207669616e64653c2f703e, 10, 2, 1, 9, 1, 0, 0),
(289, 'Entrecôte, gnocchis à la tomate', 0x3c703e5669616e646520646520626f65756620642745636f737365202833303067292c20676e6f63636869732c20746f6d61746573206365726973653c2f703e, 10, 2, 1, 9, 1, 0, 0),
(290, 'Travers de porc caramélisés', 0x3c703e5472617665727320646520706f72632c20707572266561637574653b65206465206361726f74746520657420636f7269616e6472652c2073616c6164653c2f703e, 10, 2, 1, 9, 1, 0, 0),
(291, 'Dos de cabillaud', 0x3c703e436162696c6c617564206772696c6c266561637574653b2c207361756365207669657267652c20707572266561637574653b65206175206265757272652073616c266561637574653b3c2f703e, 10, 2, 1, 9, 1, 0, 0),
(292, 'Millefeuille de thon cru à la japonaise', 0x3c703e54686f6e20637275206d6172696e266561637574653b2c20702661636972633b746520646520726176696f6c652063726f757374696c6c616e74652c20706f7573736573206427616c666166612c20736175636520736f6a612f6d69656c3c2f703e, 10, 2, 1, 9, 1, 0, 0),
(293, 'Filet de daurade aux olives', 0x3c703e4461757261646520617578206f6c697665732c20636974726f6e20657420632661636972633b707265732c206d616b6920646520636f75726765747465733c2f703e, 10, 2, 1, 9, 1, 0, 0),
(294, 'Brochette de gambas et julienne', 0x3c703e42726f63686574746520617520726f6d6172696e2c20706574697420266561637574653b706561757472652c20736175636520636f636f207468612669756d6c3b3c2f703e, 10, 2, 1, 9, 1, 0, 0),
(295, 'Burrata, roquette et légumes croquants', 0x3c703e42757272617461206372266561637574653b6d657573652c20706573746f2064276865726265732c20726f717565747465206574206c266561637574653b67756d65733c2f703e, 10, 3, 1, 9, 1, 0, 0),
(296, 'Nouilles de riz sautées aux légumes', 0x3c703e4e6f75696c6c65732064652072697a206e6f69722c206c266561637574653b67756d65732073617574266561637574653b7320657420636f7269616e6472653c2f703e, 10, 3, 1, 9, 1, 0, 0),
(297, 'Fromage - Pecorino au poivre', 0x3c703e46726f6d616765202d205065636f72696e6f20617520706f697672653c2f703e, 10, 4, 1, 9, 1, 0, 0),
(298, 'Fromage - Rocamadour', 0x3c703e46726f6d616765202d20526f63616d61646f75723c2f703e, 10, 4, 1, 9, 1, 0, 0),
(299, 'Tarte au citron', 0x3c703e546172746520617520636974726f6e3c2f703e, 10, 4, 1, 9, 1, 0, 0),
(300, 'Pain perdu au caramel beurre salé', 0x3c703e5061696e20706572647520617520636172616d656c206265757272652073616c266561637574653b3c2f703e, 10, 4, 1, 9, 1, 0, 0),
(301, 'Salade de fruits rouges', 0x3c703e53616c6164652064652066727569747320726f756765733c2f703e, 10, 4, 1, 9, 1, 0, 0),
(302, 'Moelleux au chocolat, glace vanille', 0x3c703e4d6f656c6c6575782061752063686f636f6c61742c20676c6163652076616e696c6c653c2f703e, 10, 4, 1, 9, 1, 0, 0),
(303, 'Crème brûlée vanille Bourbon', 0x3c703e4372266567726176653b6d652062722675636972633b6c266561637574653b652076616e696c6c6520426f7572626f6e3c2f703e, 10, 4, 1, 9, 1, 0, 0),
(304, 'Glaces & Sorbets', 0x3c703e476c616365732026616d703b20536f72626574733c2f703e0d0a3c703e6672616973652064657320626f69732f6d797274696c6c65206f752070697374616368652f61627269636f743c2f703e, 10, 4, 1, 9, 1, 0, 0),
(305, 'Café gourmand', 0x3c703e436166266561637574653b20676f75726d616e643c2f703e, 10, 4, 1, 9, 1, 0, 0),
(306, 'Pas de menu boissons', 0x3c703e4c65206d656e7520626f6973736f6e73206e276573742070617320646973706f6e69626c652061637475656c6c656d656e743c2f703e, 0, 4, 1, 4, 1, 0, 0),
(307, 'Tapas - Assiette de Serrano & Tortilla', 0x3c703e5461706173202d2041737369657474652064652053657272616e6f2026616d703b20546f7274696c6c613c2f703e, 5, 1, 1, 12, 1, 0, 0),
(308, 'Tapas - Assiette Chorizo & fèves au cumin', 0x3c703e5461706173202d2041737369657474652043686f72697a6f2026616d703b2066266567726176653b7665732061752063756d696e3c2f703e, 7, 1, 1, 12, 1, 0, 0),
(309, 'Tapas - Assiette de Lomo', 0x3c703e5461706173202d204173736965747465206465204c6f6d6f3c2f703e, 6, 1, 1, 12, 1, 0, 0),
(310, 'Tapas - Moules à l''escabèche', 0x3c703e5461706173202d204d6f756c657320266167726176653b206c276573636162266567726176653b6368653c2f703e, 7, 1, 1, 12, 1, 0, 0),
(311, 'Tapas - Beignets de calamars & friture de poissons', 0x3c703e5461706173202d20426569676e6574732064652063616c616d6172732026616d703b206672697475726520646520706f6973736f6e733c2f703e, 5, 1, 1, 12, 1, 0, 0),
(312, 'Tapas - Tartine soubressade et poivrons frais grillés', 0x3c703e5461706173202d2054617274696e6520736f75627265737361646520657420706f6976726f6e73206672616973206772696c6c266561637574653b733c2f703e, 6, 1, 1, 12, 1, 0, 0),
(313, 'Tapas - Terrine de foies de volaille & fenouil à l''orange', 0x3c703e5461706173202d2054657272696e6520646520666f69657320646520766f6c61696c6c652026616d703b2066656e6f75696c20266167726176653b206c276f72616e67653c2f703e, 5, 1, 1, 12, 1, 0, 0),
(314, 'L''entrecôte du Père Joffrois ', 0x3c703e333030206772732064652070757220626f6575662064652073616c657273206f752064274175627261632c2073656c6f6e2061727269766167652c206163636f6d7061676e266561637574653b6520646520706f6d6d65732064652074657272652073617574266561637574653b65732026616d703b20706574697473206c266561637574653b67756d65733c2f703e, 19, 2, 1, 12, 1, 0, 0),
(315, 'Les 3 Viandes à la Plancha', 0x3c703e456d696e63266561637574653b7320646520626f6575662c20646520766561752065742064652063616e617264206d6172696e266561637574653b73206574206772696c6c266561637574653b73206163636f6d7061676e266561637574653b7320646520706f6d6d65732064652074657272652073617574266561637574653b65732026616d703b20706574697473206c266561637574653b67756d65733c2f703e, 18.5, 2, 1, 12, 1, 0, 0),
(316, 'Planche Lola', 0x3c703e4173736f7274697373656d656e74206465206368617263757465726965732045737061676e6f6c6573206574204974616c69656e6e65732065742073656c656374696f6e204c6f6c612064652066726f6d61676573206475206d61726368266561637574653b2065742073616c61646520646520736169736f6e2026616d703b207061726d6573616e3c2f703e, 16, 2, 1, 12, 1, 0, 0),
(317, 'Tian au boeuf à la provençale', 0x3c703e44616e7320756e6520636861726c6f747465206427617562657267696e65732c206163636f6d7061676e266561637574653b2064652073656d6f756c653c2f703e, 14, 2, 1, 12, 1, 0, 0),
(318, 'Tian d''agneau à l''orientale', 0x3c703e44616e7320756e6520636861726c6f747465206427617562657267696e65732c206163636f6d7061676e266561637574653b2064652073656d6f756c653c2f703e, 14, 2, 1, 12, 1, 0, 0),
(319, 'Tian à l''agneau au curry', 0x3c703e44616e7320756e6520636861726c6f747465206427617562657267696e65732c206163636f6d7061676e266561637574653b2064652073656d6f756c653c2f703e, 14, 2, 1, 12, 1, 0, 0),
(320, 'Panacotta aux coulis de fruits de saison', 0x3c703e50616e61636f7474612061757820636f756c69732064652066727569747320646520736169736f6e3c2f703e, 7, 3, 1, 12, 1, 0, 0),
(321, 'Mi-cuit au chocolat', 0x3c703e4d692d637569742061752063686f636f6c61743c2f703e, 7, 3, 1, 12, 1, 0, 0),
(322, 'Tiramisu gourmand à la fraise', 0x3c703e546972616d69737520676f75726d616e6420266167726176653b206c61206672616973653c2f703e, 7, 3, 1, 12, 1, 0, 0),
(323, 'Pas de menu boissons', 0x3c703e506173206465206d656e7520626f6973736f6e7320646520646973706f6e69626c652061637475656c6c656d656e743c2f703e, 0, 4, 1, 12, 1, 0, 0),
(324, 'Les Brunchs de Lola', 0x3c703e3c7370616e207374796c653d22636f6c6f723a20236363666663633b223e3c7374726f6e673e53554352264561637574653b3c2f7374726f6e673e3c2f7370616e3e3c2f703e0d0a3c703e3c7370616e207374796c653d22636f6c6f723a20236363666663633b223e436166266561637574653b2c205468266561637574653b206f752043686f636f6c61743c6272202f3e204a757320646520667275697473206672616973207072657373266561637574653b73204f72616e6765206f752050616d706c656d6f757373653c6272202f3e20436f6e666974757265732c205061696e732c204265757272652026616d703b20636f2e2e2e3c6272202f3e2043616b6573206574204269736375697473204d6169736f6e3c2f7370616e3e3c2f703e0d0a3c7020636c6173733d22706167654e616d6520205374796c653133223e3c7370616e207374796c653d22636f6c6f723a20236363666663633b223e3c6272202f3e3c2f7370616e3e3c2f703e0d0a3c7020636c6173733d22706167654e616d6520205374796c653133223e3c7370616e207374796c653d22636f6c6f723a20236363666663633b223e3c7374726f6e673e53414c264561637574653b3c2f7374726f6e673e203a204163636f6d7061676e266561637574653b20646520426569676e6574732064276f69676e6f6e732026616d703b20436f6c73656c6177204d6169736f6e3c2f7370616e3e3c2f703e0d0a3c703e266e6273703b3c2f703e0d0a3c703e3c7370616e207374796c653d22636f6c6f723a20236363666663633b223e426167656c205361756d6f6e2066756d266561637574653b2c20637265616d206368656573653c6272202f3e6f753c6272202f3e426167656c205061737472616d692c206d6f7574617264653c7370616e20636c6173733d227374796c653132223e3c6272202f3e4f657566732062726f75696c6c266561637574653b732026616d703b204261636f6e2063726f757374696c6c616e743c6272202f3e2a2a2a3c2f7370616e3e3c6272202f3e42697264792c204f65756620617520706c617420737572207061696e20746f617374266561637574653b3c6272202f3e4368617263757465726965204974616c69656e6e652026616d703b2045737061676e6f6c653c6272202f3e2a2a2a3c6272202f3e427269636b2061757820266f656c69673b7566732026616d703b3c6272202f3e5461727461726520646520626f6575662061757820686572626573206672612669636972633b636865733c6272202f3e4d656e746865202c20426173696c6963202c20436f7269616e6472653c2f7370616e3e3c2f703e, 19.5, 5, 1, 12, 1, 0, 0),
(325, 'Salade de St Marcellin', 0x3c703e53616c616465206465205374204d617263656c6c696e202d204a616d626f6e204372753c2f703e, 0, 1, 1, 13, 1, 0, 0),
(326, 'Tartare de Dorade', 0x3c703e5461727461726520646520446f726164652061752067696e67656d62726520266561637574653b63726173266561637574653b20642741766f63617420617520436974726f6e3c2f703e, 0, 1, 1, 13, 1, 0, 0),
(327, 'Pommes Ratte du Touquet', 0x3c703e506f6d6d657320526174746520647520546f7571756574202d20666f6965204772617320506f2665636972633b6c266561637574653b20266167726176653b206c276875696c6520646520547275666665733c2f703e, 0, 1, 1, 13, 1, 0, 0),
(328, 'Gambas Flambée au Cognac', 0x3c703e47616d62617320466c616d62266561637574653b6520617520436f676e6163202d2046726963617373266561637574653b65206465204368616d7069676e6f6e733c2f703e, 0, 1, 1, 13, 1, 0, 0),
(329, 'Crousti Mozarella', 0x3c703e43726f75737469204d6f7a6172656c6c61202d205669616e646520646520477269736f6e3c2f703e, 0, 1, 1, 13, 1, 0, 0),
(330, 'Dos de Cabillaud', 0x3c703e446f7320646520436162696c6c617564202d204772696c6c266561637574653b3c2f703e, 0, 2, 1, 13, 1, 0, 0),
(331, 'Risotto aux Truffes', 0x3c703e5269736f74746f20617578205472756666657320646520536169736f6e3c2f703e, 0, 2, 1, 13, 1, 0, 0),
(332, 'Noix de St Jacques', 0x3c703e4e6f6978206465205374204a616371756573202d2041206c6120506c616e6368613c2f703e, 0, 2, 1, 13, 1, 0, 0),
(333, 'Faux Filet Grillé', 0x3c703e466175782046696c6574204772696c6c266561637574653b20536175636520426c65753c2f703e, 0, 2, 1, 13, 1, 0, 0),
(334, 'Tournedos de Lotte', 0x3c703e546f75726e65646f73206465204c6f747465204a616d626f6e206465205061726d65202b20322c303020266575726f3b3c2f703e, 0, 2, 1, 13, 1, 0, 0),
(335, 'Assiettes de fromages', 0x3c703e4173736965747465732064652066726f6d616765733c2f703e, 0, 3, 1, 13, 1, 0, 0),
(336, 'Craquant de crème brûlée à la pistache', 0x3c703e4372617175616e74206465206372266567726176653b6d652062722675636972633b6c266561637574653b6520266167726176653b206c612070697374616368653c2f703e, 0, 3, 1, 13, 1, 0, 0),
(337, 'Tiramisu Cointreau et Fruits Rouges', 0x3c703e546972616d69737520436f696e74726561752065742046727569747320526f756765733c2f703e, 0, 3, 1, 13, 1, 0, 0),
(338, 'Côtes du Rhône', 0x3c703e43266f636972633b746573206475205268266f636972633b6e653c2f703e, 24, 4, 1, 13, 1, 0, 0),
(339, 'Formule  12€', 0x3c703e3c7370616e207374796c653d22636f6c6f723a20236363666666663b223e2a2a2a2a2a2a2a2a2a2a2a2a2a2a2a3c2f7370616e3e3c2f703e0d0a3c703e3c7370616e207374796c653d22636f6c6f723a20236363666666663b223e456e7472266561637574653b65206f752044657373657274203c6272202f3e3c2f7370616e3e3c2f703e0d0a3c703e3c7370616e207374796c653d22636f6c6f723a20236363666666663b223e2b20506c61743c6272202f3e3c2f7370616e3e3c2f703e0d0a3c703e3c7370616e207374796c653d22636f6c6f723a20236363666666663b223e2a2a2a2a2a2a2a2a2a2a2a2a2a2a2a3c2f7370616e3e3c2f703e, 12, 5, 1, 13, 1, 0, 0),
(340, 'Formule 15€', 0x3c703e3c7370616e207374796c653d22636f6c6f723a20236363666666663b223e2a2a2a2a2a2a2a2a2a2a2a2a2a2a2a3c2f7370616e3e3c2f703e0d0a3c703e3c7370616e207374796c653d22636f6c6f723a20236363666666663b223e456e7472266561637574653b653c2f7370616e3e3c2f703e0d0a3c703e3c7370616e207374796c653d22636f6c6f723a20236363666666663b223e2b20506c61743c2f7370616e3e3c2f703e0d0a3c703e3c7370616e207374796c653d22636f6c6f723a20236363666666663b223e2b20446573736572743c2f7370616e3e3c2f703e0d0a3c703e3c7370616e207374796c653d22636f6c6f723a20236363666666663b223e2a2a2a2a2a2a2a2a2a2a2a2a2a2a2a3c2f7370616e3e3c2f703e, 15, 5, 1, 13, 1, 0, 0),
(341, 'Assiette de charcuterie de nos régions', 0x3c703e506f7572205061727461676572203a204173736965747465206465206368617263757465726965206465206e6f732072266561637574653b67696f6e733c2f703e, 13, 1, 1, 11, 1, 0, 0),
(342, 'Terrine de foie gras de canard « maison »', 0x3c703e54657272696e6520646520666f696520677261732064652063616e61726420266c6171756f3b206d6169736f6e2026726171756f3b2c20636875746e657920726875626172626573207061696e20746f617374266561637574653b3c2f703e, 18, 1, 1, 11, 1, 0, 0),
(343, 'Asperges blanches tièdes des Landes', 0x3c703e417370657267657320626c616e63686573207469266567726176653b64657320646573204c616e6465732c20736175636520686f6c6c616e64616973653c2f703e, 18, 1, 1, 11, 1, 0, 0),
(344, 'Emincé de thon rouge', 0x3c703e456d696e63266561637574653b2064652074686f6e20726f7567652c20726f756761696c20266167726176653b206c6120746f6d6174652c2073616c61646520646520706f75737365733c2f703e, 15, 1, 1, 11, 1, 0, 0),
(345, 'Chiffonnade de jambon Ibérique', 0x3c703e43686966666f6e6e616465206465206a616d626f6e204962266561637574653b72697175652c2070697065726164652061752070696d656e7420646f75783c2f703e, 16, 1, 1, 11, 1, 0, 0),
(346, 'Saumon « Salma »façon gravlax', 0x3c703e5361756d6f6e20266c6171756f3b2053616c6d612026726171756f3b66612663636564696c3b6f6e20677261766c61782c206d696e6973206d6f656c6c657578206372266567726176653b6d65207761736162693c2f703e, 15, 1, 1, 11, 1, 0, 0),
(347, 'Chèvre frais, antipasti de légumes grillés', 0x3c703e4368266567726176653b7672652066726169732c20616e74697061737469206465206c266561637574653b67756d6573206772696c6c266561637574653b732c2076696e616967726574746520746f6d6174653c2f703e, 11, 1, 1, 11, 1, 0, 0),
(348, 'Fraîcheur mozzarella tresse di bufala', 0x3c703e4672612669636972633b6368657572206d6f7a7a6172656c6c612074726573736520646920627566616c612c206173706572676573207665727465732c76696e616967726574746520636974726f6e3c2f703e, 16, 1, 1, 11, 0, 0, 0),
(349, '6 Escargots de Bourgogne au beurre persillé ', 0x3c703e36204573636172676f747320646520426f7572676f676e65206175206265757272652070657273696c6c266561637574653b3c2f703e, 11, 1, 1, 11, 1, 0, 0),
(350, '12 Escargots de Bourgogne au beurre persillé', 0x3c703e3132204573636172676f747320646520426f7572676f676e65206175206265757272652070657273696c6c266561637574653b3c2f703e, 22, 1, 1, 11, 1, 0, 0),
(351, 'Gratin de macaroni', 0x3c703e47726174696e206465206d616361726f6e692c207269717565747465206175207061726d6573616e3c2f703e, 17, 2, 1, 11, 1, 0, 0),
(352, 'Gratin de macaroni, jambon Rostello', 0x3c703e47726174696e206465206d616361726f6e692c206a616d626f6e20526f7374656c6c6f3c2f703e, 20, 2, 1, 11, 1, 0, 0),
(353, 'Tartare de boeuf cru', 0x3c703e5461727461726520646520626f65756620637275207072266561637574653b706172266561637574653b20706172206e6f7320736f696e732c206672697465732065742073616c6164653c2f703e, 19, 2, 1, 11, 1, 0, 0),
(354, 'Steak haché de boeuf façon tartare poêlé', 0x3c703e537465616b2068616368266561637574653b20646520626f6575662066612663636564696c3b6f6e207461727461726520706f2665636972633b6c266561637574653b2c205669616e6465204672616e2663636564696c3b616973652c206672697465732c2073616c6164653c2f703e, 19, 2, 1, 11, 1, 0, 0),
(355, 'Caviar de boeuf au chorizo', 0x3c703e43617669617220646520626f6575662061752063686f72697a6f2c20706f6d6d657320676175667265747465732065742073616c6164652076657274653c2f703e, 19, 2, 1, 11, 1, 0, 0),
(356, 'Faux filet de boeuf Français', 0x3c703e466175782066696c657420646520626f657566204672616e2663636564696c3b6169732c20736175636520706f697672652c206d266561637574653b6c69206d266561637574653b6c6f206465206c266561637574653b67756d65733c2f703e, 23, 2, 1, 11, 1, 0, 0),
(357, 'Risotto aux légumes de saison', 0x3c703e5269736f74746f20617578206c266561637574653b67756d657320646520736169736f6e2c20636f756c697320646520746f6d617465207475696c65206175207061726d6573616e3c2f703e, 19, 2, 1, 11, 1, 0, 0),
(358, 'Brie de Meaux fermier AOC', 0x3c703e42726965206465204d65617578206665726d69657220414f432c2073616c6164652076657274653c2f703e, 11, 3, 1, 11, 1, 0, 0),
(359, 'Assortiment de fromages de chèvre frais', 0x3c703e4173736f7274696d656e742064652066726f6d61676573206465206368266567726176653b7672652066726169732c20616666696e266561637574653b7320414f432c20446f6d696e697175652046616272653c2f703e, 10, 3, 1, 11, 1, 0, 0),
(360, 'Nougat glacé maison, duo de coulis de fruits', 0x3c703e4e6f7567617420676c6163266561637574653b206d6169736f6e2c2064756f20646520636f756c6973206465206672756974733c2f703e, 10, 3, 1, 11, 1, 0, 0),
(361, 'Carpaccio d’ananas, sorbet exotique, croustillant de banane plantain', 0x3c703e43617270616363696f206426727371756f3b616e616e61732c20736f726265742065786f74697175652c2063726f757374696c6c616e742064652062616e616e6520706c616e7461696e3c2f703e, 10, 3, 1, 11, 0, 0, 0),
(362, 'Moelleux au chocolat grand cru « Valrhona », glace vanille', 0x3c703e4d6f656c6c6575782061752063686f636f6c6174206772616e642063727520266c6171756f3b2056616c72686f6e612026726171756f3b2c20676c6163652076616e696c6c653c2f703e, 12, 3, 1, 11, 1, 0, 0),
(363, 'Tatin à la mangue, crémeux à la noix de coco', 0x3c703e546174696e20266167726176653b206c61206d616e6775652c206372266561637574653b6d65757820266167726176653b206c61206e6f697820646520636f636f3c2f703e, 10, 3, 1, 11, 1, 0, 0),
(364, 'Macaron framboise, crémeux au thym-citron, sorbet fruits rouges', 0x3c703e4d616361726f6e206672616d626f6973652c206372266561637574653b6d657578206175207468796d2d636974726f6e2c20736f726265742066727569747320726f756765733c2f703e, 11, 3, 1, 11, 1, 0, 0),
(365, 'Pas de menu boissons', 0x3c703e506173206465206d656e7520626f6973736f6e733c2f703e, 0, 4, 1, 11, 1, 0, 0),
(366, 'Formule midi en semaine 22€ ', 0x3c703e3c7370616e207374796c653d22636f6c6f723a20233838383838383b223e466f726d756c65203232266575726f3b20286d696469293c6272202f3e456e7472266561637574653b65202b20506c61743c6272202f3e4f7520266e6273703b266e6273703b266e6273703b266e6273703b266e6273703b266e6273703b266e6273703b266e6273703b266e6273703b266e6273703b266e6273703b266e6273703b266e6273703b266e6273703b266e6273703b266e6273703b266e6273703b266e6273703b266e6273703b266e6273703b266e6273703b266e6273703b266e6273703b266e6273703b266e6273703b266e6273703b266e6273703b266e6273703b266e6273703b266e6273703b266e6273703b266e6273703b266e6273703b266e6273703b266e6273703b266e6273703b266e6273703b266e6273703b266e6273703b266e6273703b266e6273703b266e6273703b203c6272202f3e506c6174202b2044657373657274266e6273703b266e6273703b20266e6273703b266e6273703b266e6273703b266e6273703b266e6273703b266e6273703b266e6273703b266e6273703b266e6273703b266e6273703b266e6273703b266e6273703b266e6273703b266e6273703b266e6273703b266e6273703b266e6273703b266e6273703b266e6273703b266e6273703b266e6273703b266e6273703b266e6273703b266e6273703b266e6273703b266e6273703b266e6273703b266e6273703b266e6273703b266e6273703b203c2f7370616e3e3c2f703e0d0a3c703e3c7370616e207374796c653d22746578742d6465636f726174696f6e3a20756e6465726c696e653b223e456e7472266561637574653b65733c2f7370616e3e3c2f703e0d0a3c703e3c7370616e207374796c653d22636f6c6f723a20233838383838383b223e5072657373266561637574653b206465206c266561637574653b67756d6573206475207375642c20636f756c697320646520746f6d61746520617520626173696c69633c6272202f3e5461727461726520646520706f6973736f6e7320617578206865726265732c206372266567726176653b6d6520766f646b613c6272202f3e53616c6164652066726973266561637574653b65206175782067266561637574653b73696572732c206d61677265742066756d266561637574653b2c206f657566206d6f6c6c65743c6272202f3e3c7370616e207374796c653d22746578742d6465636f726174696f6e3a20756e6465726c696e653b223e506c6174733c2f7370616e3e3c6272202f3e506176266561637574653b206426727371756f3b65737061646f6e2c20706f2665636972633b6c266561637574653b6520646520636f75726765747465732061752063757272793c6272202f3e526f676e6f6e733c2f7370616e3e3c2f703e, 22, 5, 1, 11, 1, 0, 0),
(367, 'Formule en semaine 30€', 0x3c703e3c7370616e207374796c653d22636f6c6f723a20233838383838383b223e466f726d756c65203330266575726f3b20286d69646920657420736f6972293c6272202f3e20456e7472266561637574653b65202b20506c61743c6272202f3e20457420266e6273703b266e6273703b266e6273703b266e6273703b266e6273703b266e6273703b266e6273703b266e6273703b266e6273703b266e6273703b266e6273703b266e6273703b266e6273703b266e6273703b266e6273703b266e6273703b266e6273703b266e6273703b266e6273703b266e6273703b266e6273703b266e6273703b266e6273703b266e6273703b266e6273703b266e6273703b266e6273703b266e6273703b266e6273703b266e6273703b266e6273703b266e6273703b266e6273703b266e6273703b266e6273703b266e6273703b266e6273703b266e6273703b266e6273703b266e6273703b266e6273703b266e6273703b266e6273703b203c6272202f3e44657373657274266e6273703b266e6273703b20266e6273703b266e6273703b266e6273703b266e6273703b266e6273703b266e6273703b266e6273703b266e6273703b266e6273703b266e6273703b266e6273703b266e6273703b266e6273703b266e6273703b266e6273703b266e6273703b266e6273703b266e6273703b266e6273703b266e6273703b266e6273703b266e6273703b266e6273703b266e6273703b266e6273703b266e6273703b266e6273703b266e6273703b266e6273703b266e6273703b203c2f7370616e3e3c2f703e0d0a3c703e3c7370616e207374796c653d22636f6c6f723a20233838383838383b223e3c7370616e207374796c653d22746578742d6465636f726174696f6e3a20756e6465726c696e653b223e456e7472266561637574653b65733c2f7370616e3e3c6272202f3e5072657373266561637574653b206465206c266561637574653b67756d6573206475207375642c20636f756c697320646520746f6d61746520617520626173696c69633c6272202f3e5461727461726520646520706f6973736f6e7320617578206865726265732c206372266567726176653b6d6520766f646b613c6272202f3e53616c6164652066726973266561637574653b65206175782067266561637574653b73696572732c206d61677265742066756d266561637574653b2c206f657566206d6f6c6c65743c6272202f3e3c2f7370616e3e3c2f703e0d0a3c703e3c7370616e207374796c653d22636f6c6f723a20233838383838383b223e3c7370616e207374796c653d22746578742d6465636f726174696f6e3a20756e6465726c696e653b223e506c6174733c2f7370616e3e3c6272202f3e506176266561637574653b206426727371756f3b65737061646f6e2c3c, 30, 5, 1, 11, 1, 0, 0),
(368, 'Salade du jour au choix', 0x3c703e53616c616465206475206a6f75722061752063686f69783c2f703e, 6, 1, 1, 15, 1, 0, 0),
(369, 'Céréales du jour', 0x3c703e43266561637574653b72266561637574653b616c6573206475206a6f75723c2f703e, 6, 1, 1, 15, 1, 0, 0),
(370, 'Les Bentô ', 0x3c703e5669616e64652c20706f6973736f6e206f752076266561637574653b67266561637574653b74617269656e3c2f703e, 14, 2, 1, 15, 1, 0, 0),
(371, 'Chirashi de saumon', 0x3c703e4368697261736869206465207361756d6f6e3c2f703e, 17, 2, 1, 15, 1, 0, 0),
(372, 'Don de boeuf', 0x3c703e446f6e20646520626f6575663c2f703e, 6, 2, 1, 15, 1, 0, 0),
(373, 'Soupe du jour', 0x3c703e536f757065206475206a6f75723c2f703e, 6, 2, 1, 15, 1, 0, 0),
(374, 'Onigiri', 0x3c703e4f6e69676972693c2f703e, 3, 2, 1, 15, 1, 0, 0),
(375, 'Rouleau de printemps', 0x3c703e526f756c656175206465207072696e74656d7073203a2076266561637574653b67266561637574653b74617269656e206f7520706f756c65743c2f703e, 4, 2, 1, 15, 1, 0, 0),
(376, 'Pizza briochée', 0x3c703e50697a7a61206272696f6368266561637574653b653c2f703e, 5, 2, 1, 15, 1, 0, 0),
(377, 'Assiette de gorgonzola et confiture de moût de raisin', 0x3c703e417373696574746520646520676f72676f6e7a6f6c6120657420636f6e666974757265206465206d6f2675636972633b742064652072616973696e3c2f703e, 8, 2, 1, 15, 1, 0, 0),
(378, 'Cheese cake', 0x3c703e4368656573652063616b653c2f703e, 5.5, 3, 1, 15, 1, 0, 0),
(379, 'Cake matcha', 0x3c703e43616b65206d61746368613c2f703e, 5.5, 3, 1, 15, 1, 0, 0),
(380, 'Fondant chocolat yuzu', 0x3c703e466f6e64616e742063686f636f6c61742079757a753c2f703e, 5.5, 3, 1, 15, 1, 0, 0),
(381, 'Fruits rôtis', 0x3c703e4672756974732072266f636972633b7469733c2f703e, 5.5, 3, 1, 15, 1, 0, 0),
(382, 'Le Brunch (Samedi & Dimanche)', 0x3c703e3c7370616e207374796c653d22636f6c6f723a20236363666666663b223e42656e74266f636972633b20506172697369656e20286a616d626f6e205072696e63652064652050617269732c206f65756620706f6368266561637574653b2c206368616d7069676e6f6e2064652043657267792c20746f6d617465206365726973652072266f636972633b7469652c2063266561637574653b72266561637574653b616c65732c206d6f75746172646520646520706f6d6d652c2073616c61646573206475206a6f7572293c2f7370616e3e3c2f703e0d0a3c703e3c7370616e207374796c653d22636f6c6f723a20236363666666663b223e3c6272202f3e3c2f7370616e3e3c2f703e0d0a3c703e3c7370616e207374796c653d22636f6c6f723a20236363666666663b223e42656e74266f636972633b205472756974652064652042616e6b6120287472756974652064652042616e6b612066756d266561637574653b652c206f657566732062726f75696c6c266561637574653b732c20746f6d617465206365726973652072266f636972633b7469652c20706f6d6d652064652074657272652c2063266561637574653b72266561637574653b616c65732c2066726f6d61676520626c616e6320617520776173616269293c2f7370616e3e3c2f703e0d0a3c703e3c7370616e207374796c653d22636f6c6f723a20236363666666663b223e3c6272202f3e3c2f7370616e3e3c2f703e0d0a3c703e3c7370616e207374796c653d22636f6c6f723a20236363666666663b223e42656e74266f636972633b20546f667520427572676572202862756e73206d6169736f6e2c2067616c6574746520617520746f66752c20746f6d6174652c2073616c61646573206475206a6f7572293c2f7370616e3e3c2f703e, 16, 5, 1, 15, 1, 0, 0),
(384, 'Soupe à l''oignon', 0x3c703e536f75706520266167726176653b206c276f69676e6f6e3c2f703e0d0a3c703e4672656e6368206f6e696f6e20736f75703c2f703e, 6.5, 1, 1, 14, 1, 0, 0),
(385, 'Oeuf mayonnaise', 0x3c703e4f657566206d61796f6e6e616973653c2f703e0d0a3c703e4861726420626f696c65642065676765732077697468206d61796f6e6e616973653c2f703e, 4.5, 1, 1, 14, 1, 0, 0),
(386, 'Coeurs de palmier', 0x3c703e436f657572732064652070616c6d6965723c2f703e0d0a3c703e70616c6d206865617274733c2f703e, 5.5, 1, 1, 14, 1, 0, 0),
(387, 'Salade aux noix', 0x3c703e53616c61646520617578206e6f69783c2f703e0d0a3c703e73616c616420776974682077616c6e7574733c2f703e, 4.5, 1, 1, 14, 1, 0, 0),
(388, 'Salade de crevettes', 0x3c703e53616c616465206465206372657665747465733c2f703e0d0a3c703e73616c616420616e6420736872696d70733c2f703e, 5.5, 1, 1, 14, 1, 0, 0),
(389, 'Terrine de l''Aveyron ou Rosette d''Aoste', 0x3c703e54657272696e65206465206c2741766579726f6e206f7520526f7365747465206427416f7374653c2f703e0d0a3c703e74657272696e65206f7220726f73657474653c2f703e, 5, 1, 1, 14, 1, 0, 0),
(390, 'Tomates à l''Italienne parmesan, huile d''olive', 0x3c703e546f6d6174657320266167726176653b206c274974616c69656e6e65207061726d6573616e2c206875696c652064276f6c6976653c2f703e0d0a3c703e746f6d61746f65732c207061726d6573616e206368656573652c206f6c697665206f696c3c2f703e, 5.5, 1, 1, 14, 1, 0, 0),
(391, 'Filet de hareng pomme de terre chaudes ', 0x3c703e46696c657420646520686172656e6720706f6d6d6520646520746572726520636861756465733c2f703e0d0a3c703e68657272696e672066696c6c65742077697468207761726d2070617461746f3c2f703e, 6.5, 1, 1, 14, 1, 0, 0),
(392, 'Francfort', 0x3c703e4672616e63666f72743c2f703e0d0a3c703e6672616e6b6675727420736175736167653c2f703e, 6, 2, 1, 14, 1, 0, 0),
(393, 'Steak grillé', 0x3c703e537465616b206772696c6c266561637574653b3c2f703e0d0a3c703e6772696c6c656420737465616b3c2f703e, 9.5, 2, 1, 14, 1, 0, 0),
(394, 'Andouillette de Troyes', 0x3c703e416e646f75696c6c657474652064652054726f7965733c2f703e0d0a3c703e636869747465726c696e6720736175736167653c2f703e, 12.9, 2, 1, 14, 1, 0, 0),
(395, 'Entrecôte XXL', 0x3c703e456e74726563266f636972633b74652058584c3c2f703e0d0a3c703e72696265796520737465616b3c2f703e, 16, 2, 1, 14, 1, 0, 0),
(396, 'Pavé de boeuf grillé', 0x3c703e506176266561637574653b20646520626f657566206772696c6c266561637574653b3c2f703e0d0a3c703e6772696c6c656420746869636b206265656620737465616b3c2f703e, 14, 2, 1, 14, 1, 0, 0),
(397, 'Steak à cheval', 0x3c703e537465616b20266167726176653b2063686576616c3c2f703e0d0a3c703e737465616b20746f70706564207769746820616e206567673c2f703e, 9.5, 2, 1, 14, 1, 0, 0),
(398, 'Camembert ou Emmental ou Chèvre', 0x3c703e43616d656d62657274206f7520456d6d656e74616c206f75204368266567726176653b7672653c2f703e0d0a3c703e63616d656d62657274206f7520656d6d656e74616c20636865657365206f7520676f61742773206368656573653c2f703e, 4.5, 3, 1, 14, 1, 0, 0),
(399, 'Roquefort, Cantal ou Reblochon', 0x3c703e526f717565666f72742c2043616e74616c206f75205265626c6f63686f6e3c2f703e0d0a3c703e626c75652c2063616e74616c206f72207265626c6f6e63686f6e206368656573653c2f703e, 5.5, 3, 1, 14, 1, 0, 0),
(400, 'Assortissement de fromages', 0x3c703e4173736f7274697373656d656e742064652066726f6d616765733c2f703e0d0a3c703e6173736f72746d656e74206f6620636865657365733c2f703e, 9.5, 3, 1, 14, 1, 0, 0),
(401, 'Fromage blanc sucré', 0x3c703e46726f6d61676520626c616e632073756372266561637574653b3c2f703e0d0a3c703e636f74746167652063686565736520776974682073756761723c2f703e, 4.8, 3, 1, 14, 1, 0, 0),
(402, 'Fromage blanc aux fines herbes ou coulis de fruits rouges', 0x3c703e46726f6d61676520626c616e63206175782066696e657320686572626573206f7520636f756c69732064652066727569747320726f756765733c2f703e0d0a3c703e636f7474616765206368656573652077697468206865726273206f72207265642066727569747320636f756c69733c2f703e, 4.8, 3, 1, 14, 1, 0, 0),
(403, 'Suggestions du Jour', 0x3c703e3c7370616e207374796c653d22636f6c6f723a20236363666666663b223e4d696c6c652d666575696c6c65206465204265747465726176652026616d703b206d696d6f7361203a20353c6272202f3e3c2f7370616e3e3c2f703e0d0a3c703e3c7370616e207374796c653d22636f6c6f723a20236363666666663b223e4d6f72746561752073616c616465206465204c656e74696c6c6573207469266567726176653b646573203a20392e38303c2f7370616e3e3c2f703e0d0a3c703e3c7370616e207374796c653d22636f6c6f723a20236363666666663b223e4375697373652064652063616e61726420617520706f697672652064652073266561637574653b63686f75616e203a2031322e35303c2f7370616e3e3c2f703e0d0a3c703e3c7370616e207374796c653d22636f6c6f723a20236363666666663b223e446f73206465205361756d6f6e206d69656c2d67696e67656d6272652d636974726f6e203a2031332e38303c2f7370616e3e3c2f703e0d0a3c703e3c7370616e207374796c653d22636f6c6f723a20236363666666663b223e4173736965747465206465207669616e6465732066726f6964657320637275646974266561637574653b73203a2031322e35303c2f7370616e3e3c2f703e0d0a3c703e3c7370616e207374796c653d22636f6c6f723a20236363666666663b223e506176266561637574653b20646520426f657566206772696c6c266561637574653b20617520526f717565666f7274203a2031343c6272202f3e3c2f7370616e3e3c2f703e, 0, 5, 1, 14, 1, 0, 0),
(404, 'Pas de menu boissons', 0x3c703e506173206465206d656e7520626f6973736f6e7320646520646973706f6e69626c652061637475656c6c656d656e743c2f703e, 0, 4, 1, 14, 1, 0, 0),
(405, 'Chèvre chaud et bacon', 0x3c703e4368266567726176653b767265206368617564206574206261636f6e3c2f703e, 9, 1, 1, 16, 1, 0, 0),
(406, 'Chicken salade', 0x3c703e436869636b656e2073616c6164653c2f703e, 9, 1, 1, 16, 1, 0, 0),
(407, 'Salade grecque', 0x3c703e53616c61646520677265637175653c2f703e, 8, 1, 1, 16, 1, 0, 0),
(408, 'Cheeseburger', 0x3c703e436865657365627572676572206672697465733c2f703e0d0a3c703e66726f6d6167652061752063686f6978203a2063686564646172202f2066657461202f20626c65753c2f703e0d0a3c703e537570706c656d656e74206261636f6e202f6f657566202b31266575726f3b3c2f703e, 10, 2, 1, 16, 1, 0, 0),
(409, 'Double cheeseburger', 0x3c703e446f75626c6520636865657365627572676572206672697465733c2f703e0d0a3c703e66726f6d6167652061752063686f6978203a2063686564646172202f2066657461202f20626c65753c2f703e0d0a3c703e537570706c656d656e74206261636f6e202f6f657566202b31266575726f3b3c2f703e, 15, 2, 1, 16, 1, 0, 0),
(410, 'Chickenburger', 0x3c703e436869636b656e627572676572206672697465733c2f703e0d0a3c703e66726f6d6167652061752063686f6978203a2063686564646172202f2066657461202f20626c65753c2f703e0d0a3c703e537570706c656d656e74206261636f6e202f6f657566202b31266575726f3b3c2f703e, 10, 2, 1, 16, 1, 0, 0),
(411, 'Cheeseburger grec', 0x3c703e436865657365627572676572206772656320617665632066266561637574653b74613c2f703e, 10, 2, 1, 16, 1, 0, 0),
(412, 'Côte de boeuf', 0x3c703e43266f636972633b746520646520626f6575663c2f703e, 15, 2, 1, 16, 1, 0, 0),
(413, 'Steak tartare', 0x3c703e537465616b20746172746172653c2f703e, 10, 2, 1, 16, 1, 0, 0),
(414, 'Steak haché frais', 0x3c703e537465616b2068616368266561637574653b2066726169733c2f703e, 10, 2, 1, 16, 1, 0, 0),
(415, 'Double steak haché', 0x3c703e446f75626c6520737465616b2068616368266561637574653b3c2f703e, 13, 2, 1, 16, 1, 0, 0),
(416, 'Tiramisu', 0x3c703e546972616d6973753c2f703e, 3, 3, 1, 16, 1, 0, 0),
(417, 'Yahourt Grec au miel', 0x3c703e5961686f7572742047726563206175206d69656c3c2f703e, 3, 3, 1, 16, 1, 0, 0),
(418, 'Tarte au chocolat', 0x3c703e54617274652061752063686f636f6c61743c2f703e, 3, 3, 1, 16, 1, 0, 0),
(419, 'Mousse au chocolat', 0x3c703e4d6f757373652061752063686f636f6c61743c2f703e, 3, 3, 1, 16, 1, 0, 0),
(420, 'Buffet d''entrée : 5€', 0x3c703e466f726d756c652036266575726f3b206176656320756e2076657272652064652076696e2f736f64613c2f703e, 5, 5, 1, 16, 1, 0, 0),
(421, 'Formule 10€', 0x3c703e3c7370616e207374796c653d22636f6c6f723a20236363666663633b223e546f7573206c657320706c6174733c2f7370616e3e3c2f703e0d0a3c703e3c7370616e207374796c653d22636f6c6f723a20236363666663633b223e2b3c2f7370616e3e3c2f703e0d0a3c703e3c7370616e207374796c653d22636f6c6f723a20236363666663633b223e312076657272652064652076696e3c2f7370616e3e3c2f703e, 10, 5, 1, 16, 1, 0, 0),
(422, 'Saumon Fumé et ses toasts', 0x3c703e5361756d6f6e2046756d266561637574653b2065742073657320746f617374733c2f703e, 9.8, 1, 1, 17, 1, 0, 0),
(423, 'Foie gras et sa confiture de figue', 0x3c703e466f6965206772617320657420736120636f6e6669747572652064652066696775653c2f703e, 9.8, 1, 1, 17, 1, 0, 0),
(424, 'Camembert poêlé au Calvados', 0x3c703e43616d656d6265727420706f2665636972633b6c266561637574653b2061752043616c7661646f733c2f703e, 5.8, 1, 1, 17, 1, 0, 0),
(425, 'Croustillant de chèvre', 0x3c703e43726f757374696c6c616e74206465206368266567726176653b7672653c2f703e, 6.2, 1, 1, 17, 1, 0, 0),
(426, 'Croque monsieur, frites, salade', 0x3c703e43726f717565206d6f6e73696575722c206672697465732c2073616c61646520282b6f65756620302c3530266575726f3b293c2f703e, 9.8, 2, 1, 17, 1, 0, 0),
(427, 'Planche de charcuterie', 0x3c703e506c616e6368652064652063686172637574657269653c2f703e, 12, 2, 1, 17, 1, 0, 0),
(428, 'Planche mixte', 0x3c703e506c616e636865206d69787465202863686172637574657269652c2066726f6d61676573293c2f703e, 12, 2, 1, 17, 1, 0, 0),
(429, 'Salade Gourmande', 0x3c703e53616c61646520476f75726d616e6465202873616c6164652c20666f696520677261732c206d61677265742c20682e766572742c20746f6d617465732c206e6f6978293c2f703e, 14, 2, 1, 17, 1, 0, 0),
(430, 'Salade Cévenole', 0x3c703e53616c6164652043266561637574653b76656e6f6c65202873616c6164652c206c6172646f6e2c206368266567726176653b7672652063686175642c20746f6d617465732c206f657566293c2f703e, 12, 2, 1, 17, 1, 0, 0),
(431, 'Trilogie de chèvre', 0x3c703e5472696c6f676965206465206368266567726176653b7672653c2f703e, 12, 2, 1, 17, 1, 0, 0),
(432, 'Salade Nordique', 0x3c703e53616c616465204e6f7264697175653c2f703e, 12, 2, 1, 17, 1, 0, 0),
(433, 'Entrecôte 250g', 0x3c703e456e74726563266f636972633b746520323530673c2f703e, 15, 2, 1, 17, 1, 0, 0),
(434, 'Cote de Boeuf 450g', 0x3c703e436f746520646520426f65756620343530673c2f703e, 18, 2, 1, 17, 1, 0, 0),
(435, 'Confit de canard', 0x3c703e436f6e6669742064652063616e6172643c2f703e, 12, 2, 1, 17, 1, 0, 0),
(436, 'Cuisse de poulet fermier', 0x3c703e43756973736520646520706f756c6574206665726d6965723c2f703e, 11, 2, 1, 17, 1, 0, 0),
(437, 'Bavette d''Aloyau', 0x3c703e42617665747465206427416c6f7961753c2f703e, 11, 2, 1, 17, 1, 0, 0),
(438, 'Assiette 3 fromages', 0x3c703e417373696574746520332066726f6d61676573202863616e74616c2c206368266567726176653b7672652c20726f717565666f7274293c2f703e, 6.5, 3, 1, 17, 1, 0, 0),
(439, 'Fromage blanc', 0x3c703e46726f6d61676520626c616e632028636f756c697320646520667275697473206f75206d69656c293c2f703e, 4.5, 3, 1, 17, 1, 0, 0),
(440, 'Mousse au chocolat maison', 0x3c703e4d6f757373652061752063686f636f6c6174206d6169736f6e3c2f703e, 5, 3, 1, 17, 1, 0, 0),
(441, 'Pain perdu d''Antan maison', 0x3c703e5061696e207065726475206427416e74616e206d6169736f6e3c2f703e, 6.5, 3, 1, 17, 1, 0, 0),
(442, 'Tarte du jour maison', 0x3c703e5461727465206475206a6f7572206d6169736f6e3c2f703e, 5, 3, 1, 17, 1, 0, 0),
(443, 'Crème brulée', 0x3c703e4372266567726176653b6d65206272756c266561637574653b653c2f703e, 5.5, 3, 1, 17, 1, 0, 0),
(444, 'Coupe de glace 2 boules', 0x3c703e436f75706520646520676c616365203220626f756c65733c2f703e, 3.8, 3, 1, 17, 1, 0, 0),
(445, 'Café gourmand', 0x3c703e436166266561637574653b20676f75726d616e643c2f703e, 6.5, 3, 1, 17, 1, 0, 0),
(446, 'Eaux minérales 50 cl', 0x3c703e45617578206d696e266561637574653b72616c657320353020636c3c2f703e0d0a3c703e56697474656c2c2053616e2050656c6c656772696e6f3c2f703e, 3.8, 4, 1, 17, 1, 0, 0),
(447, 'Eaux minérales 100 cl', 0x3c703e45617578206d696e266561637574653b72616c65732031303020636c3c2f703e0d0a3c703e56697474656c2c2053616e2050656c6c656772696e6f3c2f703e, 4.8, 4, 1, 17, 1, 0, 0),
(448, 'Vin Rosé - Côte de Provence', 0x3c703e56696e20526f73266561637574653b202d2043266f636972633b74652064652050726f76656e636520225065726c6520646520526f73656c696e652220323031302028414f43293c2f703e, 19, 4, 1, 17, 1, 0, 0),
(449, 'Vin Rosé - Gris Blanc', 0x3c703e56696e20526f73266561637574653b202d204772697320426c616e63202247266561637574653b72617264204265727472616e642220323031302028414f43293c2f703e, 21, 4, 1, 17, 1, 0, 0),
(450, 'Vin Blanc - Chardonnay', 0x3c703e56696e20426c616e63202d2043686172646f6e6e617920226c6573204a616d656c6c65732220323030392028414f43293c2f703e, 18, 4, 1, 17, 1, 0, 0),
(451, 'Formule express 12.90€', 0x3c703e3c7370616e207374796c653d22636f6c6f723a20236363666663633b223e456e7472266561637574653b65202b20506c61743c2f7370616e3e3c2f703e0d0a3c703e3c7370616e207374796c653d22636f6c6f723a20236363666663633b223e6f753c2f7370616e3e3c2f703e0d0a3c703e3c7370616e207374796c653d22636f6c6f723a20236363666663633b223e506c6174202b20446573736572743c2f7370616e3e3c2f703e0d0a3c703e3c7370616e207374796c653d22636f6c6f723a20236363666663633b223e3c6272202f3e3c2f7370616e3e3c2f703e0d0a3c703e3c7370616e207374796c653d22636f6c6f723a20236363666663633b223e3c7370616e207374796c653d22746578742d6465636f726174696f6e3a20756e6465726c696e653b223e3c7374726f6e673e456e7472266561637574653b652061752063686f6978203c2f7374726f6e673e3c2f7370616e3e3c2f7370616e3e3c2f703e0d0a3c703e3c7370616e207374796c653d22636f6c6f723a20236363666663633b223e4f657566204d61796f6e6e616973653c2f7370616e3e3c2f703e0d0a3c703e3c7370616e207374796c653d22636f6c6f723a20236363666663633b223e437275646974266561637574653b732076617269266561637574653b65733c2f7370616e3e3c2f703e0d0a3c703e3c7370616e207374796c653d22636f6c6f723a20236363666663633b223e506f74616765206475206a6f75723c2f7370616e3e3c2f703e0d0a3c703e3c7370616e207374796c653d22636f6c6f723a20236363666663633b223e5065746974652073616c616465206368266567726176653b7672652063686175643c2f7370616e3e3c2f703e0d0a3c703e3c7370616e207374796c653d22636f6c6f723a20236363666663633b223e456e7472266561637574653b65206475206a6f75723c2f7370616e3e3c2f703e0d0a3c703e3c7370616e207374796c653d22636f6c6f723a20236363666663633b223e3c6272202f3e3c2f7370616e3e3c2f703e0d0a3c703e3c7370616e207374796c653d22636f6c6f723a20236363666663633b223e3c7370616e207374796c653d22746578742d6465636f726174696f6e3a20756e6465726c696e653b223e3c7374726f6e673e506c6174732061752063686f69783c2f7374726f6e673e3c2f7370616e3e3c2f7370616e3e3c2f703e0d0a3c703e3c7370616e207374796c653d22636f6c6f723a20236363666663633b223e42617665747465206427416c6f7961752c20266561637574653b6368616c6f7465732c206672697465732c2073616c6164653c2f7370616e3e3c2f703e0d0a3c703e3c7370616e207374796c653d22636f6c6f723a20236363666663633b223e43756973736520646520706f756c6574206665726d6965723c2f7370616e3e3c2f703e0d0a3c703e3c7370616e207374796c653d22636f6c6f723a20236363666663633b223e506c6174206475206a6f75723c2f7370616e3e3c2f703e0d0a3c703e3c7370616e207374796c653d22636f6c6f723a20236363666663633b223e3c6272202f3e3c2f7370616e3e3c2f703e0d0a3c703e3c7370616e207374796c653d22636f6c6f723a20236363666663633b223e3c7370616e207374796c653d22746578742d6465636f726174696f6e3a20756e6465726c696e653b223e3c7374726f6e673e44657373657274732061752063686f69783c2f7374726f6e673e3c2f7370616e3e3c2f7370616e3e3c2f703e0d0a3c703e3c7370616e207374796c653d22636f6c6f723a20236363666663633b223e4d6f757373652061752063686f636f6c6174206d6169736f6e3c2f7370616e3e3c2f703e0d0a3c703e3c7370616e207374796c653d22636f6c6f723a20236363666663633b223e5461727465206475206a6f7572206d6169736f6e3c2f7370616e3e3c2f703e0d0a3c703e3c7370616e207374796c653d22636f6c6f723a20236363666663633b223e46726f6d61676520626c616e632028636f756c69732064652066727569747320726f75676573206f75206d69656c293c2f7370616e3e3c2f703e0d0a3c703e3c7370616e207374796c653d22636f6c6f723a20236363666663633b223e436f75706520646520676c616365203220626f756c65733c2f7370616e3e3c2f703e0d0a3c703e3c7370616e207374796c653d22636f6c6f723a20236363666663633b223e4372266567726176653b6d652062722675636972633b6c266561637574653b653c2f7370616e3e3c2f703e, 12.9, 5, 1, 17, 1, 0, 0);
INSERT INTO `bo_menu` (`id`, `libelle`, `description`, `prix`, `typeMenu_id`, `langue_id`, `restaurant_id`, `valide`, `nbVote`, `etoiles`) VALUES
(452, 'Formule Score 14.90€', 0x3c703e3c7370616e207374796c653d22636f6c6f723a20236363666663633b223e456e7472266561637574653b65202b20506c6174202b20446573736572743c2f7370616e3e3c2f703e0d0a3c703e3c7370616e207374796c653d22636f6c6f723a20236363666663633b223e3c6272202f3e3c2f7370616e3e3c2f703e0d0a3c703e3c7370616e207374796c653d22636f6c6f723a20236363666663633b223e3c7370616e207374796c653d22746578742d6465636f726174696f6e3a20756e6465726c696e653b223e3c7374726f6e673e456e7472266561637574653b652061752063686f6978203c2f7374726f6e673e3c2f7370616e3e3c2f7370616e3e3c2f703e0d0a3c703e3c7370616e207374796c653d22636f6c6f723a20236363666663633b223e4f657566204d61796f6e6e616973653c2f7370616e3e3c2f703e0d0a3c703e3c7370616e207374796c653d22636f6c6f723a20236363666663633b223e437275646974266561637574653b732076617269266561637574653b65733c2f7370616e3e3c2f703e0d0a3c703e3c7370616e207374796c653d22636f6c6f723a20236363666663633b223e506f74616765206475206a6f75723c2f7370616e3e3c2f703e0d0a3c703e3c7370616e207374796c653d22636f6c6f723a20236363666663633b223e5065746974652073616c616465206368266567726176653b7672652063686175643c2f7370616e3e3c2f703e0d0a3c703e3c7370616e207374796c653d22636f6c6f723a20236363666663633b223e456e7472266561637574653b65206475206a6f75723c2f7370616e3e3c2f703e0d0a3c703e3c7370616e207374796c653d22636f6c6f723a20236363666663633b223e3c6272202f3e3c2f7370616e3e3c2f703e0d0a3c703e3c7370616e207374796c653d22636f6c6f723a20236363666663633b223e3c7370616e207374796c653d22746578742d6465636f726174696f6e3a20756e6465726c696e653b223e3c7374726f6e673e506c6174732061752063686f69783c2f7374726f6e673e3c2f7370616e3e3c2f7370616e3e3c2f703e0d0a3c703e3c7370616e207374796c653d22636f6c6f723a20236363666663633b223e42617665747465206427416c6f7961752c20266561637574653b6368616c6f7465732c206672697465732c2073616c6164653c2f7370616e3e3c2f703e0d0a3c703e3c7370616e207374796c653d22636f6c6f723a20236363666663633b223e43756973736520646520706f756c6574206665726d6965723c2f7370616e3e3c2f703e0d0a3c703e3c7370616e207374796c653d22636f6c6f723a20236363666663633b223e506c6174206475206a6f75723c2f7370616e3e3c2f703e0d0a3c703e3c7370616e207374796c653d22636f6c6f723a20236363666663633b223e3c6272202f3e3c2f7370616e3e3c2f703e0d0a3c703e3c7370616e207374796c653d22636f6c6f723a20236363666663633b223e3c7370616e207374796c653d22746578742d6465636f726174696f6e3a20756e6465726c696e653b223e3c7374726f6e673e44657373657274732061752063686f69783c2f7374726f6e673e3c2f7370616e3e3c2f7370616e3e3c2f703e0d0a3c703e3c7370616e207374796c653d22636f6c6f723a20236363666663633b223e4d6f757373652061752063686f636f6c6174206d6169736f6e3c2f7370616e3e3c2f703e0d0a3c703e3c7370616e207374796c653d22636f6c6f723a20236363666663633b223e5461727465206475206a6f7572206d6169736f6e3c2f7370616e3e3c2f703e0d0a3c703e3c7370616e207374796c653d22636f6c6f723a20236363666663633b223e46726f6d61676520626c616e632028636f756c69732064652066727569747320726f75676573206f75206d69656c293c2f7370616e3e3c2f703e0d0a3c703e3c7370616e207374796c653d22636f6c6f723a20236363666663633b223e436f75706520646520676c616365203220626f756c65733c2f7370616e3e3c2f703e0d0a3c703e3c7370616e207374796c653d22636f6c6f723a20236363666663633b223e4372266567726176653b6d652062722675636972633b6c266561637574653b653c2f7370616e3e3c2f703e, 14.9, 5, 1, 17, 1, 0, 0),
(453, 'Pas de menu boissons', 0x3c703e506173206465206d656e7520626f6973736f6e733c2f703e, 0, 4, 1, 16, 1, 0, 0),
(454, 'Pas de menu boissons', 0x3c703e506173206465206d656e7520626f6973736f6e733c2f703e, 0, 4, 1, 7, 1, 0, 0),
(455, 'Œuf en gelée', 0x3c703e266e6273703b3c2f703e0d0a3c64697620636c6173733d227061676522207469746c653d22506167652031223e0d0a3c64697620636c6173733d226c61796f757441726561223e0d0a3c64697620636c6173733d22636f6c756d6e223e0d0a3c703e3c7370616e207374796c653d22666f6e742d73697a653a2031362e30303030303070743b20666f6e742d66616d696c793a202754696d65734e6577526f6d616e50534d54273b223e264f456c69673b756620656e2067656c65cc8165203c2f7370616e3e3c2f703e0d0a3c2f6469763e0d0a3c2f6469763e0d0a3c2f6469763e, 8, 1, 1, 18, 1, 0, 0),
(456, 'Rosace de tomates', 0x3c64697620636c6173733d227061676522207469746c653d22506167652031223e0d0a3c64697620636c6173733d226c61796f757441726561223e0d0a3c64697620636c6173733d22636f6c756d6e223e0d0a3c703e3c7370616e207374796c653d22666f6e742d73697a653a2031362e30303030303070743b20666f6e742d66616d696c793a202754696d65734e6577526f6d616e50534d54273b223e526f7361636520646520746f6d617465733c2f7370616e3e3c7370616e207374796c653d22666f6e742d73697a653a2031322e30303030303070743b20666f6e742d66616d696c793a202754696d65734e6577526f6d616e5053273b20666f6e742d7374796c653a206974616c69633b223e3c6272202f3e61752062727563636975206f752061cc80206c61206d6f7a7a6172656c6c61203c2f7370616e3e3c2f703e0d0a3c2f6469763e0d0a3c2f6469763e0d0a3c2f6469763e0d0a3c64697620636c6173733d227061676522207469746c653d22506167652031223e3c2f6469763e, 9, 1, 1, 18, 1, 0, 0),
(457, 'Saumon d''Ecosse fumé', 0x3c64697620636c6173733d227061676522207469746c653d22506167652031223e0d0a3c64697620636c6173733d226c61796f757441726561223e0d0a3c64697620636c6173733d22636f6c756d6e223e0d0a3c703e3c7370616e207374796c653d22666f6e742d73697a653a2031362e30303030303070743b20666f6e742d66616d696c793a202754696d65734e6577526f6d616e50534d54273b223e5361756d6f6e20642745636f7373652066756d65cc81203c6272202f3e3c2f7370616e3e3c7370616e207374796c653d22666f6e742d73697a653a2031322e30303030303070743b20666f6e742d66616d696c793a202754696d65734e6577526f6d616e5053273b20666f6e742d7374796c653a206974616c69633b223e746f6173742c20637265cc806d652066726169cc82636865203c2f7370616e3e3c2f703e0d0a3c2f6469763e0d0a3c2f6469763e0d0a3c2f6469763e, 17, 1, 1, 18, 1, 0, 0),
(458, 'Foie gras de canard mi-cuit', 0x3c64697620636c6173733d227061676522207469746c653d22506167652031223e0d0a3c64697620636c6173733d226c61796f757441726561223e0d0a3c64697620636c6173733d22636f6c756d6e223e0d0a3c703e3c7370616e207374796c653d22666f6e742d73697a653a2031362e30303030303070743b20666f6e742d66616d696c793a202754696d65734e6577526f6d616e50534d54273b223e466f696520677261732064652063616e617264206d692d63756974203c6272202f3e3c2f7370616e3e3c7370616e207374796c653d22666f6e742d73697a653a2031322e30303030303070743b20666f6e742d66616d696c793a202754696d65734e6577526f6d616e5053273b20666f6e742d7374796c653a206974616c69633b223e6175205361757465726e65732c20746f61737420657420636f6e66697475726520646520666967756573203c2f7370616e3e3c2f703e0d0a3c2f6469763e0d0a3c2f6469763e0d0a3c2f6469763e, 19, 1, 1, 18, 1, 0, 0),
(459, 'Gros escargots de Bourgogne', 0x3c64697620636c6173733d227061676522207469746c653d22506167652031223e0d0a3c64697620636c6173733d226c61796f757441726561223e0d0a3c64697620636c6173733d22636f6c756d6e223e0d0a3c703e3c7370616e207374796c653d22666f6e742d73697a653a2031362e30303030303070743b20666f6e742d66616d696c793a202754696d65734e6577526f6d616e50534d54273b223e47726f73206573636172676f747320646520426f7572676f676e653c2f7370616e3e3c7370616e207374796c653d22666f6e742d73697a653a2031322e30303030303070743b20666f6e742d66616d696c793a202754696d65734e6577526f6d616e5053273b20666f6e742d7374796c653a206974616c69633b223e3c6272202f3e3620706965cc80636573203c2f7370616e3e3c7370616e207374796c653d22666f6e742d73697a653a2031322e30303030303070743b20666f6e742d66616d696c793a202754696d65734e6577526f6d616e5053273b20666f6e742d7374796c653a206974616c69633b223e2d2073657276697320656e20636f7175696c6c65203c2f7370616e3e3c2f703e0d0a3c703e3c7370616e207374796c653d22666f6e742d73697a653a2031362e30303030303070743b20666f6e742d66616d696c793a202754696d65734e6577526f6d616e50534d54273b223e3c6272202f3e3c2f7370616e3e3c2f703e0d0a3c2f6469763e0d0a3c2f6469763e0d0a3c2f6469763e, 13, 1, 1, 18, 1, 0, 0),
(460, 'Assiette de charcuteries corses ', 0x3c64697620636c6173733d227061676522207469746c653d22506167652031223e0d0a3c64697620636c6173733d226c61796f757441726561223e0d0a3c64697620636c6173733d22636f6c756d6e223e0d0a3c703e3c7370616e207374796c653d22666f6e742d73697a653a2031362e30303030303070743b20666f6e742d66616d696c793a202754696d65734e6577526f6d616e50534d54273b223e41737369657474652064652063686172637574657269657320636f7273653c6272202f3e3c2f7370616e3e3c7370616e207374796c653d22666f6e742d73697a653a2031322e30303030303070743b20666f6e742d66616d696c793a202754696d65734e6577526f6d616e5053273b20666f6e742d7374796c653a206974616c69633b223e736175636973736f6e20636f7273652c20636f707061203c2f7370616e3e3c2f703e0d0a3c2f6469763e0d0a3c2f6469763e0d0a3c2f6469763e, 14, 1, 1, 18, 1, 0, 0),
(461, 'Os à moelle', 0x3c64697620636c6173733d227061676522207469746c653d22506167652031223e0d0a3c64697620636c6173733d226c61796f757441726561223e0d0a3c64697620636c6173733d22636f6c756d6e223e0d0a3c703e3c7370616e207374796c653d22666f6e742d73697a653a2031362e30303030303070743b20666f6e742d66616d696c793a202754696d65734e6577526f6d616e50534d54273b223e4f732061cc80206d6f656c6c65203c2f7370616e3e3c2f703e0d0a3c2f6469763e0d0a3c2f6469763e0d0a3c2f6469763e, 9, 1, 1, 18, 1, 0, 0),
(462, 'Œuf cocotte à la mode corse', 0x3c64697620636c6173733d227061676522207469746c653d22506167652031223e0d0a3c64697620636c6173733d226c61796f757441726561223e0d0a3c64697620636c6173733d22636f6c756d6e223e0d0a3c703e3c7370616e207374796c653d22666f6e742d73697a653a2031362e30303030303070743b20666f6e742d66616d696c793a202754696d65734e6577526f6d616e50534d54273b223e264f456c69673b756620636f636f7474652061cc80206c61206d6f646520636f727365203c2f7370616e3e3c2f703e0d0a3c2f6469763e0d0a3c2f6469763e0d0a3c2f6469763e, 9, 1, 1, 18, 1, 0, 0),
(463, 'Chèvre fermier pané', 0x3c64697620636c6173733d227061676522207469746c653d22506167652031223e0d0a3c64697620636c6173733d226c61796f757441726561223e0d0a3c64697620636c6173733d22636f6c756d6e223e0d0a3c703e3c7370616e207374796c653d22666f6e742d73697a653a2031362e30303030303070743b20666f6e742d66616d696c793a202754696d65734e6577526f6d616e50534d54273b223e436865cc80767265206665726d6965722070616e65cc81203c6272202f3e3c2f7370616e3e3c7370616e207374796c653d22666f6e742d73697a653a2031322e30303030303070743b20666f6e742d66616d696c793a202754696d65734e6577526f6d616e5053273b20666f6e742d7374796c653a206974616c69633b223e737572206c69742064652073616c616465207665727465203c2f7370616e3e3c2f703e0d0a3c2f6469763e0d0a3c2f6469763e0d0a3c2f6469763e, 10, 1, 1, 18, 1, 0, 0),
(464, 'Tartare d''avocat', 0x3c64697620636c6173733d227061676522207469746c653d22506167652031223e0d0a3c64697620636c6173733d226c61796f757441726561223e0d0a3c64697620636c6173733d22636f6c756d6e223e0d0a3c703e3c7370616e207374796c653d22666f6e742d73697a653a2031362e30303030303070743b20666f6e742d66616d696c793a202754696d65734e6577526f6d616e50534d54273b223e5461727461726520642761766f636174203c6272202f3e3c2f7370616e3e3c7370616e207374796c653d22666f6e742d73697a653a2031322e30303030303070743b20666f6e742d66616d696c793a202754696d65734e6577526f6d616e5053273b20666f6e742d7374796c653a206974616c69633b223e61cc80206c6120636861697220646520637261626520657420746170656e616465203c2f7370616e3e3c2f703e0d0a3c2f6469763e0d0a3c2f6469763e0d0a3c2f6469763e, 12, 1, 1, 18, 1, 0, 0),
(465, 'Linguine à la mode corse', 0x3c64697620636c6173733d227061676522207469746c653d22506167652031223e0d0a3c64697620636c6173733d226c61796f757441726561223e0d0a3c64697620636c6173733d22636f6c756d6e223e0d0a3c703e3c7370616e207374796c653d22666f6e742d73697a653a2031362e30303030303070743b20666f6e742d66616d696c793a202754696d65734e6577526f6d616e50534d54273b223e4c696e6775696e652061cc80206c61206d6f646520636f727365203c6272202f3e3c2f7370616e3e3c7370616e207374796c653d22666f6e742d73697a653a2031322e30303030303070743b20666f6e742d66616d696c793a202754696d65734e6577526f6d616e5053273b20666f6e742d7374796c653a206974616c69633b223e66726f6d61676520636f7273652c20636f707061203c2f7370616e3e3c2f703e0d0a3c2f6469763e0d0a3c2f6469763e0d0a3c2f6469763e, 16, 2, 1, 18, 1, 0, 0),
(466, 'Macaronade au foie gras et aux champignons', 0x3c64697620636c6173733d227061676522207469746c653d22506167652031223e0d0a3c64697620636c6173733d226c61796f757441726561223e0d0a3c64697620636c6173733d22636f6c756d6e223e0d0a3c703e3c7370616e207374796c653d22666f6e742d73697a653a2031362e30303030303070743b20666f6e742d66616d696c793a202754696d65734e6577526f6d616e50534d54273b223e4d616361726f6e61646520617520666f6965206772617320657420617578206368616d7069676e6f6e73203c2f7370616e3e3c2f703e0d0a3c2f6469763e0d0a3c2f6469763e0d0a3c2f6469763e, 17, 2, 1, 18, 1, 0, 0),
(467, 'Raviolis aux cèpes', 0x3c64697620636c6173733d227061676522207469746c653d22506167652031223e0d0a3c64697620636c6173733d226c61796f757441726561223e0d0a3c64697620636c6173733d22636f6c756d6e223e0d0a3c703e3c7370616e207374796c653d22666f6e742d73697a653a2031362e30303030303070743b20666f6e742d66616d696c793a202754696d65734e6577526f6d616e50534d54273b223e526176696f6c697320617578206365cc80706573203c2f7370616e3e3c2f703e0d0a3c2f6469763e0d0a3c2f6469763e0d0a3c2f6469763e, 15, 2, 1, 18, 1, 0, 0),
(468, 'Filet de boeuf', 0x3c64697620636c6173733d227061676522207469746c653d22506167652032223e0d0a3c64697620636c6173733d226c61796f757441726561223e0d0a3c64697620636c6173733d22636f6c756d6e223e0d0a3c703e3c7370616e207374796c653d22666f6e742d73697a653a2031362e30303030303070743b20666f6e742d66616d696c793a202754696d65734e6577526f6d616e50534d54273b223e46696c657420646520626f657566203c6272202f3e3c2f7370616e3e3c7370616e207374796c653d22666f6e742d73697a653a2031322e30303030303070743b20666f6e742d66616d696c793a202754696d65734e6577526f6d616e5053273b20666f6e742d7374796c653a206974616c69633b223e28323530677229207361756365206265cc8161726e61697365203c2f7370616e3e3c2f703e0d0a3c2f6469763e0d0a3c2f6469763e0d0a3c2f6469763e, 32, 2, 1, 18, 1, 0, 0),
(469, 'Onglet de boeuf', 0x3c64697620636c6173733d227061676522207469746c653d22506167652032223e0d0a3c64697620636c6173733d226c61796f757441726561223e0d0a3c64697620636c6173733d22636f6c756d6e223e0d0a3c703e3c7370616e207374796c653d22666f6e742d73697a653a2031362e30303030303070743b20666f6e742d66616d696c793a202754696d65734e6577526f6d616e50534d54273b223e4f6e676c657420646520626f657566203c6272202f3e3c2f7370616e3e3c7370616e207374796c653d22666f6e742d73697a653a2031322e30303030303070743b20666f6e742d66616d696c793a202754696d65734e6577526f6d616e5053273b20666f6e742d7374796c653a206974616c69633b223e2832323067722920617520706f69767265207665727420657420706f6d6d6573206772656e61696c6c6573203c2f7370616e3e3c2f703e0d0a3c2f6469763e0d0a3c2f6469763e0d0a3c2f6469763e, 18, 2, 1, 18, 1, 0, 0),
(470, 'Côte de veau rôtie', 0x3c64697620636c6173733d227061676522207469746c653d22506167652032223e0d0a3c64697620636c6173733d226c61796f757441726561223e0d0a3c64697620636c6173733d22636f6c756d6e223e0d0a3c703e3c7370616e207374796c653d22666f6e742d73697a653a2031362e30303030303070743b20666f6e742d66616d696c793a202754696d65734e6577526f6d616e50534d54273b223e436fcc827465206465207665617520726fcc82746965203c6272202f3e3c2f7370616e3e3c7370616e207374796c653d22666f6e742d73697a653a2031322e30303030303070743b20666f6e742d66616d696c793a202754696d65734e6577526f6d616e5053273b20666f6e742d7374796c653a206974616c69633b223e2834353020677229203c2f7370616e3e3c2f703e0d0a3c2f6469763e0d0a3c2f6469763e0d0a3c2f6469763e, 36, 2, 1, 18, 1, 0, 0),
(471, 'Entrecôte os à moelle', 0x3c64697620636c6173733d227061676522207469746c653d22506167652032223e0d0a3c64697620636c6173733d226c61796f757441726561223e0d0a3c64697620636c6173733d22636f6c756d6e223e0d0a3c703e3c7370616e207374796c653d22666f6e742d73697a653a2031362e30303030303070743b20666f6e742d66616d696c793a202754696d65734e6577526f6d616e50534d54273b223e456e747265636fcc827465206f732061cc80206d6f656c6c65203c6272202f3e3c2f7370616e3e3c7370616e207374796c653d22666f6e742d73697a653a2031322e30303030303070743b20666f6e742d66616d696c793a202754696d65734e6577526f6d616e5053273b20666f6e742d7374796c653a206974616c69633b223e28323830677229203c2f7370616e3e3c2f703e0d0a3c2f6469763e0d0a3c2f6469763e0d0a3c2f6469763e, 22, 2, 1, 18, 1, 0, 0),
(472, 'Magret de canard du sud-ouest ', 0x3c64697620636c6173733d227061676522207469746c653d22506167652032223e0d0a3c64697620636c6173733d226c61796f757441726561223e0d0a3c64697620636c6173733d22636f6c756d6e223e0d0a3c703e3c7370616e207374796c653d22666f6e742d73697a653a2031362e30303030303070743b20666f6e742d66616d696c793a202754696d65734e6577526f6d616e50534d54273b223e4d61677265742064652063616e617264206475207375642d6f75657374203c6272202f3e3c2f7370616e3e3c7370616e207374796c653d22666f6e742d73697a653a2031322e30303030303070743b20666f6e742d66616d696c793a202754696d65734e6577526f6d616e5053273b20666f6e742d7374796c653a206974616c69633b223e736572766920656e746965722c206175206a7573206465206672616d626f697365203c2f7370616e3e3c2f703e0d0a3c2f6469763e0d0a3c2f6469763e0d0a3c2f6469763e, 22, 2, 1, 18, 1, 0, 0),
(473, 'Tartare de bœuf ', 0x3c64697620636c6173733d227061676522207469746c653d22506167652032223e0d0a3c64697620636c6173733d226c61796f757441726561223e0d0a3c64697620636c6173733d22636f6c756d6e223e0d0a3c703e3c7370616e207374796c653d22666f6e742d73697a653a2031362e30303030303070743b20666f6e742d66616d696c793a202754696d65734e6577526f6d616e50534d54273b223e546172746172652064652062266f656c69673b7566203c6272202f3e3c2f7370616e3e3c7370616e207374796c653d22666f6e742d73697a653a2031322e30303030303070743b20666f6e742d66616d696c793a202754696d65734e6577526f6d616e5053273b20666f6e742d7374796c653a206974616c69633b223e707265cc8170617265cc812061cc8020766f74726520676f75cc8274203c2f7370616e3e3c2f703e0d0a3c2f6469763e0d0a3c2f6469763e0d0a3c2f6469763e, 18, 2, 1, 18, 1, 0, 0),
(474, 'Rognon de veau', 0x3c64697620636c6173733d227061676522207469746c653d22506167652032223e0d0a3c64697620636c6173733d226c61796f757441726561223e0d0a3c64697620636c6173733d22636f6c756d6e223e0d0a3c703e3c7370616e207374796c653d22666f6e742d73697a653a2031362e30303030303070743b20666f6e742d66616d696c793a202754696d65734e6577526f6d616e50534d54273b223e526f676e6f6e2064652076656175203c6272202f3e3c2f7370616e3e3c7370616e207374796c653d22666f6e742d73697a653a2031322e30303030303070743b20666f6e742d66616d696c793a202754696d65734e6577526f6d616e5053273b20666f6e742d7374796c653a206974616c69633b223e736572766920656e746965722c207361756365206d6f7574617264652061cc80206c27616e6369656e6e65203c2f7370616e3e3c2f703e0d0a3c2f6469763e0d0a3c2f6469763e0d0a3c2f6469763e, 22.5, 2, 1, 18, 1, 0, 0),
(475, 'Confit de canard', 0x3c64697620636c6173733d227061676522207469746c653d22506167652032223e0d0a3c64697620636c6173733d226c61796f757441726561223e0d0a3c64697620636c6173733d22636f6c756d6e223e0d0a3c703e3c7370616e207374796c653d22666f6e742d73697a653a2031362e30303030303070743b20666f6e742d66616d696c793a202754696d65734e6577526f6d616e50534d54273b223e436f6e6669742064652063616e617264203c6272202f3e3c2f7370616e3e3c7370616e207374796c653d22666f6e742d73697a653a2031322e30303030303070743b20666f6e742d66616d696c793a202754696d65734e6577526f6d616e5053273b20666f6e742d7374796c653a206974616c69633b223e706f6d6d6573207361726c61646169736573203c2f7370616e3e3c2f703e0d0a3c2f6469763e0d0a3c2f6469763e0d0a3c2f6469763e, 16.5, 2, 1, 18, 1, 0, 0),
(476, 'Boudin aux châtaignes', 0x3c64697620636c6173733d227061676522207469746c653d22506167652032223e0d0a3c64697620636c6173733d226c61796f757441726561223e0d0a3c64697620636c6173733d22636f6c756d6e223e0d0a3c703e3c7370616e207374796c653d22666f6e742d73697a653a2031362e30303030303070743b20666f6e742d66616d696c793a202754696d65734e6577526f6d616e50534d54273b223e426f7564696e2061757820636861cc82746169676e65733c6272202f3e3c2f7370616e3e3c7370616e207374796c653d22666f6e742d73697a653a2031322e30303030303070743b20666f6e742d66616d696c793a202754696d65734e6577526f6d616e5053273b20666f6e742d7374796c653a206974616c69633b223e617665632073612070757265cc8165206d6169736f6e203c2f7370616e3e3c2f703e0d0a3c2f6469763e0d0a3c2f6469763e0d0a3c2f6469763e, 16, 2, 1, 18, 1, 0, 0),
(477, 'Andouillette A.A.A.A.A', 0x3c64697620636c6173733d227061676522207469746c653d22506167652032223e0d0a3c64697620636c6173733d226c61796f757441726561223e0d0a3c64697620636c6173733d22636f6c756d6e223e0d0a3c703e3c7370616e207374796c653d22666f6e742d73697a653a2031362e30303030303070743b20666f6e742d66616d696c793a202754696d65734e6577526f6d616e50534d54273b223e416e646f75696c6c6574746520412e412e412e412e41203c6272202f3e3c2f7370616e3e3c7370616e207374796c653d22666f6e742d73697a653a2031322e30303030303070743b20666f6e742d66616d696c793a202754696d65734e6577526f6d616e5053273b20666f6e742d7374796c653a206974616c69633b223e4173736f63696174696f6e20416d6963616c652064657320416d617465757273206427416e646f75696c6c657474652041757468656e7469717565203c2f7370616e3e3c2f703e0d0a3c2f6469763e0d0a3c2f6469763e0d0a3c2f6469763e, 17, 2, 1, 18, 1, 0, 0),
(478, 'Belle sole meunière', 0x3c64697620636c6173733d227061676522207469746c653d22506167652032223e0d0a3c64697620636c6173733d226c61796f757441726561223e0d0a3c64697620636c6173733d22636f6c756d6e223e0d0a3c703e3c7370616e207374796c653d22666f6e742d73697a653a2031362e30303030303070743b20666f6e742d66616d696c793a202754696d65734e6577526f6d616e50534d54273b223e42656c6c6520736f6c65206d65756e6965cc807265203c6272202f3e3c2f7370616e3e3c7370616e207374796c653d22666f6e742d73697a653a2031322e30303030303070743b20666f6e742d66616d696c793a202754696d65734e6577526f6d616e5053273b20666f6e742d7374796c653a206974616c69633b223e73656c6f6e206172726976616765203c2f7370616e3e3c2f703e0d0a3c2f6469763e0d0a3c2f6469763e0d0a3c2f6469763e, 38, 2, 1, 18, 1, 0, 0),
(479, 'Grosses gambas flambées', 0x3c64697620636c6173733d227061676522207469746c653d22506167652032223e0d0a3c64697620636c6173733d226c61796f757441726561223e0d0a3c64697620636c6173733d22636f6c756d6e223e0d0a3c703e3c7370616e207374796c653d22666f6e742d73697a653a2031362e30303030303070743b20666f6e742d66616d696c793a202754696d65734e6577526f6d616e50534d54273b223e47726f737365732067616d62617320666c616d6265cc816573203c2f7370616e3e3c2f703e0d0a3c2f6469763e0d0a3c2f6469763e0d0a3c2f6469763e, 36, 2, 1, 18, 1, 0, 0),
(480, 'Quenelles de brochet', 0x3c64697620636c6173733d227061676522207469746c653d22506167652032223e0d0a3c64697620636c6173733d226c61796f757441726561223e0d0a3c64697620636c6173733d22636f6c756d6e223e0d0a3c703e3c7370616e207374796c653d22666f6e742d73697a653a2031362e30303030303070743b20666f6e742d66616d696c793a202754696d65734e6577526f6d616e50534d54273b223e5175656e656c6c65732064652062726f63686574203c6272202f3e3c2f7370616e3e3c7370616e207374796c653d22666f6e742d73697a653a2031322e30303030303070743b20666f6e742d66616d696c793a202754696d65734e6577526f6d616e5053273b20666f6e742d7374796c653a206974616c69633b223e6574206c6575722074696d62616c652064652072697a3c6272202f3e203c2f7370616e3e3c2f703e0d0a3c2f6469763e0d0a3c2f6469763e0d0a3c2f6469763e, 17, 2, 1, 18, 1, 0, 0),
(481, 'Cabri rôti à la mode corse', 0x3c64697620636c6173733d227061676522207469746c653d22506167652032223e0d0a3c64697620636c6173733d226c61796f757441726561223e0d0a3c64697620636c6173733d22636f6c756d6e223e0d0a3c703e3c7370616e207374796c653d22666f6e742d73697a653a2031362e30303030303070743b20666f6e742d66616d696c793a202754696d65734e6577526f6d616e50534d54273b223e436162726920726fcc8274692061cc80206c61206d6f646520636f7273653c6272202f3e203c2f7370616e3e3c7370616e207374796c653d22666f6e742d73697a653a2031322e30303030303070743b20666f6e742d66616d696c793a202754696d65734e6577526f6d616e5053273b20666f6e742d7374796c653a206974616c69633b223e28746f7573206c6573206a6575646973292e2e2e207072697820737572206c276172646f6973653c2f7370616e3e3c2f703e0d0a3c2f6469763e0d0a3c2f6469763e0d0a3c2f6469763e, 0, 2, 1, 18, 1, 0, 0),
(482, 'Assiette de fromages affinés', 0x3c64697620636c6173733d227061676522207469746c653d22506167652032223e0d0a3c64697620636c6173733d226c61796f757441726561223e0d0a3c64697620636c6173733d22636f6c756d6e223e0d0a3c703e3c7370616e207374796c653d22666f6e742d73697a653a2031362e30303030303070743b20666f6e742d66616d696c793a202754696d65734e6577526f6d616e50534d54273b223e41737369657474652064652066726f6d6167657320616666696e65cc8173203c6272202f3e3c2f7370616e3e3c7370616e207374796c653d22666f6e742d73697a653a2031322e30303030303070743b20666f6e742d66616d696c793a202754696d65734e6577526f6d616e5053273b20666f6e742d7374796c653a206974616c69633b223e46726f6d61676520636f7273652c20636865cc80767265206665726d6965722c2043616d656d626572742c20636f6e66697475726520646520666967756573203c2f7370616e3e3c2f703e0d0a3c2f6469763e0d0a3c2f6469763e0d0a3c2f6469763e, 10, 3, 1, 18, 1, 0, 0),
(483, 'Baba gourmand', 0x3c64697620636c6173733d227061676522207469746c653d22506167652033223e0d0a3c64697620636c6173733d226c61796f757441726561223e0d0a3c64697620636c6173733d22636f6c756d6e223e0d0a3c703e3c7370616e207374796c653d22666f6e742d73697a653a2031362e30303030303070743b20666f6e742d66616d696c793a202754696d65734e6577526f6d616e50534d54273b223e4261626120676f75726d616e64203c6272202f3e3c2f7370616e3e3c7370616e207374796c653d22666f6e742d73697a653a2031322e30303030303070743b20666f6e742d66616d696c793a202754696d65734e6577526f6d616e5053273b20666f6e742d7374796c653a206974616c69633b223e6172726f7365cc81206465207268756d203c2f7370616e3e3c2f703e0d0a3c2f6469763e0d0a3c2f6469763e0d0a3c2f6469763e, 9, 3, 1, 18, 1, 0, 0),
(484, 'Crème brûlée à la cassonade', 0x3c64697620636c6173733d227061676522207469746c653d22506167652033223e0d0a3c64697620636c6173733d226c61796f757441726561223e0d0a3c64697620636c6173733d22636f6c756d6e223e0d0a3c703e3c7370616e207374796c653d22666f6e742d73697a653a2031362e30303030303070743b20666f6e742d66616d696c793a202754696d65734e6577526f6d616e50534d54273b223e437265cc806d6520627275cc826c65cc81652061cc80206c6120636173736f6e616465203c2f7370616e3e3c2f703e0d0a3c2f6469763e0d0a3c2f6469763e0d0a3c2f6469763e, 8, 3, 1, 18, 1, 0, 0),
(485, 'Millefeuille à la vanille', 0x3c64697620636c6173733d227061676522207469746c653d22506167652033223e0d0a3c64697620636c6173733d226c61796f757441726561223e0d0a3c64697620636c6173733d22636f6c756d6e223e0d0a3c703e3c7370616e207374796c653d22666f6e742d73697a653a2031362e30303030303070743b20666f6e742d66616d696c793a202754696d65734e6577526f6d616e50534d54273b223e4d696c6c65666575696c6c652061cc80206c612076616e696c6c65203c6272202f3e3c2f7370616e3e3c7370616e207374796c653d22666f6e742d73697a653a2031322e30303030303070743b20666f6e742d66616d696c793a202754696d65734e6577526f6d616e5053273b20666f6e742d7374796c653a206974616c69633b223e636f756c6973206465206672616d626f69736573203c2f7370616e3e3c2f703e0d0a3c2f6469763e0d0a3c2f6469763e0d0a3c2f6469763e, 9, 3, 1, 18, 1, 0, 0),
(486, 'Moelleux au chocolat', 0x3c64697620636c6173733d227061676522207469746c653d22506167652033223e0d0a3c64697620636c6173733d226c61796f757441726561223e0d0a3c64697620636c6173733d22636f6c756d6e223e3c7370616e207374796c653d22666f6e742d73697a653a2031362e30303030303070743b20666f6e742d66616d696c793a202754696d65734e6577526f6d616e50534d54273b223e4d6f656c6c6575782061752063686f636f6c6174203c6272202f3e3c2f7370616e3e3c7370616e207374796c653d22666f6e742d73697a653a2031322e30303030303070743b20666f6e742d66616d696c793a202754696d65734e6577526f6d616e5053273b20666f6e742d7374796c653a206974616c69633b223e676c6163652076616e696c6c65203c2f7370616e3e3c2f6469763e0d0a3c2f6469763e0d0a3c2f6469763e, 9, 3, 1, 18, 1, 0, 0),
(487, 'Mousse au chocolat', 0x3c64697620636c6173733d227061676522207469746c653d22506167652033223e0d0a3c64697620636c6173733d226c61796f757441726561223e0d0a3c64697620636c6173733d22636f6c756d6e223e0d0a3c703e3c7370616e207374796c653d22666f6e742d73697a653a2031362e30303030303070743b20666f6e742d66616d696c793a202754696d65734e6577526f6d616e50534d54273b223e4d6f757373652061752063686f636f6c6174203c2f7370616e3e3c2f703e0d0a3c2f6469763e0d0a3c2f6469763e0d0a3c2f6469763e, 8, 3, 1, 18, 1, 0, 0),
(488, 'Panna cotta aux fruits rouges', 0x3c64697620636c6173733d227061676522207469746c653d22506167652033223e0d0a3c64697620636c6173733d226c61796f757441726561223e0d0a3c64697620636c6173733d22636f6c756d6e223e0d0a3c703e3c7370616e207374796c653d22666f6e742d73697a653a2031362e30303030303070743b20666f6e742d66616d696c793a202754696d65734e6577526f6d616e50534d54273b223e50616e6e6120636f747461206175782066727569747320726f75676573203c2f7370616e3e3c2f703e0d0a3c2f6469763e0d0a3c2f6469763e0d0a3c2f6469763e, 8, 3, 1, 18, 1, 0, 0),
(489, 'MENU midi', 0x3c703e3c7370616e207374796c653d22636f6c6f723a20236363666666663b223e3c7374726f6e673e456e7472266561637574653b65202b20506c61743c6272202f3e3c2f7374726f6e673e3c7374726f6e673e6f753c6272202f3e506c6174202b20446573736572743c2f7374726f6e673e3c6272202f3e3c2f7370616e3e3c2f703e0d0a3c703e3c7370616e207374796c653d22636f6c6f723a20236363666666663b223e203c2f7370616e3e3c2f703e0d0a3c703e3c7370616e207374796c653d22636f6c6f723a20236363666666663b223e203c2f7370616e3e3c2f703e0d0a3c703e3c7370616e207374796c653d22636f6c6f723a20236363666666663b223e3c7370616e207374796c653d22746578742d6465636f726174696f6e3a20756e6465726c696e653b223e3c7374726f6e673e456e7472266561637574653b65203c2f7374726f6e673e3c2f7370616e3e3c2f7370616e3e3c2f703e0d0a3c703e3c7370616e207374796c653d22636f6c6f723a20236363666666663b223e203c2f7370616e3e3c2f703e0d0a3c703e3c7370616e207374796c653d22636f6c6f723a20236363666666663b223e4368266567726176653b767265206665726d6965722070616e266561637574653b3c6272202f3e3c656d3e737572206c69742064652073616c6164652076657274653c2f656d3e3c2f7370616e3e3c2f703e0d0a3c703e3c7370616e207374796c653d22636f6c6f723a20236363666666663b223e526f7361636520646520746f6d617465733c6272202f3e3c656d3e61752062727563636975206f752061206c61206d6f7a7a6172656c6c613c2f656d3e3c2f7370616e3e3c2f703e0d0a3c703e3c7370616e207374796c653d22636f6c6f723a20236363666666663b223e5361756d6f6e20642745636f7373652066756d266561637574653b3c6272202f3e3c656d3e746f6173742c206372266567726176653b6d65206672612669636972633b6368653c2f656d3e3c2f7370616e3e3c2f703e0d0a3c703e3c7370616e207374796c653d22636f6c6f723a20236363666666663b223e3c7370616e207374796c653d22746578742d6465636f726174696f6e3a20756e6465726c696e653b223e3c7374726f6e673e506c61743c2f7374726f6e673e3c2f7370616e3e3c2f7370616e3e3c2f703e0d0a3c703e3c7370616e207374796c653d22636f6c6f723a20236363666666663b223e203c2f7370616e3e3c2f703e0d0a3c703e3c7370616e207374796c653d22636f6c6f723a20236363666666663b223e4c696e6775696e6520266167726176653b206c61206d6f646520636f7273653c6272202f3e3c656d3e66726f6d61676520636f7273652c20636f7070613c2f656d3e3c2f7370616e3e3c2f703e0d0a3c703e3c7370616e207374796c653d22636f6c6f723a20236363666666663b223e4f6e676c657420646520626f6575663c6272202f3e3c656d3e617520706f6976726520766572743c6272202f3e657420706f6d6d6573206772656e61696c6c65733c2f656d3e3c2f7370616e3e3c2f703e0d0a3c703e3c7370616e207374796c653d22636f6c6f723a20236363666666663b223e506f6973736f6e2073656c6f6e2061727269766167653c2f7370616e3e3c2f703e0d0a3c703e3c7370616e207374796c653d22636f6c6f723a20236363666666663b223e3c7370616e207374796c653d22746578742d6465636f726174696f6e3a20756e6465726c696e653b223e3c7374726f6e673e446573736572743c2f7374726f6e673e3c2f7370616e3e3c2f7370616e3e3c2f703e0d0a3c703e3c7370616e207374796c653d22636f6c6f723a20236363666666663b223e203c2f7370616e3e3c2f703e0d0a3c703e3c7370616e207374796c653d22636f6c6f723a20236363666666663b223e3c656d3e566f6972206175207461626c6561753c2f656d3e3c2f7370616e3e3c2f703e, 20, 5, 1, 18, 1, 0, 0),
(578, 'Ladoucette-2005 Pouilly-Fumé 75cl', 0x3c64697620636c6173733d227061676522207469746c653d22506167652033223e0d0a3c64697620636c6173733d226c61796f757441726561223e0d0a3c64697620636c6173733d22636f6c756d6e223e0d0a3c64697620636c6173733d227061676522207469746c653d22506167652033223e0d0a3c64697620636c6173733d226c61796f757441726561223e0d0a3c64697620636c6173733d22636f6c756d6e223e0d0a3c703e3c7370616e207374796c653d22666f6e742d73697a653a2032302e30303030303070743b20666f6e742d66616d696c793a202743686170617272616c50726f273b20666f6e742d7765696768743a203730303b20666f6e742d7374796c653a206974616c69633b223e4c6f69726520626c616e63203c2f7370616e3e3c2f703e0d0a3c2f6469763e0d0a3c2f6469763e0d0a3c2f6469763e0d0a3c2f6469763e0d0a3c2f6469763e0d0a3c2f6469763e, 48, 4, 1, 18, 1, 0, 0),
(577, 'François Crochet-2008 Sancerre 75cl', 0x3c64697620636c6173733d227061676522207469746c653d22506167652033223e0d0a3c64697620636c6173733d226c61796f757441726561223e0d0a3c64697620636c6173733d22636f6c756d6e223e0d0a3c64697620636c6173733d227061676522207469746c653d22506167652033223e0d0a3c64697620636c6173733d226c61796f757441726561223e0d0a3c64697620636c6173733d22636f6c756d6e223e0d0a3c703e3c7370616e207374796c653d22666f6e742d73697a653a2032302e30303030303070743b20666f6e742d66616d696c793a202743686170617272616c50726f273b20666f6e742d7765696768743a203730303b20666f6e742d7374796c653a206974616c69633b223e4c6f69726520626c616e63203c2f7370616e3e3c2f703e0d0a3c2f6469763e0d0a3c2f6469763e0d0a3c2f6469763e0d0a3c2f6469763e0d0a3c2f6469763e0d0a3c2f6469763e, 27, 4, 1, 18, 1, 0, 0),
(576, 'La Tour Saint-Martin-2008 Ménetou-Salon 75cl', 0x3c64697620636c6173733d227061676522207469746c653d22506167652033223e0d0a3c64697620636c6173733d226c61796f757441726561223e0d0a3c64697620636c6173733d22636f6c756d6e223e0d0a3c64697620636c6173733d227061676522207469746c653d22506167652033223e0d0a3c64697620636c6173733d226c61796f757441726561223e0d0a3c64697620636c6173733d22636f6c756d6e223e0d0a3c703e3c7370616e207374796c653d22666f6e742d73697a653a2032302e30303030303070743b20666f6e742d66616d696c793a202743686170617272616c50726f273b20666f6e742d7765696768743a203730303b20666f6e742d7374796c653a206974616c69633b223e4c6f69726520626c616e63203c2f7370616e3e3c2f703e0d0a3c2f6469763e0d0a3c2f6469763e0d0a3c2f6469763e0d0a3c2f6469763e0d0a3c2f6469763e0d0a3c2f6469763e, 27, 4, 1, 18, 1, 0, 0),
(575, 'Joseph Drouhin-2007 Chablis 1er Cru 75cl', 0x3c64697620636c6173733d227061676522207469746c653d22506167652033223e0d0a3c64697620636c6173733d226c61796f757441726561223e0d0a3c64697620636c6173733d22636f6c756d6e223e0d0a3c703e3c7370616e207374796c653d22666f6e742d73697a653a2032302e30303030303070743b20666f6e742d66616d696c793a202743686170617272616c50726f273b20666f6e742d7765696768743a203730303b20666f6e742d7374796c653a206974616c69633b223e426f7572676f676e6520626c616e63203c6272202f3e3c2f7370616e3e3c2f703e0d0a3c703e266e6273703b3c2f703e0d0a3c2f6469763e0d0a3c2f6469763e0d0a3c2f6469763e, 48, 4, 1, 18, 1, 0, 0),
(574, 'Roux Père & Fils-2008 Rully 75cl', 0x3c64697620636c6173733d227061676522207469746c653d22506167652033223e0d0a3c64697620636c6173733d226c61796f757441726561223e0d0a3c64697620636c6173733d22636f6c756d6e223e0d0a3c703e3c7370616e207374796c653d22666f6e742d73697a653a2032302e30303030303070743b20666f6e742d66616d696c793a202743686170617272616c50726f273b20666f6e742d7765696768743a203730303b20666f6e742d7374796c653a206974616c69633b223e426f7572676f676e6520626c616e63203c2f7370616e3e3c2f703e0d0a3c2f6469763e0d0a3c2f6469763e0d0a3c2f6469763e, 39, 4, 1, 18, 1, 0, 0),
(573, 'Roux Père & Fils-2008 Saint-Véran 75cl', 0x3c64697620636c6173733d227061676522207469746c653d22506167652033223e0d0a3c64697620636c6173733d226c61796f757441726561223e0d0a3c64697620636c6173733d22636f6c756d6e223e0d0a3c64697620636c6173733d227061676522207469746c653d22506167652033223e0d0a3c64697620636c6173733d226c61796f757441726561223e0d0a3c64697620636c6173733d22636f6c756d6e223e0d0a3c703e3c7370616e207374796c653d22666f6e742d73697a653a2032302e30303030303070743b20666f6e742d66616d696c793a202743686170617272616c50726f273b20666f6e742d7765696768743a203730303b20666f6e742d7374796c653a206974616c69633b223e426f7572676f676e6520626c616e633c2f7370616e3e3c2f703e0d0a3c2f6469763e0d0a3c2f6469763e0d0a3c2f6469763e0d0a3c2f6469763e0d0a3c2f6469763e0d0a3c2f6469763e, 28, 4, 1, 18, 1, 0, 0),
(572, 'Domaine de l’Echelette-2007 Mâcon-Cruzille 75cl', 0x3c64697620636c6173733d227061676522207469746c653d22506167652033223e0d0a3c64697620636c6173733d226c61796f757441726561223e0d0a3c64697620636c6173733d22636f6c756d6e223e0d0a3c64697620636c6173733d227061676522207469746c653d22506167652033223e0d0a3c64697620636c6173733d226c61796f757441726561223e0d0a3c64697620636c6173733d22636f6c756d6e223e0d0a3c703e3c7370616e207374796c653d22666f6e742d73697a653a2032302e30303030303070743b20666f6e742d66616d696c793a202743686170617272616c50726f273b20666f6e742d7765696768743a203730303b20666f6e742d7374796c653a206974616c69633b223e426f7572676f676e6520626c616e63203c2f7370616e3e3c2f703e0d0a3c2f6469763e0d0a3c2f6469763e0d0a3c2f6469763e0d0a3c703e3c7370616e207374796c653d22666f6e742d73697a653a2031372e30303030303070743b20666f6e742d66616d696c793a202743686170617272616c50726f273b223e3c2f7370616e3e3c7370616e207374796c653d22666f6e742d73697a653a2031342e30303030303070743b20666f6e742d66616d696c793a202743616c69627269273b20666f6e742d7374796c653a206974616c69633b223e3c2f7370616e3e3c2f703e0d0a3c2f6469763e0d0a3c2f6469763e0d0a3c2f6469763e, 26, 4, 1, 18, 1, 0, 0),
(571, 'Calvados', 0x3c703e43616c7661646f733c2f703e, 12, 4, 1, 18, 1, 0, 0),
(570, 'La Vieille prune (Louis Roque Souillac)', 0x3c703e266e6273703b3c2f703e0d0a3c64697620636c6173733d227061676522207469746c653d22506167652032223e0d0a3c64697620636c6173733d226c61796f757441726561223e0d0a3c64697620636c6173733d22636f6c756d6e223e0d0a3c703e3c7370616e207374796c653d22666f6e742d73697a653a2031372e30303030303070743b20666f6e742d66616d696c793a202743686170617272616c50726f273b223e4c6120566965696c6c65207072756e65203c2f7370616e3e3c7370616e207374796c653d22666f6e742d73697a653a2031342e30303030303070743b20666f6e742d66616d696c793a202743686170617272616c50726f273b20666f6e742d7374796c653a206974616c69633b223e284c6f75697320526f71756520536f75696c6c616329203c2f7370616e3e3c2f703e0d0a3c2f6469763e0d0a3c2f6469763e0d0a3c2f6469763e, 14, 4, 1, 18, 1, 0, 0),
(569, 'Cognac Hennessy (Fine de Cognac)', 0x3c703e266e6273703b3c2f703e0d0a3c64697620636c6173733d227061676522207469746c653d22506167652032223e0d0a3c64697620636c6173733d226c61796f757441726561223e0d0a3c64697620636c6173733d22636f6c756d6e223e0d0a3c703e3c7370616e207374796c653d22666f6e742d73697a653a2031372e30303030303070743b20666f6e742d66616d696c793a202743686170617272616c50726f273b223e436f676e61632048656e6e65737379203c2f7370616e3e3c7370616e207374796c653d22666f6e742d73697a653a2031342e30303030303070743b20666f6e742d66616d696c793a202743686170617272616c50726f273b20666f6e742d7374796c653a206974616c69633b223e2846696e6520646520436f676e616329203c2f7370616e3e3c2f703e0d0a3c2f6469763e0d0a3c2f6469763e0d0a3c2f6469763e, 14, 4, 1, 18, 1, 0, 0),
(568, 'Cognac (Godet)', 0x3c703e266e6273703b3c2f703e0d0a3c64697620636c6173733d227061676522207469746c653d22506167652032223e0d0a3c64697620636c6173733d226c61796f757441726561223e0d0a3c64697620636c6173733d22636f6c756d6e223e0d0a3c703e3c7370616e207374796c653d22666f6e742d73697a653a2031372e30303030303070743b20666f6e742d66616d696c793a202743686170617272616c50726f273b223e436f676e6163203c2f7370616e3e3c7370616e207374796c653d22666f6e742d73697a653a2031342e30303030303070743b20666f6e742d66616d696c793a202743686170617272616c50726f273b20666f6e742d7374796c653a206974616c69633b223e28476f64657429203c2f7370616e3e3c2f703e0d0a3c2f6469763e0d0a3c2f6469763e0d0a3c2f6469763e, 12, 4, 1, 18, 1, 0, 0),
(566, 'Fine de Cognac Hennessy', 0x3c703e266e6273703b3c2f703e0d0a3c64697620636c6173733d227061676522207469746c653d22506167652032223e0d0a3c64697620636c6173733d226c61796f757441726561223e0d0a3c64697620636c6173733d22636f6c756d6e223e0d0a3c703e3c7370616e207374796c653d22666f6e742d73697a653a2031372e30303030303070743b20666f6e742d66616d696c793a202743686170617272616c50726f273b223e46696e6520646520436f676e61632048656e6e65737379203c2f7370616e3e3c2f703e0d0a3c2f6469763e0d0a3c2f6469763e0d0a3c2f6469763e, 15, 4, 1, 18, 1, 0, 0),
(567, 'Hennessy X.O', 0x3c703e266e6273703b3c2f703e0d0a3c64697620636c6173733d227061676522207469746c653d22506167652032223e0d0a3c64697620636c6173733d226c61796f757441726561223e0d0a3c64697620636c6173733d22636f6c756d6e223e0d0a3c703e3c7370616e207374796c653d22666f6e742d73697a653a2031372e30303030303070743b20666f6e742d66616d696c793a202743686170617272616c50726f273b223e48656e6e6573737920582e4f203c2f7370616e3e3c2f703e0d0a3c2f6469763e0d0a3c2f6469763e0d0a3c2f6469763e, 40, 4, 1, 18, 1, 0, 0),
(564, 'Vodka Grey Goose', 0x3c703e266e6273703b3c2f703e0d0a3c64697620636c6173733d227061676522207469746c653d22506167652032223e0d0a3c64697620636c6173733d226c61796f757441726561223e0d0a3c64697620636c6173733d22636f6c756d6e223e0d0a3c703e3c7370616e207374796c653d22666f6e742d73697a653a2031372e30303030303070743b20666f6e742d66616d696c793a202743686170617272616c50726f273b223e566f646b61204772657920476f6f7365203c2f7370616e3e3c2f703e0d0a3c2f6469763e0d0a3c2f6469763e0d0a3c2f6469763e, 15, 4, 1, 18, 1, 0, 0),
(565, 'Vodka Belvédère', 0x3c703e266e6273703b3c2f703e0d0a3c64697620636c6173733d227061676522207469746c653d22506167652032223e0d0a3c64697620636c6173733d226c61796f757441726561223e0d0a3c64697620636c6173733d22636f6c756d6e223e0d0a3c703e3c7370616e207374796c653d22666f6e742d73697a653a2031372e30303030303070743b20666f6e742d66616d696c793a202743686170617272616c50726f273b223e566f646b612042656c7665cc816465cc807265203c2f7370616e3e3c2f703e0d0a3c2f6469763e0d0a3c2f6469763e0d0a3c2f6469763e, 15, 4, 1, 18, 1, 0, 0),
(562, 'Liqueur de châtaigne', 0x3c703e266e6273703b3c2f703e0d0a3c64697620636c6173733d227061676522207469746c653d22506167652032223e0d0a3c64697620636c6173733d226c61796f757441726561223e0d0a3c64697620636c6173733d22636f6c756d6e223e0d0a3c703e3c7370616e207374796c653d22666f6e742d73697a653a2031372e30303030303070743b20666f6e742d66616d696c793a202743686170617272616c50726f273b223e4c69717565757220646520636861cc82746169676e65203c2f7370616e3e3c2f703e0d0a3c2f6469763e0d0a3c2f6469763e0d0a3c2f6469763e, 12, 4, 1, 18, 1, 0, 0),
(563, 'Get 27', 0x3c703e266e6273703b3c2f703e0d0a3c64697620636c6173733d227061676522207469746c653d22506167652032223e0d0a3c64697620636c6173733d226c61796f757441726561223e0d0a3c64697620636c6173733d22636f6c756d6e223e0d0a3c703e3c7370616e207374796c653d22666f6e742d73697a653a2031372e30303030303070743b20666f6e742d66616d696c793a202743686170617272616c50726f273b223e476574203237203c2f7370616e3e3c2f703e0d0a3c2f6469763e0d0a3c2f6469763e0d0a3c2f6469763e, 12, 4, 1, 18, 1, 0, 0),
(560, 'Colomba Bouteille 33 cl', 0x3c703e266e6273703b3c2f703e0d0a3c64697620636c6173733d227061676522207469746c653d22506167652032223e0d0a3c64697620636c6173733d226c61796f757441726561223e0d0a3c64697620636c6173733d22636f6c756d6e223e0d0a3c703e3c7370616e207374796c653d22666f6e742d73697a653a2031372e30303030303070743b20666f6e742d66616d696c793a202743686170617272616c50726f273b223e436f6c6f6d626120426f757465696c6c65203c2f7370616e3e3c7370616e207374796c653d22666f6e742d73697a653a2031342e30303030303070743b20666f6e742d66616d696c793a202743616c69627269273b20666f6e742d7374796c653a206974616c69633b223e333320636c203c2f7370616e3e3c2f703e0d0a3c2f6469763e0d0a3c2f6469763e0d0a3c2f6469763e, 6, 4, 1, 18, 1, 0, 0),
(561, 'Myrte blanche', 0x3c703e266e6273703b3c2f703e0d0a3c64697620636c6173733d227061676522207469746c653d22506167652032223e0d0a3c64697620636c6173733d226c61796f757441726561223e0d0a3c64697620636c6173733d22636f6c756d6e223e0d0a3c703e3c7370616e207374796c653d22666f6e742d73697a653a2031372e30303030303070743b20666f6e742d66616d696c793a202743686170617272616c50726f273b223e4d7972746520626c616e636865203c2f7370616e3e3c2f703e0d0a3c2f6469763e0d0a3c2f6469763e0d0a3c2f6469763e, 12, 4, 1, 18, 1, 0, 0),
(559, 'Pietra Bouteille 33 cl', 0x3c703e266e6273703b3c2f703e0d0a3c64697620636c6173733d227061676522207469746c653d22506167652032223e0d0a3c64697620636c6173733d226c61796f757441726561223e0d0a3c64697620636c6173733d22636f6c756d6e223e0d0a3c703e3c7370616e207374796c653d22666f6e742d73697a653a2031372e30303030303070743b20666f6e742d66616d696c793a202743686170617272616c50726f273b223e50696574726120426f757465696c6c65203c2f7370616e3e3c7370616e207374796c653d22666f6e742d73697a653a2031342e30303030303070743b20666f6e742d66616d696c793a202743616c69627269273b20666f6e742d7374796c653a206974616c69633b223e333320636c203c2f7370616e3e3c2f703e0d0a3c2f6469763e0d0a3c2f6469763e0d0a3c2f6469763e, 6, 4, 1, 18, 1, 0, 0),
(558, 'Heineken Bouteille 33 cl', 0x3c703e266e6273703b3c2f703e0d0a3c64697620636c6173733d227061676522207469746c653d22506167652032223e0d0a3c64697620636c6173733d226c61796f757441726561223e0d0a3c64697620636c6173733d22636f6c756d6e223e0d0a3c703e3c7370616e207374796c653d22666f6e742d73697a653a2031372e30303030303070743b20666f6e742d66616d696c793a202743686170617272616c50726f273b223e4865696e656b656e20426f757465696c6c65203c2f7370616e3e3c7370616e207374796c653d22666f6e742d73697a653a2031342e30303030303070743b20666f6e742d66616d696c793a202743616c69627269273b20666f6e742d7374796c653a206974616c69633b223e333320636c203c2f7370616e3e3c2f703e0d0a3c2f6469763e0d0a3c2f6469763e0d0a3c2f6469763e, 6, 4, 1, 18, 1, 0, 0),
(556, 'Saint Georges 100 cl', 0x3c703e266e6273703b3c2f703e0d0a3c64697620636c6173733d227061676522207469746c653d22506167652032223e0d0a3c64697620636c6173733d226c61796f757441726561223e0d0a3c64697620636c6173733d22636f6c756d6e223e0d0a3c703e3c7370616e207374796c653d22666f6e742d73697a653a2031372e30303030303070743b20666f6e742d66616d696c793a202743686170617272616c50726f273b223e5361696e742047656f72676573203c2f7370616e3e3c7370616e207374796c653d22666f6e742d73697a653a2031342e30303030303070743b20666f6e742d66616d696c793a202743616c69627269273b20666f6e742d7374796c653a206974616c69633b223e31303020636c203c2f7370616e3e3c2f703e0d0a3c2f6469763e0d0a3c2f6469763e0d0a3c2f6469763e, 8, 4, 1, 18, 1, 0, 0),
(557, '1664 Pression 25 cl', 0x3c703e266e6273703b3c2f703e0d0a3c64697620636c6173733d227061676522207469746c653d22506167652032223e0d0a3c64697620636c6173733d226c61796f757441726561223e0d0a3c64697620636c6173733d22636f6c756d6e223e0d0a3c703e3c7370616e207374796c653d22666f6e742d73697a653a2031372e30303030303070743b20666f6e742d66616d696c793a202743686170617272616c50726f273b223e31363634205072657373696f6e203c2f7370616e3e3c7370616e207374796c653d22666f6e742d73697a653a2031342e30303030303070743b20666f6e742d66616d696c793a202743616c69627269273b20666f6e742d7374796c653a206974616c69633b223e323520636c203c2f7370616e3e3c2f703e0d0a3c2f6469763e0d0a3c2f6469763e0d0a3c2f6469763e, 4, 4, 1, 18, 1, 0, 0),
(555, 'Zilia 50 cl', 0x3c703e266e6273703b3c2f703e0d0a3c64697620636c6173733d227061676522207469746c653d22506167652032223e0d0a3c64697620636c6173733d226c61796f757441726561223e0d0a3c64697620636c6173733d22636f6c756d6e223e0d0a3c703e3c7370616e207374796c653d22666f6e742d73697a653a2031372e30303030303070743b20666f6e742d66616d696c793a202743686170617272616c50726f273b223e5a696c6961203c2f7370616e3e3c7370616e207374796c653d22666f6e742d73697a653a2031342e30303030303070743b20666f6e742d66616d696c793a202743616c69627269273b20666f6e742d7374796c653a206974616c69633b223e353020636c203c2f7370616e3e3c2f703e0d0a3c2f6469763e0d0a3c2f6469763e0d0a3c2f6469763e, 5, 4, 1, 18, 1, 0, 0),
(554, 'Orezza 50 cl', 0x3c703e266e6273703b3c2f703e0d0a3c64697620636c6173733d227061676522207469746c653d22506167652032223e0d0a3c64697620636c6173733d226c61796f757441726561223e0d0a3c64697620636c6173733d22636f6c756d6e223e0d0a3c703e3c7370616e207374796c653d22666f6e742d73697a653a2031372e30303030303070743b20666f6e742d66616d696c793a202743686170617272616c50726f273b223e4f72657a7a61203c2f7370616e3e3c7370616e207374796c653d22666f6e742d73697a653a2031342e30303030303070743b20666f6e742d66616d696c793a202743616c69627269273b20666f6e742d7374796c653a206974616c69633b223e353020636c203c2f7370616e3e3c2f703e0d0a3c2f6469763e0d0a3c2f6469763e0d0a3c2f6469763e, 5, 4, 1, 18, 1, 0, 0),
(553, 'Jus de fruit Joker 20 cl', 0x3c703e266e6273703b3c2f703e0d0a3c64697620636c6173733d227061676522207469746c653d22506167652032223e0d0a3c64697620636c6173733d226c61796f757441726561223e0d0a3c64697620636c6173733d22636f6c756d6e223e0d0a3c703e3c7370616e207374796c653d22666f6e742d73697a653a2031372e30303030303070743b20666f6e742d66616d696c793a202743686170617272616c50726f273b223e4a7573206465206672756974204a6f6b6572203c2f7370616e3e3c7370616e207374796c653d22666f6e742d73697a653a2031342e30303030303070743b20666f6e742d66616d696c793a202743616c69627269273b20666f6e742d7374796c653a206974616c69633b223e323020636c203c2f7370616e3e3c2f703e0d0a3c2f6469763e0d0a3c2f6469763e0d0a3c2f6469763e, 4, 4, 1, 18, 1, 0, 0),
(551, 'Limonade 25 cl', 0x3c703e266e6273703b3c2f703e0d0a3c64697620636c6173733d227061676522207469746c653d22506167652032223e0d0a3c64697620636c6173733d226c61796f757441726561223e0d0a3c64697620636c6173733d22636f6c756d6e223e0d0a3c703e3c7370616e207374796c653d22666f6e742d73697a653a2031372e30303030303070743b20666f6e742d66616d696c793a202743686170617272616c50726f273b223e4c696d6f6e616465203c2f7370616e3e3c7370616e207374796c653d22666f6e742d73697a653a2031342e30303030303070743b20666f6e742d66616d696c793a202743616c69627269273b20666f6e742d7374796c653a206974616c69633b223e323520636c203c2f7370616e3e3c2f703e0d0a3c2f6469763e0d0a3c2f6469763e0d0a3c2f6469763e, 4, 4, 1, 18, 1, 0, 0),
(552, 'Orangina 33 cl', 0x3c703e266e6273703b3c2f703e0d0a3c64697620636c6173733d227061676522207469746c653d22506167652032223e0d0a3c64697620636c6173733d226c61796f757441726561223e0d0a3c64697620636c6173733d22636f6c756d6e223e0d0a3c703e3c7370616e207374796c653d22666f6e742d73697a653a2031372e30303030303070743b20666f6e742d66616d696c793a202743686170617272616c50726f273b223e4f72616e67696e61203c2f7370616e3e3c7370616e207374796c653d22666f6e742d73697a653a2031342e30303030303070743b20666f6e742d66616d696c793a202743616c69627269273b20666f6e742d7374796c653a206974616c69633b223e333320636c203c2f7370616e3e3c2f703e0d0a3c2f6469763e0d0a3c2f6469763e0d0a3c2f6469763e, 4, 4, 1, 18, 1, 0, 0),
(550, 'Schweppes 25 cl', 0x3c703e266e6273703b3c2f703e0d0a3c64697620636c6173733d227061676522207469746c653d22506167652032223e0d0a3c64697620636c6173733d226c61796f757441726561223e0d0a3c64697620636c6173733d22636f6c756d6e223e0d0a3c703e3c7370616e207374796c653d22666f6e742d73697a653a2031372e30303030303070743b20666f6e742d66616d696c793a202743686170617272616c50726f273b223e536368776570706573203c2f7370616e3e3c7370616e207374796c653d22666f6e742d73697a653a2031342e30303030303070743b20666f6e742d66616d696c793a202743616c69627269273b20666f6e742d7374796c653a206974616c69633b223e323520636c203c2f7370616e3e3c2f703e0d0a3c2f6469763e0d0a3c2f6469763e0d0a3c2f6469763e, 4, 4, 1, 18, 1, 0, 0),
(549, 'Coca-Cola, Light, Zéro 33 cl', 0x3c703e266e6273703b3c2f703e0d0a3c64697620636c6173733d227061676522207469746c653d22506167652032223e0d0a3c64697620636c6173733d226c61796f757441726561223e0d0a3c64697620636c6173733d22636f6c756d6e223e0d0a3c703e3c7370616e207374796c653d22666f6e742d73697a653a2031372e30303030303070743b20666f6e742d66616d696c793a202743686170617272616c50726f273b223e436f63612d436f6c612c204c696768742c205a65cc81726f203c2f7370616e3e3c7370616e207374796c653d22666f6e742d73697a653a2031342e30303030303070743b20666f6e742d66616d696c793a202743616c69627269273b20666f6e742d7374796c653a206974616c69633b223e333320636c203c2f7370616e3e3c2f703e0d0a3c2f6469763e0d0a3c2f6469763e0d0a3c2f6469763e, 4, 4, 1, 18, 1, 0, 0);
INSERT INTO `bo_menu` (`id`, `libelle`, `description`, `prix`, `typeMenu_id`, `langue_id`, `restaurant_id`, `valide`, `nbVote`, `etoiles`) VALUES
(548, 'Perrier 33 cl', 0x3c703e266e6273703b3c2f703e0d0a3c64697620636c6173733d227061676522207469746c653d22506167652032223e0d0a3c64697620636c6173733d226c61796f757441726561223e0d0a3c64697620636c6173733d22636f6c756d6e223e0d0a3c703e3c7370616e207374796c653d22666f6e742d73697a653a2031372e30303030303070743b20666f6e742d66616d696c793a202743686170617272616c50726f273b223e50657272696572203c2f7370616e3e3c7370616e207374796c653d22666f6e742d73697a653a2031342e30303030303070743b20666f6e742d66616d696c793a202743616c69627269273b20666f6e742d7374796c653a206974616c69633b223e333320636c203c2f7370616e3e3c2f703e0d0a3c2f6469763e0d0a3c2f6469763e0d0a3c2f6469763e, 4, 4, 1, 18, 1, 0, 0),
(546, 'Johnnie Walker Gold Label', 0x3c703e266e6273703b3c2f703e0d0a3c64697620636c6173733d227061676522207469746c653d22506167652031223e0d0a3c64697620636c6173733d226c61796f757441726561223e0d0a3c64697620636c6173733d22636f6c756d6e223e0d0a3c703e3c7370616e207374796c653d22666f6e742d73697a653a2031372e30303030303070743b20666f6e742d66616d696c793a202743686170617272616c50726f273b223e4a6f686e6e69652057616c6b657220476f6c64204c6162656c203c2f7370616e3e3c2f703e0d0a3c2f6469763e0d0a3c2f6469763e0d0a3c2f6469763e, 25, 4, 1, 18, 1, 0, 0),
(547, 'Johnnie Walker Blue label', 0x3c703e266e6273703b3c2f703e0d0a3c64697620636c6173733d227061676522207469746c653d22506167652031223e0d0a3c64697620636c6173733d226c61796f757441726561223e0d0a3c64697620636c6173733d22636f6c756d6e223e0d0a3c703e3c7370616e207374796c653d22666f6e742d73697a653a2031372e30303030303070743b20666f6e742d66616d696c793a202743686170617272616c50726f273b223e4a6f686e6e69652057616c6b657220426c7565206c6162656c203c2f7370616e3e3c2f703e0d0a3c2f6469763e0d0a3c2f6469763e0d0a3c2f6469763e, 45, 4, 1, 18, 1, 0, 0),
(545, 'Lagavulin', 0x3c703e266e6273703b3c2f703e0d0a3c64697620636c6173733d227061676522207469746c653d22506167652031223e0d0a3c64697620636c6173733d226c61796f757441726561223e0d0a3c64697620636c6173733d22636f6c756d6e223e0d0a3c703e3c7370616e207374796c653d22666f6e742d73697a653a2031372e30303030303070743b20666f6e742d66616d696c793a202743686170617272616c50726f273b223e4c61676176756c696e203c2f7370616e3e3c2f703e0d0a3c2f6469763e0d0a3c2f6469763e0d0a3c2f6469763e, 20, 4, 1, 18, 1, 0, 0),
(543, 'Dalwihinnie', 0x3c703e266e6273703b3c2f703e0d0a3c64697620636c6173733d227061676522207469746c653d22506167652031223e0d0a3c64697620636c6173733d226c61796f757441726561223e0d0a3c64697620636c6173733d22636f6c756d6e223e0d0a3c703e3c7370616e207374796c653d22666f6e742d73697a653a2031372e30303030303070743b20666f6e742d66616d696c793a202743686170617272616c50726f273b223e44616c776968696e6e6965203c2f7370616e3e3c2f703e0d0a3c2f6469763e0d0a3c2f6469763e0d0a3c2f6469763e, 15, 4, 1, 18, 1, 0, 0),
(544, 'Oban', 0x3c703e266e6273703b3c2f703e0d0a3c64697620636c6173733d227061676522207469746c653d22506167652031223e0d0a3c64697620636c6173733d226c61796f757441726561223e0d0a3c64697620636c6173733d22636f6c756d6e223e0d0a3c703e3c7370616e207374796c653d22666f6e742d73697a653a2031372e30303030303070743b20666f6e742d66616d696c793a202743686170617272616c50726f273b223e4f62616e203c2f7370616e3e3c2f703e0d0a3c2f6469763e0d0a3c2f6469763e0d0a3c2f6469763e, 18, 4, 1, 18, 1, 0, 0),
(542, 'Cragganmore', 0x3c703e266e6273703b3c2f703e0d0a3c64697620636c6173733d227061676522207469746c653d22506167652031223e0d0a3c64697620636c6173733d226c61796f757441726561223e0d0a3c64697620636c6173733d22636f6c756d6e223e0d0a3c703e3c7370616e207374796c653d22666f6e742d73697a653a2031372e30303030303070743b20666f6e742d66616d696c793a202743686170617272616c50726f273b223e4372616767616e6d6f7265203c2f7370616e3e3c2f703e0d0a3c2f6469763e0d0a3c2f6469763e0d0a3c2f6469763e, 15, 4, 1, 18, 1, 0, 0),
(540, 'Talisker', 0x3c703e266e6273703b3c2f703e0d0a3c64697620636c6173733d227061676522207469746c653d22506167652031223e0d0a3c64697620636c6173733d226c61796f757441726561223e0d0a3c64697620636c6173733d22636f6c756d6e223e0d0a3c703e3c7370616e207374796c653d22666f6e742d73697a653a2031372e30303030303070743b20666f6e742d66616d696c793a202743686170617272616c50726f273b223e54616c69736b6572203c2f7370616e3e3c2f703e0d0a3c2f6469763e0d0a3c2f6469763e0d0a3c2f6469763e, 15, 4, 1, 18, 1, 0, 0),
(541, 'Glenkinchie', 0x3c703e266e6273703b3c2f703e0d0a3c64697620636c6173733d227061676522207469746c653d22506167652031223e0d0a3c64697620636c6173733d226c61796f757441726561223e0d0a3c64697620636c6173733d22636f6c756d6e223e0d0a3c703e3c7370616e207374796c653d22666f6e742d73697a653a2031372e30303030303070743b20666f6e742d66616d696c793a202743686170617272616c50726f273b223e476c656e6b696e63686965203c2f7370616e3e3c2f703e0d0a3c2f6469763e0d0a3c2f6469763e0d0a3c2f6469763e, 15, 4, 1, 18, 1, 0, 0),
(538, 'Johnnie Walker Black Label', 0x3c703e266e6273703b3c2f703e0d0a3c64697620636c6173733d227061676522207469746c653d22506167652031223e0d0a3c64697620636c6173733d226c61796f757441726561223e0d0a3c64697620636c6173733d22636f6c756d6e223e0d0a3c703e3c7370616e207374796c653d22666f6e742d73697a653a2031372e30303030303070743b20666f6e742d66616d696c793a202743686170617272616c50726f273b223e4a6f686e6e69652057616c6b657220426c61636b204c6162656c203c2f7370616e3e3c2f703e0d0a3c2f6469763e0d0a3c2f6469763e0d0a3c2f6469763e, 13, 4, 1, 18, 1, 0, 0),
(539, 'Johnnie Walker Green Label', 0x3c703e266e6273703b3c2f703e0d0a3c64697620636c6173733d227061676522207469746c653d22506167652031223e0d0a3c64697620636c6173733d226c61796f757441726561223e0d0a3c64697620636c6173733d22636f6c756d6e223e0d0a3c703e3c7370616e207374796c653d22666f6e742d73697a653a2031372e30303030303070743b20666f6e742d66616d696c793a202743686170617272616c50726f273b223e4a6f686e6e69652057616c6b657220477265656e204c6162656c203c2f7370616e3e3c2f703e0d0a3c2f6469763e0d0a3c2f6469763e0d0a3c2f6469763e, 15, 4, 1, 18, 1, 0, 0),
(536, 'J&B', 0x3c703e266e6273703b3c2f703e0d0a3c64697620636c6173733d227061676522207469746c653d22506167652031223e0d0a3c64697620636c6173733d226c61796f757441726561223e0d0a3c64697620636c6173733d22636f6c756d6e223e0d0a3c703e3c7370616e207374796c653d22666f6e742d73697a653a2031372e30303030303070743b20666f6e742d66616d696c793a202743686170617272616c50726f273b223e4a26616d703b42203c2f7370616e3e3c2f703e0d0a3c2f6469763e0d0a3c2f6469763e0d0a3c2f6469763e, 10, 4, 1, 18, 1, 0, 0),
(537, 'Johnnie Walker Red Label', 0x3c703e266e6273703b3c2f703e0d0a3c64697620636c6173733d227061676522207469746c653d22506167652031223e0d0a3c64697620636c6173733d226c61796f757441726561223e0d0a3c64697620636c6173733d22636f6c756d6e223e0d0a3c703e3c7370616e207374796c653d22666f6e742d73697a653a2031372e30303030303070743b20666f6e742d66616d696c793a202743686170617272616c50726f273b223e4a6f686e6e69652057616c6b657220526564204c6162656c203c2f7370616e3e3c2f703e0d0a3c2f6469763e0d0a3c2f6469763e0d0a3c2f6469763e, 10, 4, 1, 18, 1, 0, 0),
(535, 'Gin Tanqueray 4 cl', 0x3c703e266e6273703b3c2f703e0d0a3c64697620636c6173733d227061676522207469746c653d22506167652031223e0d0a3c64697620636c6173733d226c61796f757441726561223e0d0a3c64697620636c6173733d22636f6c756d6e223e0d0a3c703e3c7370616e207374796c653d22666f6e742d73697a653a2031372e30303030303070743b20666f6e742d66616d696c793a202743686170617272616c50726f273b223e47696e2054616e717565726179203c2f7370616e3e3c7370616e207374796c653d22666f6e742d73697a653a2031342e30303030303070743b20666f6e742d66616d696c793a202743616c69627269273b20666f6e742d7374796c653a206974616c69633b223e3420636c203c2f7370616e3e3c2f703e0d0a3c2f6469763e0d0a3c2f6469763e0d0a3c2f6469763e, 10, 4, 1, 18, 1, 0, 0),
(534, 'Martini, rouge ou blanc 4 cl', 0x3c703e266e6273703b3c2f703e0d0a3c64697620636c6173733d227061676522207469746c653d22506167652031223e0d0a3c64697620636c6173733d226c61796f757441726561223e0d0a3c64697620636c6173733d22636f6c756d6e223e0d0a3c703e3c7370616e207374796c653d22666f6e742d73697a653a2031372e30303030303070743b20666f6e742d66616d696c793a202743686170617272616c50726f273b223e4d617274696e692c20726f756765206f7520626c616e63203c2f7370616e3e3c7370616e207374796c653d22666f6e742d73697a653a2031342e30303030303070743b20666f6e742d66616d696c793a202743616c69627269273b20666f6e742d7374796c653a206974616c69633b223e3420636c203c2f7370616e3e3c2f703e0d0a3c2f6469763e0d0a3c2f6469763e0d0a3c2f6469763e, 7, 4, 1, 18, 1, 0, 0),
(531, 'Pastis 51 4 cl', 0x3c703e266e6273703b3c2f703e0d0a3c64697620636c6173733d227061676522207469746c653d22506167652031223e0d0a3c64697620636c6173733d226c61796f757441726561223e0d0a3c64697620636c6173733d22636f6c756d6e223e0d0a3c703e3c7370616e207374796c653d22666f6e742d73697a653a2031372e30303030303070743b20666f6e742d66616d696c793a202743686170617272616c50726f273b223e506173746973203531203c2f7370616e3e3c7370616e207374796c653d22666f6e742d73697a653a2031342e30303030303070743b20666f6e742d66616d696c793a202743616c69627269273b20666f6e742d7374796c653a206974616c69633b223e3420636c203c2f7370616e3e3c2f703e0d0a3c2f6469763e0d0a3c2f6469763e0d0a3c2f6469763e, 4, 4, 1, 18, 1, 0, 0),
(532, 'Kir 12 cl', 0x3c703e266e6273703b3c2f703e0d0a3c64697620636c6173733d227061676522207469746c653d22506167652031223e0d0a3c64697620636c6173733d226c61796f757441726561223e0d0a3c64697620636c6173733d22636f6c756d6e223e0d0a3c703e3c7370616e207374796c653d22666f6e742d73697a653a2031372e30303030303070743b20666f6e742d66616d696c793a202743686170617272616c50726f273b223e4b6972203c2f7370616e3e3c7370616e207374796c653d22666f6e742d73697a653a2031342e30303030303070743b20666f6e742d66616d696c793a202743616c69627269273b20666f6e742d7374796c653a206974616c69633b223e313220636c203c2f7370616e3e3c2f703e0d0a3c2f6469763e0d0a3c2f6469763e0d0a3c2f6469763e, 7, 4, 1, 18, 1, 0, 0),
(533, 'Campari 4 cl', 0x3c703e266e6273703b3c2f703e0d0a3c64697620636c6173733d227061676522207469746c653d22506167652031223e0d0a3c64697620636c6173733d226c61796f757441726561223e0d0a3c64697620636c6173733d22636f6c756d6e223e0d0a3c703e3c7370616e207374796c653d22666f6e742d73697a653a2031372e30303030303070743b20666f6e742d66616d696c793a202743686170617272616c50726f273b223e43616d70617269203c2f7370616e3e3c7370616e207374796c653d22666f6e742d73697a653a2031342e30303030303070743b20666f6e742d66616d696c793a202743616c69627269273b20666f6e742d7374796c653a206974616c69633b223e3420636c203c2f7370616e3e3c2f703e0d0a3c2f6469763e0d0a3c2f6469763e0d0a3c2f6469763e, 7, 4, 1, 18, 1, 0, 0),
(579, 'Menu test sans description', '', 12, 1, 1, 2, 1, NULL, NULL);

-- --------------------------------------------------------

--
-- Structure de la table `bo_menucommentaire`
--

CREATE TABLE IF NOT EXISTS `bo_menucommentaire` (
  `id` int(11) NOT NULL AUTO_INCREMENT,
  `commentaire` varchar(1024) NOT NULL,
  `pseudo` varchar(124) NOT NULL,
  `menu_id` int(11) NOT NULL,
  `date` datetime NOT NULL,
  `valide` int(11) NOT NULL,
  PRIMARY KEY (`id`),
  KEY `bo_menucommentaire_menu_id` (`menu_id`)
) ENGINE=MyISAM  DEFAULT CHARSET=utf8 AUTO_INCREMENT=25 ;

--
-- Contenu de la table `bo_menucommentaire`
--

INSERT INTO `bo_menucommentaire` (`id`, `commentaire`, `pseudo`, `menu_id`, `date`, `valide`) VALUES
(1, 'Ceci est un test de commentaire sur plusieurs lignes pour voir le rendu sur l''application', 'Test', 1, '2013-01-16 15:39:36', 1),
(2, 'test', '', 1, '2013-01-16 22:43:38', 1),
(3, '', '', 1, '2013-01-16 22:43:45', 1),
(4, 'sdf', '', 1, '2013-01-16 22:43:55', 1),
(5, 'test', '', 1, '2013-01-16 22:44:47', 1),
(6, '1', '', 1, '2013-01-16 22:44:55', 1),
(7, '2', '', 1, '2013-01-16 22:45:02', 1),
(8, '3', '', 1, '2013-01-16 22:45:08', 1),
(9, '4', '', 1, '2013-01-16 22:45:15', 1),
(10, '5', '', 1, '2013-01-16 22:45:20', 1),
(11, '6', '', 1, '2013-01-16 22:45:26', 1),
(12, '7', '', 1, '2013-01-16 22:45:30', 1),
(13, 'ceci est un test', '', 1, '2013-01-16 23:31:05', 1),
(14, 'ceci est un test sur plusieurs lignes pour voir le rendu sur l''iPad car c''est plus large que l''iPhone', '', 1, '2013-01-16 23:32:16', 1),
(15, '', '', 1, '2013-01-23 15:28:55', 1),
(16, '', '', 1, '2013-01-23 16:02:36', 1),
(17, 'test', '', 1, '2013-01-23 22:21:05', 1),
(18, 'test roger', '', 143, '2013-01-25 20:22:21', 1),
(19, 'test k', '', 1, '2013-01-27 21:54:29', 1),
(20, '', '', 2, '2013-01-28 11:35:54', 1),
(21, 'roger aime bien', '', 1, '2013-01-28 11:37:01', 1),
(22, 'test', '', 1, '2013-01-28 16:03:41', 1),
(23, 'bon', '', 2, '2013-01-28 16:09:21', 1),
(24, 'test Android', '', 2, '2013-01-30 23:40:30', 1);

-- --------------------------------------------------------

--
-- Structure de la table `bo_photo`
--

CREATE TABLE IF NOT EXISTS `bo_photo` (
  `id` int(11) NOT NULL AUTO_INCREMENT,
  `path` varchar(100) NOT NULL,
  `menu_id` int(11) NOT NULL,
  PRIMARY KEY (`id`),
  KEY `bo_photo_menu_id` (`menu_id`)
) ENGINE=MyISAM  DEFAULT CHARSET=latin1 AUTO_INCREMENT=207 ;

--
-- Contenu de la table `bo_photo`
--

INSERT INTO `bo_photo` (`id`, `path`, `menu_id`) VALUES
(91, 'images/20120505125343/Creme_brulee.JPG', 137),
(92, 'images/20120505125412/Foie_gras_de_canard_entier_mi_cuit_confit_doignons.JPG', 121),
(90, 'images/20120505125310/Creme_brulee_au_foie_gras_confit_doignons.JPG', 117),
(89, 'images/20120505125228/Confit_de_canard_gratin_salade.JPG', 131),
(87, 'images/20120505124957/Assiette_terroirs.JPG', 130),
(88, 'images/20120505125130/Cerviche_de_daurade_royale.JPG', 116),
(140, 'images/20120509194645/sandra.jpg', 57),
(139, 'images/20120509194623/Rosa.jpg', 63),
(138, 'images/20120509194605/Rocoeur.jpg', 36),
(137, 'images/20120509194538/Pauline.jpg', 59),
(136, 'images/20120509194522/Pat.jpg', 71),
(135, 'images/20120509194501/Parcoeur.jpg', 40),
(134, 'images/20120509194428/Nutella.jpg', 54),
(133, 'images/20120509194410/miel_citron.jpg', 52),
(132, 'images/20120509194350/Marion.jpg', 60),
(131, 'images/20120509194329/Manon.jpg', 68),
(130, 'images/20120509194253/Leo.jpg', 58),
(129, 'images/20120509194235/Lecume_des_jours.jpg', 22),
(128, 'images/20120509194210/Lattrape_coeur.jpg', 23),
(127, 'images/20120509194058/Kikou.jpg', 69),
(126, 'images/20120509194032/Julie.jpg', 61),
(125, 'images/20120509194012/Jocoeur.jpg', 31),
(124, 'images/20120509193955/Ginou.jpg', 72),
(123, 'images/20120509193933/Flin.jpg', 64),
(122, 'images/20120509193908/flambee.jpg', 56),
(121, 'images/20120509193840/creprie.jpg', 41),
(120, 'images/20120509193818/crepcoeur.jpg', 42),
(119, 'images/20120509193753/crepchic.jpg', 45),
(118, 'images/20120509193733/Coup_dcoeur.jpg', 34),
(117, 'images/20120509193651/confiture.jpg', 50),
(116, 'images/20120509193621/complete.jpg', 30),
(115, 'images/20120509193602/chocolat.jpg', 48),
(167, 'images/20120518091526/lolo.jpg', 66),
(113, 'images/20120509193501/Caipi.jpg', 65),
(112, 'images/20120509193438/Cachcoeur.jpg', 38),
(111, 'images/20120509193400/Beurre_sucre.jpg', 47),
(110, 'images/20120509193307/Au_bonheur_des_Dames.jpg', 24),
(49, 'images/20120328204104/ravioles.jpg', 2),
(50, 'images/20120328202120/Tatin_de_boudin.jpg', 3),
(51, 'images/20120328202140/Filet_de_daurade-small.jpg', 5),
(52, 'images/20120328202152/Pastrami_dinde.JPG', 6),
(53, 'images/20120328202202/salade_de_fruits.jpg', 7),
(54, 'images/20120328202215/cappuccino-champignon.jpg', 12),
(55, 'images/20120328202229/cerviche_de_daurade.jpg', 13),
(56, 'images/20120328202243/flan_de_foie_gras.jpg', 14),
(57, 'images/20120328202253/assiette-de-charcuterie.jpg', 15),
(58, 'images/20120328202327/Pastrami_dinde.JPG', 16),
(59, 'images/20120328202339/salade_de_fruits.jpg', 7),
(60, 'images/20120328202417/Terrine_de_campagne.JPG', 17),
(61, 'images/20120328202433/foie-gras-poele-et-mi-cuit.jpg', 18),
(62, 'images/20120328202451/Poireaux_vinaigrette.JPG', 19),
(63, 'images/20120328202533/salade_de_fruits.jpg', 164),
(64, 'images/20120328202545/gateau_au_chocolat_et_beurre_sale.jpg', 163),
(65, 'images/20120328202557/Cheesecake.jpg', 162),
(66, 'images/20120328202608/Mont_blanc.jpg', 161),
(67, 'images/20120328202621/confit_de_canard.jpg', 160),
(68, 'images/20120328202636/Coeur_filet_de_boeuf.jpg', 159),
(69, 'images/20120328202652/Salade_poulet.jpg', 158),
(70, 'images/20120328202705/Pastrami_dinde.JPG', 157),
(71, 'images/20120328202721/Filet_de_daurade-small.jpg', 156),
(72, 'images/20120328202734/Tatin_de_boudin.jpg', 155),
(73, 'images/20120328202746/ravioles.jpg', 154),
(74, 'images/20120328202757/risotto-cremeux-champignons.jpeg', 153),
(75, 'images/20120328202812/Poireaux_vinaigrette.JPG', 152),
(76, 'images/20120328202828/foie-gras-poele-et-mi-cuit.jpg', 151),
(77, 'images/20120328202843/Terrine_de_campagne.JPG', 150),
(78, 'images/20120328202855/Pastrami_dinde.JPG', 149),
(79, 'images/20120328202910/assiette-de-charcuterie.jpg', 148),
(80, 'images/20120328202929/flan_de_foie_gras.jpg', 147),
(81, 'images/20120328202942/cerviche_de_daurade.jpg', 146),
(82, 'images/20120328202955/cappuccino-champignon.jpg', 145),
(83, 'images/20120328203545/cappuccino-champignon.jpg', 12),
(84, 'images/20120328203737/Coeur_filet_de_boeuf.jpg', 113),
(104, 'images/20120505131345/Pastrami_dinde_fumee_.JPG', 127),
(93, 'images/20120505125518/Poireaux_vinaigrette.JPG', 122),
(95, 'images/20120505125610/Ravioles_aux_fromage_creme_ciboulette_pistou_et_parmesan.JPG', 124),
(96, 'images/20130225101720/RisottoCantine.JPG', 123),
(206, 'images/20130225102137/RisottoCantine.JPG', 1),
(97, 'images/20120505125731/Salade_de_la_Cantine.JPG', 128),
(98, 'images/20120505125800/Tarin_de_boudin_noir_aux_pommes_caramelisees.JPG', 125),
(103, 'images/20120505131127/Tartare_de_boeuf.JPG', 129),
(100, 'images/20120505125901/Tartare_de_saumon_concombre_et_chevre_frais_salade.JPG', 126),
(101, 'images/20120505125955/Terrine_de_campagne.JPG', 120),
(105, 'images/20120505212608/Cheese_cake.JPG', 135),
(106, 'images/20120505212632/Fraises_et_Framboises2.JPG', 138),
(107, 'images/20120505212742/Gateau_au_chocolat_au_beurre_sale.JPG', 136),
(108, 'images/20120505212813/Panacotta_vanille.JPG', 134),
(109, 'images/20120505213607/Soupe_de_mangue.JPG', 140),
(143, 'images/20120514145250/EscargotBourgogne.jpg', 256),
(142, 'images/20120509194727/Vaincoeur.jpg', 35),
(144, 'images/20120514145317/entrecote-grillee.jpg', 260),
(145, 'images/20120514145345/tarte_fruits_rouges.jpg', 269),
(146, 'images/20120514150937/auberginesricotta.jpg', 281),
(147, 'images/20120514151017/cheeseburger.jpg', 287),
(148, 'images/20120514173623/Salade_Verte.jpg', 166),
(149, 'images/20120514173717/entrecote-grillee.jpg', 176),
(150, 'images/20120514173747/plateaufromage.jpg', 187),
(151, 'images/20120515191013/soupe.jpg', 197),
(152, 'images/20120515191028/cheeseburger.jpg', 208),
(153, 'images/20120515191054/plateaufromage.jpg', 228),
(154, 'images/20120518085339/Arnacoeur.jpg', 37),
(155, 'images/20120518085355/BriseCoeur.jpg', 39),
(156, 'images/20120518085436/Caramel.jpg', 55),
(157, 'images/20120518085508/Chocolat.jpg', 48),
(158, 'images/20120518085524/Crep_chignon.jpg', 44),
(159, 'images/20120518085536/CrevCoeur.jpg', 32),
(160, 'images/20120518085607/Glaces.jpg', 75),
(161, 'images/20120518085635/JetandCO.jpg', 67),
(162, 'images/20120518085652/Julie.jpg', 61),
(163, 'images/20120518085711/La_vie_devant_soi.jpg', 21),
(164, 'images/20120518085727/Le_petit_prince.jpg', 25),
(165, 'images/20120518085739/Les_Hauts_du_hurlevent.jpg', 27),
(166, 'images/20120518085808/Maeva.jpg', 70),
(168, 'images/20120518091928/Tous_les_hommes.1.jpg', 26),
(169, 'images/20120716183801/assiette-de-charcuterie.jpg', 341),
(170, 'images/20120716183932/Terrine-de-foie-gras-small.jpg', 342),
(171, 'images/20120716184037/asperges-blanches.jpg', 343),
(172, 'images/20120716184039/asperges-blanches.jpg', 343),
(173, 'images/20120716184040/asperges-blanches.jpg', 343),
(174, 'images/20120716184439/emince_de_thon.JPG', 344),
(175, 'images/20120716184627/Chiffonade_Jambon.jpg', 345),
(176, 'images/20120716184650/gratin_de_macaroni.jpg', 351),
(177, 'images/20120716184957/gratin_de_macarono_jambon.jpg', 352),
(178, 'images/20120716184958/gratin_de_macarono_jambon.jpg', 352),
(179, 'images/20120716184959/gratin_de_macarono_jambon.jpg', 352),
(180, 'images/20120716185025/Tartare_de_boeuf-small.JPG', 353),
(181, 'images/20120716185200/Steak_hache.jpg', 354),
(182, 'images/20120716185202/Steak_hache.jpg', 354),
(183, 'images/20120716185204/Steak_hache.jpg', 354),
(184, 'images/20120716185407/caviardeboeuf.jpg', 355),
(185, 'images/20120716185458/Brie_de_Meaux.jpg', 358),
(186, 'images/20120716185526/plateaufromage.jpg', 359),
(187, 'images/20120716185842/nougat-glace-0.jpg', 360),
(188, 'images/20120716185907/Gateau_au_chocolat_au_beurre_sale.JPG', 362),
(189, 'images/20120716190018/tatin_mangue.JPG', 363),
(190, 'images/20120716200558/salade-de-tomates.jpg', 167),
(191, 'images/20120716200703/tomatesMozzarella.jpg', 168),
(192, 'images/20120716200813/OeufsMayo.jpg', 169),
(193, 'images/20120716200830/Terrine_de_campagne-small.JPG', 170),
(194, 'images/20120716200931/rillettes.jpg', 171),
(195, 'images/20120716201033/fauxFilet.jpg', 176),
(196, 'images/20120716201139/faux-filet-sauce_poivre.jpg', 178),
(197, 'images/20120716201158/Tartare_de_boeuf-small.JPG', 179),
(198, 'images/20120716201220/faux-filet-sauce_poivre.jpg', 180),
(199, 'images/20120716201404/PaveBearnaise.jpg', 181),
(200, 'images/20120716201521/HamburgerOeufaCheval.jpeg', 182),
(201, 'images/20120716201635/camembert.jpg', 187),
(202, 'images/20120716201727/plateaufromage.jpg', 188),
(203, 'images/20120716201750/plateaufromage.jpg', 189),
(204, 'images/20120716201810/tarte_fruits_rouges.jpg', 190),
(205, 'images/20120716201837/Creme_brulee-small.JPG', 191);

-- --------------------------------------------------------

--
-- Structure de la table `bo_photorestaurant`
--

CREATE TABLE IF NOT EXISTS `bo_photorestaurant` (
  `id` int(11) NOT NULL AUTO_INCREMENT,
  `path` varchar(100) NOT NULL,
  `restaurant_id` int(11) NOT NULL,
  PRIMARY KEY (`id`),
  KEY `bo_photorestaurant_restaurant_id` (`restaurant_id`)
) ENGINE=MyISAM  DEFAULT CHARSET=utf8 AUTO_INCREMENT=3 ;

--
-- Contenu de la table `bo_photorestaurant`
--

INSERT INTO `bo_photorestaurant` (`id`, `path`, `restaurant_id`) VALUES
(1, 'photos/20130115163949/iOS_Simulator_Screen_shot_15_janv._2013_16.31.48.png', 2),
(2, 'photos/20130115164018/iOS_Simulator_Screen_shot_15_janv._2013_16.31.50.png', 2);

-- --------------------------------------------------------

--
-- Structure de la table `bo_pub`
--

CREATE TABLE IF NOT EXISTS `bo_pub` (
  `id` int(11) NOT NULL AUTO_INCREMENT,
  `titre` varchar(255) NOT NULL,
  `description` longtext NOT NULL,
  `image` varchar(100) NOT NULL,
  PRIMARY KEY (`id`)
) ENGINE=MyISAM  DEFAULT CHARSET=utf8 AUTO_INCREMENT=13 ;

--
-- Contenu de la table `bo_pub`
--

INSERT INTO `bo_pub` (`id`, `titre`, `description`, `image`) VALUES
(1, 'Page d''informations...', '<p><span style="color: #ffffff;"><strong>Cette page peut &ecirc;tre mise &agrave; jour r&eacute;guli&egrave;rement. Elle permet de pr&eacute;senter les nouveaut&eacute;s, les &eacute;v&eacute;nements, etc...<br /></strong></span></p>', 'images/20120418153010/apple_logo_eclipse_iphone.jpg'),
(2, 'La Jolie Bohème', '<p><strong>Chaque vendredi soir, soir&eacute;e musique artistes et voyance Jolie Boheme.</strong></p>\r\n<p><strong>Venez nombreux....</strong></p>', 'images/20120527180810/LaJolieBohemepub.jpg'),
(3, 'Le Vigny', '<p><span style="color: #ffffff;"><strong>Bienvenue &agrave; l''&eacute;quipe de TNT MEDIA...<br /></strong></span></p>', 'images/20120527180425/LeVignyPub.jpg'),
(4, 'La Cantine de Quentin', '<p><span style="color: #ccffff;"><strong><span style="color: #ffffff;">&nbsp;</span></strong><span style="color: #ffffff;">Vendredi 1er Juin, soir&eacute;e priv&eacute;e. Menu autour du Champagne &agrave; 32&euro; &agrave; la Cantine de Quentin.</span></span><span style="color: #ffffff;"> </span></p>\r\n<p><span style="color: #ffffff;"><br /></span></p>\r\n<p><span style="color: #ffffff;"><br /></span></p>\r\n<p><span style="color: #ffffff;"><br /></span></p>\r\n<p><span style="color: #ffffff;">Amuse Bouche : Gel&eacute;e au Champagne de l&eacute;gumes et queues d''&eacute;crevisses <br />Entr&eacute;e : Huitres gratin&eacute;es aux herbes fraiches et Champagne <br />Plat : Noix de St. Jacques r&ocirc;ties au Champagne et duxelle de champignons <br />Dessert : Sbayon aux framboises et Champagne</span></p>\r\n<ul>\r\n</ul>\r\n<p><span style="color: #ccffff;"><span style="color: #ffffff;">R&eacute;servez vite !!!!</span><strong><span style="color: #333333;"><br /></span></strong></span></p>', 'images/20120529233141/LaCantinePub2.jpg'),
(5, 'Amour de Burger', '<p><span style="color: #888888;">France Frais</span></p>', 'images/20130225095728/AmourDeBurgerPub.jpg'),
(9, 'Le Marigny', '<p><span style="color: #ffffff;">Le Marigny vous accueille</span></p>', 'images/20120528164350/LeMarignyPub.jpg'),
(7, 'Nanashi', '<p><span style="color: #ffffff;">Nanashi vous accueille pour son brunch tous les dimanches</span></p>', 'images/20120528164006/NanashiPub.jpg'),
(8, 'Le Petit Poucet', '<p><span style="color: #888888;"><span style="color: #ffffff;">Bienvenue &agrave; toute l''&eacute;quipe de <strong>TNT m&eacute;dia</strong>....</span><br /></span></p>', 'images/20120528164158/LePetitPoucetPub.jpg'),
(10, 'Le Gabin', '<p><span style="color: #ffffff;">Le Gabin vous accueille</span></p>', 'images/20120528164427/LeGabintPub.jpg'),
(11, 'Casa Lola', '<p><span style="color: #ffffff;">Casa Lola vous accueille</span></p>', 'images/20120528164605/CasaLola.jpg'),
(12, 'Hotel du Nord', '<p><span style="color: #ffffff;">L''Hotel du Nord vous accueille</span></p>', 'images/20120528171509/HotelDuNordPub.jpg');

-- --------------------------------------------------------

--
-- Structure de la table `bo_pushrestaurant`
--

CREATE TABLE IF NOT EXISTS `bo_pushrestaurant` (
  `id` int(11) NOT NULL AUTO_INCREMENT,
  `restaurant_id` int(11) NOT NULL,
  `message` varchar(140) NOT NULL,
  `dateEnvoi` datetime NOT NULL,
  `envoye` tinyint(1) NOT NULL,
  `dateupdate` datetime NOT NULL,
  PRIMARY KEY (`id`),
  KEY `bo_pushrestaurant_restaurant_id` (`restaurant_id`)
) ENGINE=MyISAM  DEFAULT CHARSET=utf8 AUTO_INCREMENT=4 ;

--
-- Contenu de la table `bo_pushrestaurant`
--

INSERT INTO `bo_pushrestaurant` (`id`, `restaurant_id`, `message`, `dateEnvoi`, `envoye`, `dateupdate`) VALUES
(2, 2, 'Ceci est un message de test', '2013-02-22 12:01:22', 1, '2013-02-22 12:01:24'),
(3, 2, '2e test pour voir si le push marche bien', '2013-02-22 17:14:22', 1, '2013-02-22 17:14:23');

-- --------------------------------------------------------

--
-- Structure de la table `bo_reservation`
--

CREATE TABLE IF NOT EXISTS `bo_reservation` (
  `id` int(11) NOT NULL AUTO_INCREMENT,
  `nom` varchar(45) NOT NULL,
  `prenom` varchar(45) NOT NULL,
  `telephone` varchar(45) NOT NULL,
  `email` varchar(45) NOT NULL,
  `commentaires` longtext NOT NULL,
  `date` date NOT NULL,
  `heure` time NOT NULL,
  `nombrePersonnes` int(11) NOT NULL,
  `restaurant_id` int(11) NOT NULL,
  PRIMARY KEY (`id`),
  KEY `bo_reservation_restaurant_id` (`restaurant_id`)
) ENGINE=MyISAM  DEFAULT CHARSET=utf8 AUTO_INCREMENT=72 ;

--
-- Contenu de la table `bo_reservation`
--

INSERT INTO `bo_reservation` (`id`, `nom`, `prenom`, `telephone`, `email`, `commentaires`, `date`, `heure`, `nombrePersonnes`, `restaurant_id`) VALUES
(8, 'test', 'test', '0000000000', '', '\nTest', '2012-02-09', '22:25:00', 1, 2),
(7, 'test', 'test', '0000000000', '', '\nTest', '2012-02-09', '22:11:00', 1, 2),
(6, 'surbier', 'christophe', '0678033178', '', 'Ceci est mon commentaire', '2012-02-06', '17:05:00', 4, 2),
(9, 'test', 'test', '0000000000', '', '\nTest', '2012-02-13', '20:27:00', 1, 2),
(10, 'test', 'test', '0000000000', '', '\nTest', '2012-02-13', '20:38:00', 1, 2),
(11, 'text', 'test', '0000000000', '', 'Test\n', '2012-02-14', '10:57:00', 1, 2),
(12, 'titi', 'toto', '0613795555', '', '', '2012-02-20', '11:20:00', 1, 2),
(13, 'titi', 'toto', '0613131313', '', '', '2012-02-20', '11:20:00', 1, 2),
(14, 'farache', 'roger', '0609306393', '', 'Test commentaires', '2012-02-20', '20:05:00', 2, 2),
(15, 'farache', 'roger22', '0609306393', '', 'Test commentaires', '2012-02-20', '20:00:00', 3, 2),
(16, 'farache', 'roger22', '0609306355', '', '(null)', '2012-02-20', '21:45:00', 1, 2),
(24, 'farache', 'roger22', '0609306355', '', '(null)', '2012-02-21', '17:50:00', 1, 2),
(23, 'surbier', 'christophe', '0678033178', '', 'Essai push', '2012-02-21', '10:26:00', 1, 2),
(22, 'farache', 'roger22', '0609306355', '', '(null)', '2012-02-21', '08:45:00', 1, 2),
(21, 'farache', 'roger22', '0609306355', '', '(null)', '2012-02-20', '22:35:00', 1, 2),
(25, 'farache', 'roger22', '0609306355', '', '', '2012-02-21', '18:30:00', 1, 2),
(26, 'farache', 'roger22', '0609306393', '', '', '2012-02-21', '18:30:00', 2, 2),
(27, 'farache', 'roger22', '0609306393', '', '(null)', '2012-02-21', '19:55:00', 1, 2),
(28, 'test', 'test', '0600000000', '', 'Tests', '2012-02-22', '10:55:00', 1, 2),
(29, 'surbier', 'christophe', '0678033178', '', 'Essai sms', '2012-02-22', '19:55:00', 1, 2),
(30, 'far1', 'rog1', '0609306355', '', '', '2012-02-24', '19:10:00', 2, 2),
(31, 'far1', 'rog1', '0609306355', '', '', '2012-02-24', '20:00:00', 1, 2),
(32, 'far1', 'rog1', '0609306355', '', '', '2012-02-24', '20:05:00', 1, 2),
(33, 'test', 'test', '0600000000', '', 'Test', '2012-02-24', '20:35:00', 1, 2),
(34, 'far1', 'rog1', '0609306311', '', 'Commen', '2012-02-26', '17:25:00', 2, 2),
(35, 'far1', 'rog1', '0609306311', '', '', '2012-02-26', '17:55:00', 1, 2),
(36, 'far1', 'rog1', '0609306311', '', '', '2012-02-26', '17:55:00', 1, 2),
(37, 'surbier', 'christophe', '0678033178', '', 'Essai', '2012-02-28', '16:59:00', 2, 2),
(38, 'far1', 'rog1', '0609306311', '', '', '2012-02-27', '17:10:00', 1, 2),
(39, 'far1', 'rog1', '0609306311', '', '', '2012-02-27', '17:20:00', 1, 2),
(40, 'far1', 'rog1', '0609306311', '', '', '2012-02-27', '17:25:00', 1, 2),
(41, 'far1', 'rog1', '0609306311', '', '', '2012-02-29', '09:35:00', 2, 2),
(42, 'far1', 'rog1', '0609306311', '', '', '2012-02-28', '09:45:00', 1, 2),
(43, 'faracheipad', 'rogeripad', '0609306393', '', 'Commipad', '2012-02-28', '13:35:00', 4, 2),
(44, 'tedt', 'yedt', '060000000000', '', '', '2012-02-28', '16:26:00', 1, 2),
(45, 'Farache', 'Roger', '0609306388', '', 'Commentaires reserver ipad', '2012-03-02', '11:16:00', 3, 2),
(46, 'Farache', 'Roger', '0609306388', '', '', '2012-03-01', '11:21:00', 1, 2),
(47, 'Farache', 'Roger', '0609306388', '', '', '2012-03-01', '16:48:00', 1, 2),
(48, 'Farache', 'Roger', '0609306388', '', '', '2012-03-01', '16:52:00', 1, 2),
(49, 'farac', 'roger', '0609306399', '', '', '2012-03-01', '17:05:00', 1, 2),
(50, 'farac', 'roger', '0609306399', '', '', '2012-03-01', '17:05:00', 1, 2),
(51, 'farac', 'roger', '0609306399', '', '', '2012-03-01', '17:05:00', 1, 2),
(52, 'test', 'test', '0600000000', '', '\nTest', '2012-03-01', '20:05:00', 1, 2),
(53, 'test', 'test', '0600000000', '', '', '2012-03-01', '20:05:00', 1, 2),
(54, 'test', 'test', '0600000000', '', '', '2012-03-01', '20:17:00', 1, 2),
(55, 'test', 'test', '0600000000', '', '', '2012-03-01', '20:17:00', 1, 2),
(56, 'farache', 'roger', '0612345678', '', '', '2012-03-03', '10:29:00', 1, 2),
(57, 'farache', 'roger', '0612345678', '', '', '2012-03-04', '18:53:00', 11, 2),
(58, 'guguguug', 'essai', '0678033178', '', 'Hhh', '2012-03-06', '16:30:00', 1, 4),
(59, 'guguguug', 'essai', '0678033178', '', 'Hhh', '2012-03-06', '16:30:00', 1, 4),
(60, 'guguguug', 'essai', '0678033178', '', 'Hhh', '2012-03-06', '16:30:00', 1, 4),
(61, 'guguguug', 'essai', '0678033178', '', 'Hhh', '2012-03-06', '16:30:00', 1, 4),
(62, 'guguguug', 'essai', '0678033178', '', 'Hhh', '2012-03-06', '16:30:00', 1, 4),
(63, 'surbier', 'christophe', '0678033178', '', 'Essai	', '2012-02-22', '22:27:00', 2, 4),
(64, 'surbier', 'christophe', '0678033178', '', 'Essai	', '2012-02-22', '22:27:00', 2, 4),
(65, 'surbier', 'christophe', '0678033178', '', 'Essai	', '2012-02-22', '22:27:00', 2, 4),
(66, 'surbier', 'christophe', '0678033178', '', 'Essai	', '2012-02-22', '22:27:00', 2, 4),
(67, 'surbier', 'christophe', '0678033178', '', 'Essai	', '2012-02-22', '22:27:00', 2, 4),
(68, 'surbier', 'christophe', '0678033178', '', 'Essai	', '2012-02-22', '22:27:00', 2, 4),
(69, 'fischetti', 'celine', '0952799686', '', '', '2012-04-10', '15:30:00', 25, 4),
(70, 'test', 'test', '0800000000', '', 'Test', '2012-05-10', '11:10:00', 1, 2),
(71, 'yrdy', 'yrdy', '0101010101', '', '', '2012-05-10', '11:23:00', 1, 2);

-- --------------------------------------------------------

--
-- Structure de la table `bo_restaurant`
--

CREATE TABLE IF NOT EXISTS `bo_restaurant` (
  `id` int(11) NOT NULL AUTO_INCREMENT,
  `nom` varchar(255) NOT NULL,
  `titreDescription` varchar(255) NOT NULL,
  `texteDescription` longtext NOT NULL,
  `adresse` varchar(255) NOT NULL,
  `codePostal` varchar(45) NOT NULL,
  `ville` varchar(45) NOT NULL,
  `email` varchar(45) DEFAULT NULL,
  `telephone` varchar(45) NOT NULL,
  `fax` varchar(45) DEFAULT NULL,
  `latitude` double DEFAULT NULL,
  `longitude` double DEFAULT NULL,
  `reservationPossible` tinyint(1) NOT NULL,
  `aEmporterPossible` tinyint(1) NOT NULL,
  `livraisonPossible` tinyint(1) NOT NULL,
  `offrePromo` tinyint(1) NOT NULL,
  `livreOr` tinyint(1) NOT NULL,
  `valide` tinyint(1) NOT NULL,
  `telephoneSMS` varchar(15) NOT NULL,
  `fraisLivraison` float NOT NULL,
  `theme_id` int(11) NOT NULL,
  `iconeRestaurant` varchar(255) NOT NULL,
  `pubActive` tinyint(1) NOT NULL DEFAULT '0',
  `pub_id` int(11) DEFAULT NULL,
  `lienTelechargement` varchar(100) DEFAULT NULL,
  `miniDescription` varchar(1024) DEFAULT NULL,
  `horaires` varchar(2055) DEFAULT NULL,
  `avecPush` tinyint(4) NOT NULL,
  `pushCertificatDev` varchar(512) DEFAULT NULL,
  `pushCertificatProd` varchar(512) DEFAULT NULL,
  `facebookUrl` varchar(128) DEFAULT NULL,
  `facebookImageUrl` varchar(128) DEFAULT NULL,
  `facebookTitle` varchar(128) DEFAULT NULL,
  `facebookDescription` varchar(256) DEFAULT NULL,
  `facebookLikeUrl` varchar(128) DEFAULT NULL,
  `twitterConsumerKey` varchar(50) DEFAULT NULL,
  `twitterConsumerSecretKey` varchar(50) DEFAULT NULL,
  `twitterMessage` varchar(256) DEFAULT NULL,
  `itunesAppsId` varchar(40) DEFAULT NULL,
  PRIMARY KEY (`id`)
) ENGINE=MyISAM  DEFAULT CHARSET=utf8 AUTO_INCREMENT=19 ;

--
-- Contenu de la table `bo_restaurant`
--

INSERT INTO `bo_restaurant` (`id`, `nom`, `titreDescription`, `texteDescription`, `adresse`, `codePostal`, `ville`, `email`, `telephone`, `fax`, `latitude`, `longitude`, `reservationPossible`, `aEmporterPossible`, `livraisonPossible`, `offrePromo`, `livreOr`, `valide`, `telephoneSMS`, `fraisLivraison`, `theme_id`, `iconeRestaurant`, `pubActive`, `pub_id`, `lienTelechargement`, `miniDescription`, `horaires`, `avecPush`, `pushCertificatDev`, `pushCertificatProd`, `facebookUrl`, `facebookImageUrl`, `facebookTitle`, `facebookDescription`, `facebookLikeUrl`, `twitterConsumerKey`, `twitterConsumerSecretKey`, `twitterMessage`, `itunesAppsId`) VALUES
(1, 'Essai Christophe', 'Restaurant christophe', '<p>Texte du restaurant</p>', '43 boulevard de magenta', '75010', 'Paris', '', '', '', 48.8727331, 2.3590115, 1, 1, 1, 1, 1, 1, '', 0, 3, 'images/20120509201557/Icon-722x.png', 0, NULL, 'http://www.google.fr', 'Ceci est un petit texte de description pour tenir sur 2 lignes', 'de 10h à 12H', 0, '', '', '', '', '', '', '', '', '', '', ''),
(2, 'France Frais', 'France Frais', '<p><span class="QUQaad aza">Accueil et ambiance sympathique avec en plus un  petit salon tr&egrave;s cosy. La cuisine est raffin&eacute;e et les &eacute;tag&egrave;res de  produits vous font craquer &agrave; la fin du repas (Cassoulet, huile d''olive  au basilic, foie gras, ...). </span></p>\r\n<p><span class="QUQaad aza">Le menu est tr&egrave;s abordable, la carte aussi  et votre addition sera seulement gr&eacute;v&eacute;e par les tentations que vous  remportez chez vous.Difficile de ne pas se laisser tenter par la cave &agrave; vins.  Cette cantine deviendra la votre. Elle permet de se remonter le moral.</span></p>\r\n<p>&nbsp;</p>\r\n<p><a href="http://www.google.fr" target="_blank"><strong>www.appstaurants.com</strong></a><span style="text-decoration: underline;"><strong><br /></strong></span></p>', '18 Boulevard Suchet', '75016', 'Paris', 'rofar@mac.com', '0609306393', '', 48.8421616, 2.2927665, 1, 1, 1, 1, 1, 1, '0609306393', 10, 3, 'images/20120418153049/icone_livre_or_red.png', 1, 5, '', '', '<p><span style="color: #c0c0c0;">Ouvert de 9h &agrave; 21h tous les jours sauf le dimanche</span></p>', 1, 'certificats/CertificatesPushGranTerroirDev.pem', 'certificats/PushProdGrandTerroir.pem', 'http://www.google.fr', 'http://www.idevotion.fr/images/logoicone.png', 'Venez découvrir Appstaurants', 'Une application ConceptK', 'http://www.facebook.com/pages/iDevotion/306854456040772', 'vVLYd2BOQeumKlX1tRbyLw', 'gj5tBlxR6JstSApaWNU7RH0bNHRSfLeIK7HViLNTpc', 'Venez découvrir @Appstaurants', '515717384'),
(18, 'Le Lutin', 'Le Lutin', '<p class="MsoNormal" style="mso-margin-top-alt: auto; mso-margin-bottom-alt: auto;"><span style="font-size: 26.0pt; font-family: Times; mso-bidi-font-family: &amp;amp;quot; mso-ansi-language: EN-GB;">Le Lutin vous accueille dans une ambiance chaleureuse aux couleurs de la Corse&hellip;Laissez vous emporter par &nbsp;Ange, le ma&icirc;tre de ce lieu, qui vous contera les saveurs nouvelles dans un cadre vous faisant voyager au-del&agrave; des mers&hellip;</span></p>\r\n<p class="MsoNormal" style="mso-margin-top-alt: auto; mso-margin-bottom-alt: auto;"><span style="font-size: 26.0pt; font-family: Times; mso-bidi-font-family: &amp;amp;quot; mso-ansi-language: EN-GB;">Vous go&ucirc;terez &agrave; nos sp&eacute;cialit&eacute;s, d&eacute;gusterez nos meilleurs vins et b&eacute;n&eacute;ficierez de tarifs int&eacute;ressants&nbsp;! Que ce soit pour vos envies du midi, vos d&icirc;ners du soir ou encore vos ap&eacute;ritifs la convivialit&eacute; et la bonne humeur corse sauront vous s&eacute;duire&hellip;</span></p>', '2 bis rue Fourcroy', '75017', 'Paris', 'info@angelelutin.fr', '0147637610', '', 48.8798156, 2.2950745, 1, 0, 0, 1, 0, 1, '', 0, 4, 'images/20121212210539/Icon.png', 0, NULL, '', '', '', 0, '', '', '', '', '', '', '', '', '', '', ''),
(3, 'Crêpe Coeur', 'Crêpe Coeur', '<p><span style="font-size: 18pt;">Situ&eacute;e dans le quartier anim&eacute; des Batignolles &agrave; Paris, la nouvelle cr&ecirc;perie Cr&ecirc;pe C&oelig;ur vous ouvre ses portes et son c&oelig;ur dans une ambiance chaleureuse. Son d&eacute;cor contemporain, loin des clich&eacute;s, vous plaira par sa simplicit&eacute;.</span></p>\r\n<p><span style="font-size: 18pt;">Pour en profiter, pourquoi ne pas commencer votre repas par notre ap&eacute;ritif f&eacute;tiche : le kir breton. Tr&egrave;s vite, la carte arrive avec son tr&egrave;s grand choix de cr&ecirc;pes sal&eacute;es, de salades et de cr&ecirc;pes-salades, toutes r&eacute;alis&eacute;es &agrave; la commande et &agrave; partir de produits frais. Alors, laissez parler votre palais et vos papilles. Optez pour un des grands classiques des cr&ecirc;peries bretonnes ou une cr&eacute;ation plus originales.</span></p>\r\n<p><span style="font-size: 18pt;">Et pour accompagner votre plat, un d&eacute;licieux cidre artisanal fera des merveilles &agrave; moins que vous ne pr&eacute;f&eacute;riez l&rsquo;un des vins de notre s&eacute;lection. Place au dessert, avec, &eacute;galement, un grand choix de cr&ecirc;pes sucr&eacute;es dont la d&eacute;licieuse &laquo; Mareva &raquo;.<br /> <br /> Nouvelle adresse id&eacute;ale pour vos pauses de midi ou vos d&icirc;ners d&eacute;tendus entre amis ou en t&ecirc;te-&agrave;-t&ecirc;te, Cr&ecirc;pe C&oelig;ur vous donne rendez-vous, du mardi au samedi, de 12 h &agrave; 14 h 30 et de 19 h &agrave; 22 h 30, au 66 rue des dames.</span></p>\r\n<p><span style="font-size: 18pt;">Possibilit&eacute; de commander par t&eacute;l&eacute;phone vos cr&ecirc;pes &agrave; emporter.</span></p>', '66 Rue des dames', '75017', 'Paris', '', '0143873599', '', 48.8835611, 2.3200948, 1, 0, 0, 0, 1, 1, '', 0, 3, 'images/20120403152828/LogoCrepeCoeur.png', 0, NULL, '', '', '', 0, '', '', '', '', '', '', '', '', '', '', ''),
(4, 'La Cantine de Quentin', 'La Cantine de Quentin', '<p><span style="font-family: Helvetica; color: #0000dd; font-size: xx-large;"> <span style="color: #000000;">Du c&ocirc;t&eacute; du canal Saint-Martin, la Cantine de Quentin pr&eacute;sente une cuisine fran&ccedil;aise cr&eacute;ative et soign&eacute;e dans un cadre agr&eacute;able.On y trouve le restaurant, l''&eacute;picerie et la cave... Et on peut venir bruncher le dimanche et profiter du traiteur &agrave; domicile. Le Restaurant est ouvert du mardi au dimanche de 12H &agrave; 15H30. L''Epicerie est ouverte du mardi au demanche de 10H &agrave; 19H00.</span></span></p>', '52 rue Bichat', '75010', 'Paris', 'lacantinedequentin@hotmail.fr', '0142024032', '', 48.8739871, 2.3638066, 1, 0, 0, 1, 1, 1, '', 0, 3, 'images/20120410154628/IconeRound57X57.jpg', 0, 4, '', '', '', 0, '', '', '', '', '', '', '', '', '', '', ''),
(5, 'Le Grand Restaurant', 'Le Grand Restaurant', '<p>&nbsp;</p>\r\n<h1>Le Grand Restaurant propose un cuisine raffin&eacute;e dans un cadre particuli&egrave;rement agr&eacute;able.</h1>', '52 rue Bichat', '75010', 'Paris', 'test@appstaurants.com', '0609306393', '', 48.8739871, 2.3638066, 1, 1, 1, 1, 1, 1, '0609306393', 15, 3, 'images/20120406135631/Icon2x.png', 0, NULL, '', '', '', 0, '', '', '', '', '', '', '', '', '', '', ''),
(7, 'Le Vigny', 'Le Vigny', '<p><span style="font-family: Helvetica; color: #0000dd; font-size: xx-large;"><span style="color: #000000;">Situ&eacute;e boulevard de Courcelles, face au Parc Monceau, cette brasserie b&eacute;n&eacute;ficie d''une situation exceptionnelle dans un quartier tr&egrave;s agr&eacute;able. Une terrasse vous permettra de d&eacute;guster ses salades compos&eacute;es ou ses Croques au pain de campagne &agrave; l''exterieur. Ouvert du lundi au samedi.</span></span></p>', '88 boulevard de Courcelles', '75017', 'paris', '', '01 47 63 09 56', '', 48.8812146, 2.3154142, 1, 1, 0, 1, 1, 1, '', 0, 3, 'images/20120506215741/LeVignyIcone.jpg', 1, 3, '', '', '', 0, '', '', '', '', '', '', '', '', '', '', ''),
(8, 'Amour de Burger', 'Amour de Burger', '<p class="MsoNormal"><span style="font-size: 18pt; font-family: Calibri; color: #262626;">Ouvert le midi de 12h &agrave; 15h du lundi au samedi. Le soir les mardis, mercredis, jeudis et samedi 19h a 22h30</span></p>\r\n<p class="MsoNormal">&nbsp;</p>\r\n<p class="MsoNormal"><strong><span style="font-size: 18pt; font-family: Calibri; color: #262626;">Description&nbsp;:</span></strong><span style="font-size: 18pt; font-family: Calibri; color: #262626;">&nbsp;</span></p>\r\n<p class="MsoNormal"><span style="font-size: 18pt; font-family: Calibri; color: #262626;">BURGER MAISON : VIANDE DE SALERS, PAIN DU BOULANGER servie avec des pommes de terre saut&eacute;es dans la graisse d''oie</span></p>\r\n<p class="MsoNormal" style="margin-bottom: 12pt; text-align: justify;">&nbsp;</p>\r\n<p class="MsoNormal" style="margin-bottom: 12pt; text-align: justify;"><span style="font-size: 18pt; font-family: Calibri; color: #262626;">&nbsp;</span><strong><span style="font-size: 18pt; font-family: Calibri;">Les burgers made in France !</span></strong><span style="font-size: 18pt; font-family: Calibri;">&nbsp;</span></p>\r\n<p class="MsoNormal" style="margin-bottom: 12pt; text-align: justify;"><span style="font-size: 18pt; font-family: Calibri;">Pour &eacute;laborer un burger, nous utilisons les meilleurs produits. Notre viande d''origine 100% fran&ccedil;aise provient des &eacute;leveurs de Salers. Avec cette viande, mondialement connue pour sa qualit&eacute; gustative et des petits buns sp&eacute;cialement fabriqu&eacute;s par un artisan boulanger, vous tomberez forcement amoureux de nos burgers.</span></p>\r\n<p class="MsoNormal"><span style="font-size: 18pt; font-family: Calibri;">Nous vous proposons un produit haut de gamme &agrave; partir de 9,90 EUR seulement.</span></p>\r\n<p class="MsoNormal" style="margin-bottom: 12pt; text-align: justify;">&nbsp;</p>\r\n<p class="MsoNormal"><strong><em><span style="font-size: 18pt; font-family: &amp;amp;amp;">The burgers made in France!</span></em></strong><em><span style="font-size: 18pt; font-family: &amp;amp;amp;">&nbsp;</span></em></p>\r\n<p class="MsoNormal"><em><span style="font-size: 18pt; font-family: &amp;amp;amp;">To make our burger, we use the best products. Our meat comes from 100% French Salers breeders. With this meat, known worldwide for its quality taste and some small buns specially made by an french baker, you inevitably fall in love with our burger.</span></em></p>', '7 rue Godot de Mauroy', '75009', 'Paris', 'reservation@amourdeburger.com', '01 53 30 09 72', '', 48.870711, 2.3268806, 1, 0, 0, 1, 1, 1, '06 87 76 04 32', 0, 3, 'images/20120509211029/AmourDeBurgerIcone.jpg', 1, 5, '', '', '', 0, '', '', '', '', '', '', '', '', '', '', ''),
(13, 'Le Gabin', 'Le Gabin', '<p><span style="font-size: 20pt;">Pour un moment agr&eacute;able dans un d&eacute;cor chaleureux, le Gabin vous accueille au 25 rue Lambert, 75018 Paris.<span class="st">.</span></span><span style="font-size: 20pt;">&nbsp;</span></p>', '25 rue Lambert', '75018', 'Paris', '', '01 53 28 27 93', '', 48.841016, 2.316281, 1, 1, 1, 1, 1, 1, '', 0, 3, 'images/20120528153554/Icon2x.png', 1, 10, '', '', '', 0, '', '', '', '', '', '', '', '', '', '', ''),
(9, 'Hotel du Nord', 'Hotel du Nord', '<p><span style="font-size: 20pt;">L''H&ocirc;tel du Nord c''est avant tout l''image du cin&eacute;ma fran&ccedil;ais. Rendu c&eacute;l&egrave;bre gr&acirc;ce au film de Marcel Carn&eacute;, cet &eacute;tablissement n''a rien perdu de son charme et attire toujours autant les foules. Habitu&eacute;s, touristes ou c&eacute;l&eacute;brit&eacute;s se c&ocirc;toient dans ce restaurant &agrave; l''atmosph&egrave;re intimiste et branch&eacute;e. Au milieu de fleurs et de bougeoirs, venez d&eacute;guster un mets savoureux et profitez de la terrasse situ&eacute;e id&eacute;alement au bord du Canal Saint Martin pour boire un verre entre amis. Lieu cosmopolite &eacute;lu endroit le plus branch&eacute; du monde par le magazine am&eacute;ricain Elle en janvier 2006, c''est un incontournable pour tous ceux qui d&eacute;sirent d&eacute;couvrir le c&ocirc;t&eacute; glamour de Paris.</span></p>\r\n<p><span style="font-size: 20pt;">Ouvert du Lundi au Dimanche de&nbsp;<span> 12h &agrave; 15h et de 20h &agrave; 0h.</span></span></p>', '102 Quai de Jemmapes', '75010', 'Paris', 'info@hoteldunord.org', '0140407878', '', 48.8734727, 2.3641198, 1, 0, 0, 1, 1, 1, '', 0, 3, 'images/20120513223842/Icone117.png', 1, 12, '', '', '', 0, '', '', '', '', '', '', '', '', '', '', ''),
(10, 'La Jolie Bohème', 'La Jolie Bohème', '<p class="MsoNormal"><span style="font-size: 20pt; font-family: Times;">Cach&eacute;e au fond d&rsquo;une petite rue toute calme, &agrave; une vol&eacute;e de marches du <span>m&eacute;tro Lamarck-Caulaincourt</span>, La jolie Boh&egrave;me est une belle surprise montmartroise avec une d&eacute;co qui refl&egrave;te&nbsp;bien l&rsquo;ambiance &laquo; parisienne &raquo; propre &agrave; ce quartier. Un service sympathique, une nourriture d&eacute;licieuse et des prix abordables et un patio entour&eacute; d''une verri&egrave;re vous feront passer un excellent moment.</span></p>\r\n<p class="MsoNormal"><span style="font-size: 20pt; font-family: Times;"><br /></span></p>\r\n<p class="MsoNormal"><span style="font-size: 20pt; font-family: Times;">Ouvert 7jrs/7jrs, de 7h30 &agrave; 2h du matin&nbsp;(la cuisine ferme vers 23h).</span><span style="font-size: 20pt; font-family: Times;"><br /> <span>Brunch tous les dimanches de 10h &agrave; 15h30 </span></span><span style="font-size: 20pt; font-family: Times;">&nbsp;</span></p>\r\n<p class="MsoNormal"><span style="font-size: 20pt; font-family: Times;">Formules &agrave; 14 euros ou &agrave; 20 euros.</span><span style="font-size: 20pt; font-family: Times;">&nbsp;</span></p>', '6, rue de la Fontaine du But', '75018', 'Paris', '', '01 42 57 13 29', '', 48.8901127, 2.3388714, 1, 0, 0, 1, 1, 1, '', 0, 3, 'images/20120513225852/Icon2x.png', 1, 2, '', '', '', 0, '', '', '', '', '', '', '', '', '', '', ''),
(16, '2 Bis Café', '2 Bis Café', '<p class="MsoNormal"><span style="font-size: 22pt;">&laquo;&nbsp;<span class="spotname">2 Bis Caf&eacute;</span>&nbsp;&raquo;, une <span class="spottype">brasserie</span> situ&eacute;e au <span class="street">2 Rue des Ecoles</span> &agrave; <span class="city">Paris</span> dans le <span class="district">5&egrave;me</span> arrondissement de Paris, vous accueille du lundi au Samedi dans un cadre chaleureux. Id&eacute;al pour un moment d&eacute;contract&eacute; entre amis. Une d&eacute;cor agr&eacute;able, un acceuil sympathique et des prix corrects... What else? :-)</span><span style="font-size: 22pt;">&nbsp;</span></p>', '2 rue des ecoles', '75005', 'Paris', '', '', '', 48.847722, 2.3523443, 1, 0, 1, 1, 1, 1, '', 0, 3, 'images/20120605102221/Icon2x.png', 0, NULL, '', '', '', 0, '', '', '', '', '', '', '', '', '', '', ''),
(11, 'Le Petit Poucet', 'Le Petit Poucet', '<p><span style="font-size: 16pt;">Le Petit Poucet est une institution sur l&rsquo;Ile de la Jatte. Dans ce b&acirc;timent de style californien, une belle chemin&eacute;e et le bois exotique conf&egrave;rent &agrave; l&rsquo;endroit une ambiance ensoleill&eacute;e et contemporaine. On regarde couler la Seine dans une ambiance de vacances sur de vastes terrasses abrit&eacute;es, chauff&eacute;es l&rsquo;hiver.</span></p>\r\n<p><span style="font-size: 16pt;">Le dimanche, les enfants sont rois. Pendant que les petits sont occup&eacute;s avec le magicien du Petit Poucet, les parents savourent le calme d&rsquo;un d&eacute;jeuner au bord de l&rsquo;eau. </span></p>\r\n<p><span style="font-size: 16pt;">La cuisine fran&ccedil;aise contemporaine &eacute;labor&eacute;e par le chef C&eacute;dric Poncet avec les produits du march&eacute; est servie par un personnel attentionn&eacute;. Une formule avec plusieurs choix &agrave; des prix attractifs est renouvel&eacute;e chaque semaine.</span></p>\r\n<p><span style="font-size: 16pt;">Pour vous faciliter l&rsquo;acc&egrave;s, un service de voiturier est &agrave; votre disposition.</span></p>\r\n<p><span style="font-size: 16pt;">Nous sommes ouverts tous les jours de 12h &agrave; 14h30 et de 19h30 &agrave; 22h30. En dehors de ces horaires, n&rsquo;h&eacute;sitez pas &agrave; nous contacter.</span></p>', 'Ile de la Jatte - 4 Rond-point Claude Monet', '92300', 'Levallois-Perret', 'info@le-petitpoucet.net ', '01 47 38 61 85', '', 48.8975776, 2.2726068, 1, 1, 0, 1, 1, 1, '', 0, 3, 'images/20120517202858/Icon.png', 1, 8, '', '', '', 0, '', '', '', '', '', '', '', '', '', '', ''),
(12, 'Casa Lola', 'Casa Lola', '<p>&nbsp;</p>\r\n<p class="MsoNormal"><span style="font-size: 20pt;">Install&eacute;e au pied de Montmartre, La Casa Lola vous accueille chaleureusement dans un d&eacute;cor tendance et contemporain.<span> Un parquet marron fonc&eacute; au sol, des rideaux marron/noir, de grandes ardoises affichant le menu, des miroirs rectangulaires aux murs et de grands cubes suspendus au plafond en guise d&rsquo;abat-jours. Vous pouvez profiter de la terrasse durant l''&eacute;t&eacute;.</span></span></p>\r\n<p>&nbsp;</p>\r\n<p class="MsoNormal"><span style="font-size: 20pt;">C&ocirc;t&eacute; cuisine, vous y d&eacute;couvrirez des plats qui s&rsquo;inspirent de diff&eacute;rentes saveurs du monde&nbsp;: tapas, tians, assiettes orientales, salades, p&acirc;tes et tartares. </span></p>\r\n<p class="MsoNormal"><span style="font-size: 20pt;">&nbsp;</span></p>\r\n<p class="MsoNormal"><span style="font-size: 20pt;">Brunch le week-end, servi entre 11 et 16h.</span></p>\r\n<p><span>&nbsp;</span></p>', '12 rue Francoeur', '75018', 'Paris', 'contact@casa-lola.fr', '01 42 55 42 41', '', 48.890212, 2.3422057, 1, 1, 1, 1, 1, 1, '', 0, 3, 'images/20120518153941/CasaLolaIcone114.png', 1, 11, '', '', '', 0, '', '', '', '', '', '', '', '', '', '', ''),
(14, 'Le Marigny', 'Le Marigny', '<p><span style="font-size: 20pt; font-family: Arial;">Pour un moment agr&eacute;able dans une brasserie chaleureuse o&ugrave; vous croiserez une foule d''habitu&eacute;s, le Marigny vous accueille au 65 rue de Fontenay</span></p>', '65 rue de Fontenay', '94300', 'Vincennes', '', '01 43 28 07 61', '', 48.8481064, 2.4383316, 1, 1, 1, 1, 1, 1, '', 0, 3, 'images/20120528153707/Icon2x.png', 1, 9, '', '', '', 0, '', '', '', '', '', '', '', '', '', '', ''),
(15, 'Nanashi', 'Nanashi', '<p>&nbsp;</p>\r\n<p><span class="st"><span style="font-size: 20pt; font-family: Cambria;">Pour un moment agr&eacute;able dans un d&eacute;cor chaleureux, Le Nanashi vous accueille au 57 rue Charlot, Paris 3&egrave;me. </span></span></p>\r\n<p><span class="st"><span style="font-size: 20pt; font-family: Cambria;">Du Lundi au Samedi, Brunch le Dimanche</span></span></p>', '57 rue Charlot', '75003', 'Paris', '', '09 60 00 25 59', '', 48.863453, 2.3630963, 1, 1, 1, 1, 1, 1, '', 0, 3, 'images/20120528154152/Icon2x.png', 1, 7, '', '', '', 0, '', '', '', '', '', '', '', '', '', '', ''),
(17, 'Le Score', 'Le Score', '<p class="MsoNormal"><span style="font-size: 22pt;">Le Score, une <span class="spottype">brasserie</span> situ&eacute;e au 39 Boulevard du G&eacute;n&eacute;ral Gallieni</span><span style="font-size: 22pt;"> &agrave; <span class="city">Bry-sur-Marne</span>,&nbsp; vous accueille du lundi au Samedi dans un cadre chaleureux. Id&eacute;al pour un moment d&eacute;contract&eacute; entre amis. Une d&eacute;cor agr&eacute;able, un acceuil sympathique et des prix corrects... What else? :-)</span><span style="font-size: 22pt;"></span></p>', '39 Boulevard du Général Gallieni', '94360', 'Bry sur Marne', '', '', '', 0, 0, 1, 1, 0, 1, 1, 1, '', 0, 3, 'images/20120605102903/Icon2x.png', 0, NULL, '', '', '', 0, '', '', '', '', '', '', '', '', '', '', '');

-- --------------------------------------------------------

--
-- Structure de la table `bo_restaurantlangue`
--

